{"id":8888,"date":"2026-03-18T11:05:37","date_gmt":"2026-03-18T11:05:37","guid":{"rendered":"https:\/\/anythingtechnicallc.com\/?post_type=product&#038;p=8888"},"modified":"2026-03-18T14:59:53","modified_gmt":"2026-03-18T14:59:53","slug":"razer-hammerhead-true-wireless-2-generation-bluetooth-gaming-kopfhoerer-chroma-rgb-beleuchtung-60ms-low-latency-aktive-geraeuschunterdrueckung-zwei-mikrofone-mit-umgebungsgeraeuschunterdruecku","status":"publish","type":"product","link":"https:\/\/anythingtechnicallc.com\/index.php\/de\/product\/razer-hammerhead-true-wireless-2-generation-bluetooth-gaming-kopfhoerer-chroma-rgb-beleuchtung-60ms-low-latency-aktive-geraeuschunterdrueckung-zwei-mikrofone-mit-umgebungsgeraeuschunterdruecku\/","title":{"rendered":"Razer Hammerhead True Wireless (2. Generation) Bluetooth Gaming-Kopfh\u00f6rer: Chroma RGB-Beleuchtung -60ms Low-Latency- Aktive Ger\u00e4uschunterdr\u00fcckung &#8211; Zwei Mikrofone mit Umgebungsger\u00e4uschunterdr\u00fcckung- Klassisches Schwarz"},"content":{"rendered":"<p>[Galerie]<\/p>\n<p><!-- show up to 2 reviews by default -->Unser kultiges RGB-Beleuchtungssystem bietet einen Grad an Individualisierung und Unterst\u00fctzung, der nirgendwo sonst zu finden ist. Es hilft Gamern nicht nur dabei, ihr Traum-Gaming-Setup zu entwerfen, sondern steigert auch ihr Spielvergn\u00fcgen und ihre Immersion durch dynamische Lichteffekte.<\/p>\n<p>Powered by Razer Chroma RGB: Mit 16,8 Millionen Farben und einer Reihe von Effekten, aus denen Sie w\u00e4hlen k\u00f6nnen, unterstreichen Sie Ihren Stil und heben sich von der Masse ab &#8211; mit dem ultimativen kabellosen Ohrst\u00f6psel-Flex.Hinweis : Wenn die Gr\u00f6\u00dfe der Ohrst\u00f6pselaufs\u00e4tze nicht mit der Gr\u00f6\u00dfe Ihrer Geh\u00f6rg\u00e4nge \u00fcbereinstimmt oder das Headset nicht richtig in Ihren Ohren getragen wird, erhalten Sie m\u00f6glicherweise nicht die richtige Klangqualit\u00e4t oder Anrufleistung. Tauschen Sie die Ohrst\u00f6psel gegen solche aus, die besser in Ihre Ohren passen.<br \/>\nAktive Ger\u00e4uschunterdr\u00fcckung (ANC) Technologie: Ganz gleich, ob Sie zu Ihren Lieblingsbeats grooven, spielen oder einen Film ansehen &#8211; mit der aktiven Ger\u00e4uschunterdr\u00fcckung, die unerw\u00fcnschte Umgebungsger\u00e4usche erkennt und ausblendet, werden alle Ablenkungen eliminiert.<br \/>\n60 ms Latenzzeit im Gaming-Modus: Aktivieren Sie den Gaming-Modus, um die f\u00fchrende Leistung des Razer Hammerhead True Wireless beim Spielen auf Bluetooth-Ger\u00e4ten f\u00fcr ein nahtloses Erlebnis zu nutzen.<br \/>\nIm-Ohr-Design: Unser neues Design sorgt f\u00fcr einen bequemen, sicheren Sitz im Ohr und bietet eine verbesserte Ger\u00e4uschisolierung. Inklusive zus\u00e4tzlicher Ohrst\u00f6pselgr\u00f6\u00dfen f\u00fcr individuellen Komfort<br \/>\nZwei ENC-Mikrofone (Environmental Noise Cancelling): Ausgestattet mit intelligenten Mikrofonen, die unerw\u00fcnschte Hintergrundger\u00e4usche erkennen, identifizieren und reduzieren, ist die Sprachkommunikation mit dem Razer Hammerhead True Wireless jetzt klarer als je zuvor<\/p>\n","protected":false},"excerpt":{"rendered":"<p>Powered by Razer Chroma RGB: Mit 16,8 Millionen Farben und einer Reihe von Effekten, aus denen Sie w\u00e4hlen k\u00f6nnen, unterstreichen Sie Ihren Stil und heben sich von der Masse ab &#8211; mit dem ultimativen kabellosen Ohrst\u00f6psel Flex.Hinweis: Wenn die Gr\u00f6\u00dfe der Ohrst\u00f6pselaufs\u00e4tze nicht mit der Gr\u00f6\u00dfe Ihrer Geh\u00f6rg\u00e4nge \u00fcbereinstimmt oder das Headset nicht richtig in Ihren Ohren getragen wird, erhalten Sie m\u00f6glicherweise nicht die richtige Klangqualit\u00e4t oder Anrufleistung. Tauschen Sie die Ohrst\u00f6psel gegen solche aus, die besser in Ihre Ohren passen.<br \/>\nAktive Ger\u00e4uschunterdr\u00fcckung (ANC) Technologie: Ganz gleich, ob Sie zu Ihren Lieblingsbeats grooven, spielen oder einen Film ansehen &#8211; mit der aktiven Ger\u00e4uschunterdr\u00fcckung, die unerw\u00fcnschte Umgebungsger\u00e4usche erkennt und ausblendet, werden alle Ablenkungen eliminiert.<br \/>\n60 ms Latenzzeit im Gaming-Modus: Aktivieren Sie den Gaming-Modus, um die f\u00fchrende Leistung der Razer Hammerhead True Wireless beim Spielen mit Bluetooth-Ger\u00e4ten f\u00fcr ein nahtloses Erlebnis zu nutzen.<\/p>\n","protected":false},"featured_media":8887,"comment_status":"open","ping_status":"closed","template":"","meta":{"_et_pb_use_builder":"","_et_pb_old_content":"","_et_gb_content_width":""},"product_brand":[],"product_cat":[1372],"product_tag":[],"class_list":{"0":"post-8888","1":"product","2":"type-product","3":"status-publish","4":"has-post-thumbnail","6":"product_cat-elektronik","7":"pa_batteries-3-lithium-polymer-batterien-erforderlich-enthalten","8":"pa_brand-besuchen-sie-den-razer-store","9":"pa_color-klassisch-schwarz","10":"pa_connectivity-technologies-usb","11":"pa_country-of-origin-china","12":"pa_date-first-available-august-11-2021","13":"pa_form-factor-im-ohr","14":"pa_item-model-number-rz12-03820100-r3u1","15":"pa_item-weight-192-unzen","16":"pa_manufacturer-razer","17":"pa_other-display-features-drahtlos","18":"pa_product-dimensions-099-x-012-x-208-zoll","19":"pa_special-features-kabellos-geraeuschunterdrueckung","20":"pa_whats-in-the-box-ohrstoepsel-ladeetui-ohrstoepsel","21":"pa_wireless-communication-techno-bluetooth","23":"first","24":"instock","25":"sale","26":"taxable","27":"shipping-taxable","28":"purchasable","29":"product-type-simple"},"exclude_global_add_ons":[],"addons":[],"jetpack-related-posts":[{"id":9149,"url":"https:\/\/anythingtechnicallc.com\/index.php\/de\/product\/razer-huntsman-elite-gaming-tastatur-schnelle-tastaturschalter-clicky-optical-switches-chroma-rgb-beleuchtung-magnetische-pluesch-handgelenkauflage-dedizierte-medientasten-wahlrad-klassis\/","url_meta":{"origin":8888,"position":0},"title":"Razer Huntsman Elite Gaming Tastatur: Schnelle Tastaturschalter &#8211; Clicky Optical Switches &#8211; Chroma RGB-Beleuchtung &#8211; Magnetische Pl\u00fcsch-Handgelenkauflage &#8211; Dedizierte Medientasten &#038; Wahlrad &#8211; Klassisches Schwarz","date":"March 19, 2026","format":false,"excerpt":"Schneller als herk\u00f6mmliche mechanische Schalter: Die optischen Schalter von Razer arbeiten mit einer lichtbasierten Bet\u00e4tigung und registrieren Tastendr\u00fccke in Lichtgeschwindigkeit (30 % k\u00fcrzerer Bet\u00e4tigungsabstand als bei anderen Klick-Schaltern mit 1,5 Millimetern) mit einem befriedigenden, klickenden Feedback. Ultimative Personalisierung und Gaming Immersion mit Razer Chroma: Vollst\u00e4ndige Synchronisierung mit beliebten Spielen, Razer-Hardware,\u2026","rel":"","context":"Similar post","img":{"alt_text":"","src":"https:\/\/i0.wp.com\/anythingtechnicallc.com\/wp-content\/uploads\/2025\/02\/81pVmvSiLwL._AC_SL1500_.jpg?fit=1200%2C920&ssl=1&resize=350%2C200","width":350,"height":200},"classes":[]},{"id":8908,"url":"https:\/\/anythingtechnicallc.com\/index.php\/de\/product\/razer-kraken-7-1-chroma-v2-usb-gaming-headset-ovale-ohrpolster-7-1-surround-sound-mit-versenkbarem-digitalen-mikrofon-und-chroma-beleuchtung\/","url_meta":{"origin":8888,"position":1},"title":"Razer Kraken 7.1 Chroma V2 USB Gaming Headset &#8211; Ovale Ohrpolster &#8211; 7.1 Surround Sound mit versenkbarem digitalen Mikrofon und Chroma-Beleuchtung","date":"March 18, 2026","format":false,"excerpt":"Stellen Sie sicher, dass dieses Produkt passt, indem Sie Ihre Modellnummer eingeben. Dank der integrierten fortschrittlichen 7.1 Virtual Surround Sound-Engine liefert das Razer Kraken 7.1 V2 positionsgetreuen Klang mit h\u00f6chster Pr\u00e4zision. Der neue und verbesserte Kopfb\u00fcgel des Razer Kraken 7.1 V2 besteht aus Bauxit-Aluminium und ist sowohl leicht als auch\u2026","rel":"","context":"Similar post","img":{"alt_text":"","src":"https:\/\/i0.wp.com\/anythingtechnicallc.com\/wp-content\/uploads\/2023\/03\/Razer-Kraken-71-Chroma-V2-USB-Gaming-Headset-Oval-Ear-Cushions-71-Surround-Sound-with-Retractable-Digital-Microphone-and-Chroma-Lighting-Renewed-0.jpg?fit=500%2C334&ssl=1&resize=350%2C200","width":350,"height":200},"classes":[]},{"id":9542,"url":"https:\/\/anythingtechnicallc.com\/index.php\/de\/product\/hyperx-quadcast-s-rgb-usb-kondensatormikrofon-fuer-pc-ps4-ps5-und-mac-anti-vibrations-stossdaempfer-4-richtcharakteristiken-pop-filter-verstaerkungsregelung-gaming-streaming-podcasts-twitc\/","url_meta":{"origin":8888,"position":2},"title":"HyperX QuadCast S &#8211; RGB-USB-Kondensatormikrofon f\u00fcr PC, PS4, PS5 und Mac, Anti-Vibrations-Sto\u00dfd\u00e4mpfer, 4 Richtcharakteristiken, Pop-Filter, Verst\u00e4rkungsregelung, Gaming, Streaming, Podcasts, Twitch, YouTube, Discord","date":"March 21, 2026","format":false,"excerpt":"Strahlende RGB-Beleuchtung mit dynamischen Effekten: Personalisieren Sie die atemberaubende RGB-Beleuchtung und die dynamischen Effekte f\u00fcr eine auff\u00e4llige Aufnahme mit anpassbarem Stil. Eingebaute Anti-Vibrations-Halterung: Isolieren Sie das Mikrofon und unterdr\u00fccken Sie mit der elastischen Seilaufh\u00e4ngung ungewollte Ersch\u00fctterungen und St\u00f6\u00dfe. Tap-to-mute-Sensor mit LED-Statusanzeige: Nutzen Sie die praktische Tap-to-Mute-Funktion, um mit Hilfe der\u2026","rel":"","context":"Similar post","img":{"alt_text":"","src":"https:\/\/i0.wp.com\/anythingtechnicallc.com\/wp-content\/uploads\/2025\/09\/61dQJkzRopL._AC_SL1500_.jpg?fit=486%2C1200&ssl=1&resize=350%2C200","width":350,"height":200},"classes":[]},{"id":8929,"url":"https:\/\/anythingtechnicallc.com\/index.php\/de\/product\/sennheiser-cx-300s-in-ear-kopfhoerer-mit-intelligenter-ein-knopf-fernbedienung-schwarz\/","url_meta":{"origin":8888,"position":3},"title":"Sennheiser CX 300S In-Ear-Kopfh\u00f6rer mit intelligenter Ein-Knopf-Fernbedienung &#8211; Schwarz","date":"March 18, 2026","format":false,"excerpt":"Vergewissern Sie sich, dass das Produkt passt, indem Sie Ihre Modellnummer eingeben. Hinweis : Wenn die Gr\u00f6\u00dfe der Ohrst\u00f6psel nicht mit der Gr\u00f6\u00dfe Ihrer Geh\u00f6rg\u00e4nge \u00fcbereinstimmt oder das Headset nicht richtig in Ihren Ohren getragen wird, erhalten Sie m\u00f6glicherweise nicht die richtige Klangqualit\u00e4t oder Gespr\u00e4chsleistung. Tauschen Sie die Ohrst\u00f6psel gegen\u2026","rel":"","context":"Similar post","img":{"alt_text":"","src":"https:\/\/i0.wp.com\/anythingtechnicallc.com\/wp-content\/uploads\/2023\/03\/Sennheiser-CX-300S-In-Ear-Headphone-with-One-Button-Smart-Remote-Black-0.jpg?fit=500%2C500&ssl=1&resize=350%2C200","width":350,"height":200},"classes":[]},{"id":9146,"url":"https:\/\/anythingtechnicallc.com\/index.php\/de\/product\/corsair-k95-rgb-platinum-mechanische-gaming-tastatur-6x-programmierbare-makrotasten-usb-passthrough-mediensteuerung-schnellste-cherry-mx-geschwindigkeit-rgb-led-hintergrundbeleuchtung-alum\/","url_meta":{"origin":8888,"position":4},"title":"Corsair K95 RGB Platinum Mechanische Gaming Tastatur &#8211; 6x programmierbare Makrotasten &#8211; USB Passthrough &#038; Mediensteuerung &#8211; schnellste Cherry MX Geschwindigkeit &#8211; RGB LED Hintergrundbeleuchtung &#8211; Aluminium Finish","date":"March 19, 2026","format":false,"excerpt":"Rahmen aus eloxiertem, geb\u00fcrstetem Aluminium in Flugzeugqualit\u00e4t: Gebaut, um ein Leben lang zu spielen. Leichtes Gewicht und robuste Haltbarkeit, die f\u00fcr eine Tastatur notwendig sind, die viel in Aktion sein wird. 8 MB Profilspeicher mit Hardware-Makro- und Beleuchtungswiedergabe: Erm\u00f6glichen Sie den Zugriff auf bis zu drei gespeicherte Profile unterwegs, unabh\u00e4ngig\u2026","rel":"","context":"Similar post","img":{"alt_text":"","src":"https:\/\/i0.wp.com\/anythingtechnicallc.com\/wp-content\/uploads\/2025\/02\/Corsair-K95-RGB-Platinum-Mechanical-Keyboard.jpg?fit=640%2C332&ssl=1&resize=350%2C200","width":350,"height":200},"classes":[]},{"id":9573,"url":"https:\/\/anythingtechnicallc.com\/index.php\/de\/product\/hyperx-cloud-ii-gaming-headset-7-1-surround-sound-memory-foam-ear-pads-robuster-aluminiumrahmen-abnehmbares-mikrofon-kompatibel-mit-pc-ps5-ps4-xbox-series-xs-xbox-one-rot\/","url_meta":{"origin":8888,"position":5},"title":"HyperX Cloud II &#8211; Gaming Headset, 7.1 Surround Sound, Memory Foam Ear Pads, robuster Aluminiumrahmen, abnehmbares Mikrofon, kompatibel mit PC, PS5, PS4, Xbox Series X|S, Xbox One &#8211; Rot","date":"March 21, 2026","format":false,"excerpt":"15-25kKhz Frequenzgang.Kopfh\u00f6rertyp:Over-Ear.Hinweis : Wenn die Gr\u00f6\u00dfe der Ohrst\u00f6psel nicht mit der Gr\u00f6\u00dfe Ihrer Geh\u00f6rg\u00e4nge \u00fcbereinstimmt oder das Headset nicht richtig in Ihren Ohren getragen wird, erhalten Sie m\u00f6glicherweise nicht die richtige Klangqualit\u00e4t oder Gespr\u00e4chsleistung. Tauschen Sie die Ohrst\u00f6psel gegen solche aus, die besser in Ihr Ohr passen. Entwickelt f\u00fcr Komfort:\u2026","rel":"","context":"Similar post","img":{"alt_text":"","src":"https:\/\/i0.wp.com\/anythingtechnicallc.com\/wp-content\/uploads\/2025\/10\/HyperX-Cloud-II-Gaming-Headset-Red.jpg?fit=1070%2C1200&ssl=1&resize=350%2C200","width":350,"height":200},"classes":[]}],"pll_sync_post":[],"lang":"de","translations":{"de":8888,"en":2841},"_links":{"self":[{"href":"https:\/\/anythingtechnicallc.com\/index.php\/wp-json\/wp\/v2\/product\/8888","targetHints":{"allow":["GET"]}}],"collection":[{"href":"https:\/\/anythingtechnicallc.com\/index.php\/wp-json\/wp\/v2\/product"}],"about":[{"href":"https:\/\/anythingtechnicallc.com\/index.php\/wp-json\/wp\/v2\/types\/product"}],"replies":[{"embeddable":true,"href":"https:\/\/anythingtechnicallc.com\/index.php\/wp-json\/wp\/v2\/comments?post=8888"}],"wp:featuredmedia":[{"embeddable":true,"href":"https:\/\/anythingtechnicallc.com\/index.php\/wp-json\/wp\/v2\/media\/8887"}],"wp:attachment":[{"href":"https:\/\/anythingtechnicallc.com\/index.php\/wp-json\/wp\/v2\/media?parent=8888"}],"wp:term":[{"taxonomy":"product_brand","embeddable":true,"href":"https:\/\/anythingtechnicallc.com\/index.php\/wp-json\/wp\/v2\/product_brand?post=8888"},{"taxonomy":"product_cat","embeddable":true,"href":"https:\/\/anythingtechnicallc.com\/index.php\/wp-json\/wp\/v2\/product_cat?post=8888"},{"taxonomy":"product_tag","embeddable":true,"href":"https:\/\/anythingtechnicallc.com\/index.php\/wp-json\/wp\/v2\/product_tag?post=8888"}],"curies":[{"name":"wp","href":"https:\/\/api.w.org\/{rel}","templated":true}]}}