{"id":8943,"date":"2026-03-18T14:18:33","date_gmt":"2026-03-18T14:18:33","guid":{"rendered":"https:\/\/anythingtechnicallc.com\/?post_type=product&#038;p=8943"},"modified":"2026-03-19T09:31:26","modified_gmt":"2026-03-19T09:31:26","slug":"jlab-jbuds-air-anc-true-wireless-bluetooth-earbuds-schwarz-aktive-geraeuschunterdrueckung-low-latency-movie-mode-dual-connect-ip55-schweissresistenz-custom-3-eq-sound-setting","status":"publish","type":"product","link":"https:\/\/anythingtechnicallc.com\/index.php\/de\/product\/jlab-jbuds-air-anc-true-wireless-bluetooth-earbuds-schwarz-aktive-geraeuschunterdrueckung-low-latency-movie-mode-dual-connect-ip55-schweissresistenz-custom-3-eq-sound-setting\/","title":{"rendered":"JLab JBuds Air ANC True Wireless Bluetooth Earbuds, Schwarz, Aktive Ger\u00e4uschunterdr\u00fcckung, Low Latency Movie Mode, Dual Connect, IP55 Schwei\u00dfresistenz, Custom 3 EQ Sound Setting"},"content":{"rendered":"<ul class=\"a-unordered-list a-vertical a-spacing-mini\">\n<li class=\"a-spacing-mini\"><span class=\"a-list-item\">\ud83d\udd0b L\u00c4NGERE BATTERIENLEBENSDAUER: JBuds Air ANC bietet mehr als 10 Stunden kabellose Wiedergabezeit in jedem Ohrh\u00f6rer und mehr als 30 Stunden in der Ladeh\u00fclle. Das sind insgesamt 40+ Stunden Bluetooth 5.2-Wiedergabezeit. Und wenn Sie ANC verwenden, um noch mehr abzuschalten, erhalten Sie 24+ Stunden ANC-Wiedergabezeit.<\/span><\/li>\n<li class=\"a-spacing-mini\"><span class=\"a-list-item\">\ud83e\udde0\ud83d\udd07 SMART ACTIVE NOISE CANCELLATION: Steuern Sie, wie Sie Au\u00dfenger\u00e4usche h\u00f6ren, mit drei Modi zur Ger\u00e4uschkontrolle in der Hardware: ANC Ein, ANC Aus und Be Aware (Au\u00dfenger\u00e4usche durchlassen). Vier Mikrofone arbeiten zusammen, um Ger\u00e4usche zu unterdr\u00fccken und eine ungest\u00f6rte Audiowiedergabe zu gew\u00e4hrleisten &#8211; wo auch immer Sie hingehen.<\/span><\/li>\n<li class=\"a-spacing-mini\"><span class=\"a-list-item\">\ud83d\udcfa MOVIE MODE \/ CUSTOM EQ3 SOUND: Erh\u00f6hen Sie Ihr Filmvergn\u00fcgen. Mit diesem Modus mit extrem niedriger Latenz reduzieren Sie die Audioverz\u00f6gerung, so dass die Stimmen perfekt auf den Bildschirm abgestimmt sind. Mit nur ein oder zwei Fingertipps \u00fcber die Ber\u00fchrungssensoren k\u00f6nnen Sie mit den Modi JLab Signature, Balanced und Bass Boost den Klang ausw\u00e4hlen, der Ihren pers\u00f6nlichen Vorlieben entspricht.<\/span><\/li>\n<li class=\"a-spacing-mini\"><span class=\"a-list-item\">\u23ef\ufe0f DUAL CONNECT: Verwenden Sie einen der beiden Ohrst\u00f6psel unabh\u00e4ngig voneinander oder verwenden Sie beide und erleben Sie eine nahtlose Verbindung. Ein Mikrofon nimmt Umgebungsger\u00e4usche auf und eliminiert sie, w\u00e4hrend das andere Ihre Stimme aufnimmt &#8211; f\u00fcr klare Gespr\u00e4che \u00fcberall und jederzeit.<\/span><\/li>\n<li class=\"a-spacing-mini\"><span class=\"a-list-item\">\ud83e\udef5 STEUERN SIE ALLES: Dank der Ber\u00fchrungssensoren k\u00f6nnen Sie Ihre Musik und Telefonanrufe durch einfaches Antippen oder Halten steuern &#8211; ganz einfach f\u00fcr unterwegs. Schalten Sie Be Aware Audio ein oder aus, um Umgebungsger\u00e4usche zu unterdr\u00fccken oder sich ganz auf Ihre Musik zu konzentrieren.<\/span><\/li>\n<\/ul>\n","protected":false},"excerpt":{"rendered":"<ul class=\"a-unordered-list a-vertical a-spacing-mini\">\n<li class=\"a-spacing-mini\"><span class=\"a-list-item\">\ud83d\udd0b L\u00c4NGERE BATTERIENLEBENSDAUER: JBuds Air ANC bietet mehr als 10 Stunden kabellose Wiedergabezeit in jedem Ohrh\u00f6rer und mehr als 30 Stunden in der Ladeh\u00fclle. Das sind insgesamt 40+ Stunden Bluetooth 5.2-Wiedergabezeit. Und wenn Sie ANC verwenden, um noch mehr abzuschalten, erhalten Sie 24+ Stunden ANC-Wiedergabezeit.<\/span><\/li>\n<li class=\"a-spacing-mini\"><span class=\"a-list-item\">\ud83e\udde0\ud83d\udd07 SMART ACTIVE NOISE CANCELLATION: Steuern Sie, wie Sie Au\u00dfenger\u00e4usche h\u00f6ren, mit drei Modi zur Ger\u00e4uschkontrolle in der Hardware: ANC Ein, ANC Aus und Be Aware (Au\u00dfenger\u00e4usche durchlassen). Vier Mikrofone arbeiten zusammen, um Ger\u00e4usche zu unterdr\u00fccken und eine ungest\u00f6rte Audiowiedergabe zu gew\u00e4hrleisten &#8211; wo auch immer Sie hingehen.<\/span><\/li>\n<li class=\"a-spacing-mini\"><span class=\"a-list-item\">\ud83d\udcfa MOVIE MODE \/ CUSTOM EQ3 SOUND: Erh\u00f6hen Sie Ihr Filmvergn\u00fcgen. Mit diesem Modus mit extrem niedriger Latenz reduzieren Sie die Audioverz\u00f6gerung, so dass die Stimmen perfekt auf den Bildschirm abgestimmt sind. Mit nur ein oder zwei Fingertipps \u00fcber die Ber\u00fchrungssensoren k\u00f6nnen Sie mit den Modi JLab Signature, Balanced und Bass Boost den Klang ausw\u00e4hlen, der Ihren pers\u00f6nlichen Vorlieben entspricht.<\/span><\/li>\n<li class=\"a-spacing-mini\"><span class=\"a-list-item\">\u23ef\ufe0f DUAL CONNECT: Verwenden Sie einen der beiden Ohrst\u00f6psel unabh\u00e4ngig voneinander oder verwenden Sie beide und erleben Sie eine nahtlose Verbindung. Ein Mikrofon nimmt Umgebungsger\u00e4usche auf und eliminiert sie, w\u00e4hrend das andere Ihre Stimme aufnimmt &#8211; f\u00fcr klare Gespr\u00e4che \u00fcberall und jederzeit.<\/span><\/li>\n<li class=\"a-spacing-mini\"><span class=\"a-list-item\">\ud83e\udef5 STEUERN SIE ALLES: Dank der Ber\u00fchrungssensoren k\u00f6nnen Sie Ihre Musik und Telefonanrufe durch einfaches Antippen oder Halten steuern &#8211; ganz einfach f\u00fcr unterwegs. Schalten Sie Be Aware Audio ein oder aus, um Umgebungsger\u00e4usche zu unterdr\u00fccken oder sich ganz auf Ihre Musik zu konzentrieren.<\/span><\/li>\n<\/ul>\n","protected":false},"featured_media":8942,"comment_status":"open","ping_status":"closed","template":"","meta":{"_et_pb_use_builder":"","_et_pb_old_content":"","_et_gb_content_width":""},"product_brand":[],"product_cat":[703,1578],"product_tag":[],"class_list":{"0":"post-8943","1":"product","2":"type-product","3":"status-publish","4":"has-post-thumbnail","6":"product_cat-uncategorized-de","7":"product_cat-headset","9":"first","10":"instock","11":"sale","12":"taxable","13":"shipping-taxable","14":"purchasable","15":"product-type-simple"},"exclude_global_add_ons":[],"addons":[],"jetpack-related-posts":[{"id":9482,"url":"https:\/\/anythingtechnicallc.com\/index.php\/de\/product\/alienware-pro-wireless-gaming-headset-kabelgebunden-drahtlos-bluetooth-5-3-15-minuten-schnelles-aufladen-audioausgang-20-hz-akku-gespraechszeit-anc-eingeschaltet-bis-zu-24-stunden-bluetooth\/","url_meta":{"origin":8943,"position":0},"title":"Alienware Pro Wireless Gaming Headset &#8211; kabelgebunden\/drahtlos, Bluetooth 5.3, 15 Minuten schnelles Aufladen, Audioausgang 20 Hz, Akku-Gespr\u00e4chszeit (ANC eingeschaltet) bis zu 24 Stunden (Bluetooth), Dark Side of The Moon","date":"March 21, 2026","format":false,"excerpt":"Bef\u00fcrwortet von Champions. Entwickelt von Experten. Ein professionelles Gaming-Headset, das mit dem Input und der Expertise von Team Liquid und mehr als 100 anderen esports-Athleten entwickelt wurde. 50-mm-Treiber mit Graphen-Beschichtung: High-Fidelity-Audio, das auf Gaming abgestimmt ist, sorgt f\u00fcr ein noch intensiveres Klangerlebnis. Aktive Ger\u00e4uschunterdr\u00fcckung: Blockieren Sie Au\u00dfenger\u00e4usche und konzentrieren Sie\u2026","rel":"","context":"Similar post","img":{"alt_text":"","src":"https:\/\/i0.wp.com\/anythingtechnicallc.com\/wp-content\/uploads\/2025\/08\/61sbnsp-jSL._AC_SL1500_.jpg?fit=993%2C1200&ssl=1&resize=350%2C200","width":350,"height":200},"classes":[]},{"id":8946,"url":"https:\/\/anythingtechnicallc.com\/index.php\/de\/product\/skullcandy-hesh-anc-over-ear-noise-cancelling-wireless-kopfhoerer-mit-ladekabel-22-stunden-akku-mikrofon-funktioniert-mit-iphone-android-und-bluetooth-geraeten-mod-white\/","url_meta":{"origin":8943,"position":1},"title":"Skullcandy Hesh ANC Over-Ear Noise Cancelling Wireless Kopfh\u00f6rer mit Ladekabel, 22 Stunden Akku, Mikrofon, funktioniert mit iPhone, Android und Bluetooth-Ger\u00e4ten &#8211; Mod White","date":"March 18, 2026","format":false,"excerpt":"Bew\u00e4hrte Klangqualit\u00e4t - Mit unseren 40-mm-Treibern sorgt der Hesh ANC f\u00fcr eine extrem hohe Audioqualit\u00e4t mit knorrigen B\u00e4ssen, einem gro\u00dfen Dynamikbereich und einer au\u00dfergew\u00f6hnlichen Akustik. UND eine Akkulaufzeit von satten 22 Stunden bei aktivem Noise Cancelling. Ger\u00e4uschunterdr\u00fcckungswahnsinn - halten Sie mit der aktiven Ger\u00e4uschunterdr\u00fcckung die Au\u00dfenger\u00e4usche drau\u00dfen. Hesh ANC verf\u00fcgt\u2026","rel":"","context":"Similar post","img":{"alt_text":"","src":"https:\/\/i0.wp.com\/anythingtechnicallc.com\/wp-content\/uploads\/2024\/09\/71S2t52tVWL._AC_SL1500_.jpg?fit=1200%2C1190&ssl=1&resize=350%2C200","width":350,"height":200},"classes":[]},{"id":8973,"url":"https:\/\/anythingtechnicallc.com\/index.php\/de\/product\/philips-ph805-aktive-geraeuschunterdrueckung-anc-over-ear-bluetooth-performance-kopfhoerer-mit-hi-res-audio-bequemer-passform-und-30-stunden-spielzeit-taph805bk\/","url_meta":{"origin":8943,"position":2},"title":"PHILIPS PH805 Aktive Ger\u00e4uschunterdr\u00fcckung (ANC) Over Ear Bluetooth Performance Kopfh\u00f6rer mit Hi-Res Audio, bequemer Passform und 30 Stunden Spielzeit (TAPH805BK)","date":"March 18, 2026","format":false,"excerpt":"Aktive Ger\u00e4uschunterdr\u00fcckung (Anc). Lassen Sie mit der aktiven Ger\u00e4uschunterdr\u00fcckung alles hinter sich. Schalten Sie den L\u00e4rm eines Zuges oder eines gesch\u00e4ftigen B\u00fcros auf Knopfdruck aus. Wenn Sie unterwegs sind, k\u00f6nnen Sie im Awareness-Modus Ihre Musik h\u00f6ren und gleichzeitig den Stra\u00dfenl\u00e4rm ausblenden. 30 Stunden Spiel- oder Gespr\u00e4chszeit (25 Stunden mit eingeschaltetem\u2026","rel":"","context":"Similar post","img":{"alt_text":"","src":"https:\/\/i0.wp.com\/anythingtechnicallc.com\/wp-content\/uploads\/2024\/09\/81G9PXF96lL._AC_SL1500_.jpg?fit=932%2C1200&ssl=1&resize=350%2C200","width":350,"height":200},"classes":[]},{"id":9686,"url":"https:\/\/anythingtechnicallc.com\/index.php\/de\/product\/gebraucht-rang-a-beats-studio-pro-kabellose-bluetooth-kopfhoerer-mit-geraeuschunterdrueckung-schwarz\/","url_meta":{"origin":8943,"position":3},"title":"Gebraucht Rang A Beats Studio Pro &#8211; Kabellose Bluetooth Kopfh\u00f6rer mit Ger\u00e4uschunterdr\u00fcckung &#8211; Schwarz","date":"March 24, 2026","format":false,"excerpt":"Die CUSTOM ACOUSTIC PLATFORM von BEATS liefert einen satten, mitrei\u00dfenden Klang, egal ob Sie Musik h\u00f6ren oder telefonieren. LOSSLESS AUDIO \u00fcber USB-C plus drei verschiedene integrierte Klangprofile zur Verbesserung Ihres H\u00f6rerlebnisses. H\u00d6REN SIE, WAS SIE WOLLEN mit zwei verschiedenen H\u00f6rmodi: vollst\u00e4ndig adaptive aktive Ger\u00e4uschunterdr\u00fcckung (ANC) und Transparenzmodus. ERWEITERTE KOMPATIBILIT\u00c4T mit\u2026","rel":"","context":"Similar post","img":{"alt_text":"","src":"https:\/\/i0.wp.com\/anythingtechnicallc.com\/wp-content\/uploads\/2026\/01\/516ZqYIXKGL._AC_SL1200_.jpg?fit=836%2C1200&ssl=1&resize=350%2C200","width":350,"height":200},"classes":[]},{"id":9209,"url":"https:\/\/anythingtechnicallc.com\/index.php\/de\/product\/erneuert-shure-aonic-40-over-ear-wireless-bluetooth-noise-cancelling-kopfhoerer-mit-mikrofon-klang-in-studioqualitaet-25-stunden-akkulaufzeit-fingertip-bedienung-kompatibel-mit-iphone-und-android\/","url_meta":{"origin":8943,"position":4},"title":"Erneuert Shure AONIC 40 Over Ear Wireless Bluetooth Noise Cancelling Kopfh\u00f6rer mit Mikrofon, Klang in Studioqualit\u00e4t, 25 Stunden Akkulaufzeit, Fingertip-Bedienung, kompatibel mit iPhone und Android &#8211; Schwarz","date":"March 19, 2026","format":false,"excerpt":"PREMIUM-KLANG IN STUDIOQUALIT\u00c4T: Klarer Klang in Studioqualit\u00e4t, der auf jahrzehntelanger Erfahrung in der Entwicklung von Produkten f\u00fcr Musiklegenden und K\u00fcnstler aller Art beruht. EINSTELLBARE GER\u00c4USCHUNTERDR\u00dcCKUNG & UMGEBUNGSMODUS: Die anpassbare Ger\u00e4uschunterdr\u00fcckung unterdr\u00fcckt St\u00f6rger\u00e4usche f\u00fcr ein wirklich intensives H\u00f6rerlebnis. Drei digitale ANC-Einstellungen f\u00fcr erweiterte Unterdr\u00fcckung niedriger Frequenzen und ein nat\u00fcrliches H\u00f6rerlebnis. LANGER\u2026","rel":"","context":"Similar post","img":{"alt_text":"","src":"https:\/\/i0.wp.com\/anythingtechnicallc.com\/wp-content\/uploads\/2025\/02\/8161xyfr9bL._AC_SL1500_.jpg?fit=926%2C1200&ssl=1&resize=350%2C200","width":350,"height":200},"classes":[]},{"id":9315,"url":"https:\/\/anythingtechnicallc.com\/index.php\/de\/product\/renewed-sennheiser-momentum-4-wireless-headphones-bluetooth-kopfhoerer-fuer-kristallklare-anrufe-mit-adaptiver-geraeuschunterdrueckung-60-stunden-akkulaufzeit-leichtes-faltbares-design-schwarz\/","url_meta":{"origin":8943,"position":5},"title":"Renewed Sennheiser MOMENTUM 4 Wireless Headphones &#8211; Bluetooth-Kopfh\u00f6rer f\u00fcr kristallklare Anrufe mit adaptiver Ger\u00e4uschunterdr\u00fcckung, 60 Stunden Akkulaufzeit, leichtes, faltbares Design, Schwarz","date":"March 19, 2026","format":false,"excerpt":"Firmware und Software aktualisiert: Genie\u00dfen Sie ein reibungsloseres und zuverl\u00e4ssigeres Benutzererlebnis, einschlie\u00dflich eines ANC-Ausschalters in der Smart Control Plus App und eines dauerhaften Aus-Schalters f\u00fcr das Touchpad. Maximale Audioaufl\u00f6sung mit Sennheiser Signature Sound: Genie\u00dfen Sie den ganzen Tag lang erstklassige Musikqualit\u00e4t dank des audiophilen 42-mm-Wandlersystems des Kopfh\u00f6rers und aptX Adaptive.\u2026","rel":"","context":"Similar post","img":{"alt_text":"","src":"https:\/\/i0.wp.com\/anythingtechnicallc.com\/wp-content\/uploads\/2025\/07\/7164xC2wL._AC_SL1500_.jpg?fit=874%2C1200&ssl=1&resize=350%2C200","width":350,"height":200},"classes":[]}],"pll_sync_post":[],"lang":"de","translations":{"de":8943,"en":5228},"_links":{"self":[{"href":"https:\/\/anythingtechnicallc.com\/index.php\/wp-json\/wp\/v2\/product\/8943","targetHints":{"allow":["GET"]}}],"collection":[{"href":"https:\/\/anythingtechnicallc.com\/index.php\/wp-json\/wp\/v2\/product"}],"about":[{"href":"https:\/\/anythingtechnicallc.com\/index.php\/wp-json\/wp\/v2\/types\/product"}],"replies":[{"embeddable":true,"href":"https:\/\/anythingtechnicallc.com\/index.php\/wp-json\/wp\/v2\/comments?post=8943"}],"wp:featuredmedia":[{"embeddable":true,"href":"https:\/\/anythingtechnicallc.com\/index.php\/wp-json\/wp\/v2\/media\/8942"}],"wp:attachment":[{"href":"https:\/\/anythingtechnicallc.com\/index.php\/wp-json\/wp\/v2\/media?parent=8943"}],"wp:term":[{"taxonomy":"product_brand","embeddable":true,"href":"https:\/\/anythingtechnicallc.com\/index.php\/wp-json\/wp\/v2\/product_brand?post=8943"},{"taxonomy":"product_cat","embeddable":true,"href":"https:\/\/anythingtechnicallc.com\/index.php\/wp-json\/wp\/v2\/product_cat?post=8943"},{"taxonomy":"product_tag","embeddable":true,"href":"https:\/\/anythingtechnicallc.com\/index.php\/wp-json\/wp\/v2\/product_tag?post=8943"}],"curies":[{"name":"wp","href":"https:\/\/api.w.org\/{rel}","templated":true}]}}