{"id":8967,"date":"2026-03-18T14:31:56","date_gmt":"2026-03-18T14:31:56","guid":{"rendered":"https:\/\/anythingtechnicallc.com\/?post_type=product&#038;p=8967"},"modified":"2026-03-19T09:25:34","modified_gmt":"2026-03-19T09:25:34","slug":"jbl-live-660nc-kabelloser-over-ear-kopfhoerer-mit-geraeuschunterdrueckung-ausdauerndem-akku-und-sprachassistent-schwarz-medium","status":"publish","type":"product","link":"https:\/\/anythingtechnicallc.com\/index.php\/de\/product\/jbl-live-660nc-kabelloser-over-ear-kopfhoerer-mit-geraeuschunterdrueckung-ausdauerndem-akku-und-sprachassistent-schwarz-medium\/","title":{"rendered":"JBL Live 660NC &#8211; Kabelloser Over-Ear-Kopfh\u00f6rer mit Ger\u00e4uschunterdr\u00fcckung, ausdauerndem Akku und Sprachassistent &#8211; Schwarz, Medium"},"content":{"rendered":"<ul class=\"a-unordered-list a-vertical a-spacing-mini\">\n<li class=\"a-spacing-mini\"><span class=\"a-list-item\">Der kabellose Kopfh\u00f6rer JBL Live 660NC verf\u00fcgt \u00fcber 40-mm-Treiber und eine Klangsignatur, die in den ber\u00fchmtesten Veranstaltungsorten auf der ganzen Welt zu finden ist.<\/span><\/li>\n<li class=\"a-spacing-mini\"><span class=\"a-list-item\">Halten Sie den L\u00e4rm fern und konzentrieren Sie sich auf die Musik mit der adaptiven Ger\u00e4uschunterdr\u00fcckung dieser Bluetooth-Kopfh\u00f6rer. Die Ambient Aware Technologie erm\u00f6glicht es Ihnen, sicher durch belebte Stra\u00dfen zu gehen, indem sie die Umgebungsger\u00e4usche verst\u00e4rkt, w\u00e4hrend mit TalkThru die Musik abgesenkt und die Sprache verst\u00e4rkt wird, so dass Sie sich problemlos unterhalten k\u00f6nnen, w\u00e4hrend Sie die Kopfh\u00f6rer aufhaben.<\/span><\/li>\n<li class=\"a-spacing-mini\"><span class=\"a-list-item\">Holen Sie sich Hilfe von Ihrem bevorzugten Sprachassistenten, indem Sie Ihre Stimme benutzen oder auf die H\u00f6rmuschel tippen. Aktivieren Sie Nose Cancelling oder Ambient Aware, pr\u00fcfen Sie die Akkulaufzeit oder schalten Sie Ihren JBL Live 660NC einfach mit Ihrer Stimme aus. Mit der brandneuen JBL App k\u00f6nnen Sie Ihre bevorzugten Sprachassistenten ganz einfach einstellen.<\/span><\/li>\n<li class=\"a-spacing-mini\"><span class=\"a-list-item\">Bleiben Sie mit Ihrer Welt in Kontakt, indem Sie Anrufe mit den Tasten an der Ohrmuschel verwalten. Die Mikrofontechnologie sorgt f\u00fcr perfekte Stereoanrufe.<\/span><\/li>\n<li class=\"a-spacing-mini\"><span class=\"a-list-item\">Halten Sie bis zu 50 Stunden durch (oder bis zu 40 Stunden mit aktiviertem ANC und BT). Danach k\u00f6nnen Sie das Ger\u00e4t in 10 Minuten aufladen, um weitere 4 Stunden Spa\u00df zu haben.<\/span><\/li>\n<li class=\"a-spacing-mini\"><span class=\"a-list-item\">F\u00fcr die Verwendung dieses Ger\u00e4ts ist Android 6.0 oder h\u00f6her erforderlich, um vollen Zugriff auf die Alexa-Funktionen zu erhalten.<\/span><\/li>\n<li class=\"a-spacing-mini\"><span class=\"a-list-item\">Maximale Spielzeit (Stunden): 50<\/span><\/li>\n<\/ul>\n","protected":false},"excerpt":{"rendered":"<ul class=\"a-unordered-list a-vertical a-spacing-mini\">\n<li class=\"a-spacing-mini\"><span class=\"a-list-item\">Der kabellose Kopfh\u00f6rer JBL Live 660NC verf\u00fcgt \u00fcber 40-mm-Treiber und eine Klangsignatur, die in den ber\u00fchmtesten Veranstaltungsorten auf der ganzen Welt zu finden ist.<\/span><\/li>\n<li class=\"a-spacing-mini\"><span class=\"a-list-item\">Halten Sie den L\u00e4rm fern und konzentrieren Sie sich auf die Musik mit der adaptiven Ger\u00e4uschunterdr\u00fcckung dieser Bluetooth-Kopfh\u00f6rer. Die Ambient Aware Technologie erm\u00f6glicht es Ihnen, sicher durch belebte Stra\u00dfen zu gehen, indem sie die Umgebungsger\u00e4usche verst\u00e4rkt, w\u00e4hrend mit TalkThru die Musik abgesenkt und die Sprache verst\u00e4rkt wird, so dass Sie sich problemlos unterhalten k\u00f6nnen, w\u00e4hrend Sie die Kopfh\u00f6rer aufhaben.<\/span><\/li>\n<li class=\"a-spacing-mini\"><span class=\"a-list-item\">Holen Sie sich Hilfe von Ihrem bevorzugten Sprachassistenten, indem Sie Ihre Stimme benutzen oder auf die H\u00f6rmuschel tippen. Aktivieren Sie Nose Cancelling oder Ambient Aware, pr\u00fcfen Sie die Akkulaufzeit oder schalten Sie Ihren JBL Live 660NC einfach mit Ihrer Stimme aus. Mit der brandneuen JBL App k\u00f6nnen Sie Ihre bevorzugten Sprachassistenten ganz einfach einstellen.<\/span><\/li>\n<li class=\"a-spacing-mini\"><span class=\"a-list-item\">Bleiben Sie mit Ihrer Welt in Kontakt, indem Sie Anrufe mit den Tasten an der Ohrmuschel verwalten. Die Mikrofontechnologie sorgt f\u00fcr perfekte Stereoanrufe.<\/span><\/li>\n<li class=\"a-spacing-mini\"><span class=\"a-list-item\">Halten Sie bis zu 50 Stunden durch (oder bis zu 40 Stunden mit aktiviertem ANC und BT). Danach k\u00f6nnen Sie das Ger\u00e4t in 10 Minuten aufladen, um weitere 4 Stunden Spa\u00df zu haben.<\/span><\/li>\n<li class=\"a-spacing-mini\"><span class=\"a-list-item\">F\u00fcr die Verwendung dieses Ger\u00e4ts ist Android 6.0 oder h\u00f6her erforderlich, um vollen Zugriff auf die Alexa-Funktionen zu erhalten.<\/span><\/li>\n<li class=\"a-spacing-mini\"><span class=\"a-list-item\">Maximale Spielzeit (Stunden): 50<\/span><\/li>\n<\/ul>\n","protected":false},"featured_media":8966,"comment_status":"open","ping_status":"closed","template":"","meta":{"_et_pb_use_builder":"","_et_pb_old_content":"","_et_gb_content_width":""},"product_brand":[],"product_cat":[703,1578],"product_tag":[],"class_list":{"0":"post-8967","1":"product","2":"type-product","3":"status-publish","4":"has-post-thumbnail","6":"product_cat-uncategorized-de","7":"product_cat-headset","9":"first","10":"instock","11":"sale","12":"taxable","13":"shipping-taxable","14":"purchasable","15":"product-type-simple"},"exclude_global_add_ons":[],"addons":[],"jetpack-related-posts":[{"id":8964,"url":"https:\/\/anythingtechnicallc.com\/index.php\/de\/product\/jbl-tune-770nc-adaptive-geraeuschunterdrueckung-mit-intelligenter-umgebungsgeraeuschunterdrueckung-kabelloser-over-ear-kopfhoerer-bluetooth-5-3-bis-zu-70-stunden-akkulaufzeit-mit-schnellladung-l\/","url_meta":{"origin":8967,"position":0},"title":"JBL TUNE 770NC &#8211; Adaptive Ger\u00e4uschunterdr\u00fcckung mit intelligenter Umgebungsger\u00e4uschunterdr\u00fcckung, kabelloser Over-Ear-Kopfh\u00f6rer, Bluetooth 5.3, bis zu 70 Stunden Akkulaufzeit mit Schnellladung, leichtes, komfortables &#038; faltbares Design (Schwarz)","date":"March 18, 2026","format":false,"excerpt":"Adaptive Ger\u00e4uschunterdr\u00fcckung mit Smart Ambient: Adaptive Ger\u00e4uschunterdr\u00fcckung bedeutet keine Ablenkung, egal ob Sie lernen oder sich in der Musik verlieren. Wenn Sie die Welt um sich herum h\u00f6ren m\u00f6chten, aktivieren Sie Ambient Aware und TalkThru in der JBL Headphones App. Bluetooth 5.3 mit LE Audio: \u00dcbertragen Sie kabellos hochwertigen JBL\u2026","rel":"","context":"Similar post","img":{"alt_text":"","src":"https:\/\/i0.wp.com\/anythingtechnicallc.com\/wp-content\/uploads\/2024\/09\/61EL2AKKcBL._AC_SL1500_.jpg?fit=1056%2C1200&ssl=1&resize=350%2C200","width":350,"height":200},"classes":[]},{"id":9608,"url":"https:\/\/anythingtechnicallc.com\/index.php\/de\/product\/erneut-bose-quietcomfort-20-akustische-geraeuschunterdrueckung-kopfhoerer-apple-geraete-schwarz\/","url_meta":{"origin":8967,"position":1},"title":"Erneut Bose QuietComfort 20 Akustische Ger\u00e4uschunterdr\u00fcckung Kopfh\u00f6rer, Apple Ger\u00e4te (Schwarz)","date":"March 24, 2026","format":false,"excerpt":"Blenden Sie die Welt aus und verlieren Sie sich in Ihrer Musik oder h\u00f6ren Sie, was um Sie herum passiert. Sie haben die Wahl mit den ersten In-Ear-Kopfh\u00f6rern mit Ger\u00e4uschunterdr\u00fcckung von Bose. Die Quiet Comfort 20 Acoustic Noise Cancelling Headphones wurden entwickelt, damit Sie jeden Tag und \u00fcberall einen besseren\u2026","rel":"","context":"Similar post","img":{"alt_text":"","src":"https:\/\/i0.wp.com\/anythingtechnicallc.com\/wp-content\/uploads\/2025\/10\/71ZEg1bQ2sL._AC_SL1472_.jpg?fit=1200%2C701&ssl=1&resize=350%2C200","width":350,"height":200},"classes":[]},{"id":9118,"url":"https:\/\/anythingtechnicallc.com\/index.php\/de\/product\/bose-700-noise-cancelling-bluetooth-kopfhoerer-triple-black-erneuert\/","url_meta":{"origin":8967,"position":2},"title":"Bose 700 Noise-Cancelling Bluetooth Kopfh\u00f6rer (Triple Black) (Erneuert)","date":"March 19, 2026","format":false,"excerpt":"Leistungsstarke Kopfh\u00f6rer mit Ger\u00e4uschunterdr\u00fcckung: Mit 11 Stufen aktiver Ger\u00e4uschunterdr\u00fcckung k\u00f6nnen Sie Musik, Podcasts, Videos und Anrufe ohne Ablenkung genie\u00dfen. Erstaunlicher Klang: Gestochen scharfe, klare Details. Tiefe, volle B\u00e4sse. Diese kabellosen Kopfh\u00f6rer erzeugen einen aufregenden, lebensechten Klang, der bei jeder Lautst\u00e4rke voll und ausgewogen ist. Un\u00fcbertroffene Sprachaufnahme: Ein revolution\u00e4res Mikrofonsystem passt\u2026","rel":"","context":"Similar post","img":{"alt_text":"","src":"https:\/\/i0.wp.com\/anythingtechnicallc.com\/wp-content\/uploads\/2025\/02\/51nAMlff9dL._AC_SL1000_.jpg?fit=565%2C889&ssl=1&resize=350%2C200","width":350,"height":200},"classes":[]},{"id":9714,"url":"https:\/\/anythingtechnicallc.com\/index.php\/de\/product\/bose-quietcomfort-35-serie-i-kabellose-kopfhoerer-geraeuschunterdrueckung-schwarz-erneuert\/","url_meta":{"origin":8967,"position":3},"title":"Bose QuietComfort 35 (Serie I) Kabellose Kopfh\u00f6rer, Ger\u00e4uschunterdr\u00fcckung &#8211; Schwarz (Erneuert)","date":"March 24, 2026","format":false,"excerpt":"Die kabellosen Kopfh\u00f6rer Quiet Comfort 35 sind mit einer erstklassigen Ger\u00e4uschunterdr\u00fcckung ausgestattet, die daf\u00fcr sorgt, dass leise Ger\u00e4usche leiser und Musik besser klingt. Befreien Sie sich von Kabeln und verbinden Sie sich ganz einfach mit Ihren Ger\u00e4ten per Bluetooth und NFC-Kopplung. Der volumenoptimierte Equalizer sorgt f\u00fcr eine ausgewogene Audiowiedergabe bei\u2026","rel":"","context":"Similar post","img":{"alt_text":"","src":"https:\/\/i0.wp.com\/anythingtechnicallc.com\/wp-content\/uploads\/2026\/02\/Bose-QuietComfort-35.jpg?fit=1200%2C900&ssl=1&resize=350%2C200","width":350,"height":200},"classes":[]},{"id":9365,"url":"https:\/\/anythingtechnicallc.com\/index.php\/de\/product\/renewed-bose-quietcomfort-qc45-bluetooth-kopfhoerer-kabellose-kopfhoerer-mit-aktiver-geraeuschunterdrueckung-ueber-dem-ohr-und-mikrofon-tiefer-bass-bis-zu-24-stunden-spielzeit-schwarz\/","url_meta":{"origin":8967,"position":4},"title":"Renewed Bose QuietComfort QC45 Bluetooth Kopfh\u00f6rer, kabellose Kopfh\u00f6rer mit aktiver Ger\u00e4uschunterdr\u00fcckung \u00fcber dem Ohr und Mikrofon, tiefer Bass, bis zu 24 Stunden Spielzeit, Schwarz","date":"March 19, 2026","format":false,"excerpt":"GER\u00c4USCHUNTERDR\u00dcCKENDE KOPFH\u00d6RER: Kombinieren Sie die Ger\u00e4uschunterdr\u00fcckungstechnologie m\u00fchelos mit passiven Funktionen, damit Sie die Au\u00dfenwelt abschalten, Ablenkungen ausblenden und Musik \u00fcber den Beat hinaus genie\u00dfen k\u00f6nnen. KOMFORTABLER KOPFH\u00d6RER: Pl\u00fcschige Ohrmuschelpolster schmiegen sich sanft an Ihre Ohren, w\u00e4hrend ein sicheres und bequemes gepolstertes Band Ihre Over-Ear-Kopfh\u00f6rer bei besonders langen H\u00f6rsessions sanft in\u2026","rel":"","context":"Similar post","img":{"alt_text":"","src":"https:\/\/i0.wp.com\/anythingtechnicallc.com\/wp-content\/uploads\/2025\/08\/51f7KKP25PL._AC_SL1000_.jpg?fit=669%2C885&ssl=1&resize=350%2C200","width":350,"height":200},"classes":[]},{"id":8973,"url":"https:\/\/anythingtechnicallc.com\/index.php\/de\/product\/philips-ph805-aktive-geraeuschunterdrueckung-anc-over-ear-bluetooth-performance-kopfhoerer-mit-hi-res-audio-bequemer-passform-und-30-stunden-spielzeit-taph805bk\/","url_meta":{"origin":8967,"position":5},"title":"PHILIPS PH805 Aktive Ger\u00e4uschunterdr\u00fcckung (ANC) Over Ear Bluetooth Performance Kopfh\u00f6rer mit Hi-Res Audio, bequemer Passform und 30 Stunden Spielzeit (TAPH805BK)","date":"March 18, 2026","format":false,"excerpt":"Aktive Ger\u00e4uschunterdr\u00fcckung (Anc). Lassen Sie mit der aktiven Ger\u00e4uschunterdr\u00fcckung alles hinter sich. Schalten Sie den L\u00e4rm eines Zuges oder eines gesch\u00e4ftigen B\u00fcros auf Knopfdruck aus. Wenn Sie unterwegs sind, k\u00f6nnen Sie im Awareness-Modus Ihre Musik h\u00f6ren und gleichzeitig den Stra\u00dfenl\u00e4rm ausblenden. 30 Stunden Spiel- oder Gespr\u00e4chszeit (25 Stunden mit eingeschaltetem\u2026","rel":"","context":"Similar post","img":{"alt_text":"","src":"https:\/\/i0.wp.com\/anythingtechnicallc.com\/wp-content\/uploads\/2024\/09\/81G9PXF96lL._AC_SL1500_.jpg?fit=932%2C1200&ssl=1&resize=350%2C200","width":350,"height":200},"classes":[]}],"pll_sync_post":[],"lang":"de","translations":{"de":8967,"en":5247},"_links":{"self":[{"href":"https:\/\/anythingtechnicallc.com\/index.php\/wp-json\/wp\/v2\/product\/8967","targetHints":{"allow":["GET"]}}],"collection":[{"href":"https:\/\/anythingtechnicallc.com\/index.php\/wp-json\/wp\/v2\/product"}],"about":[{"href":"https:\/\/anythingtechnicallc.com\/index.php\/wp-json\/wp\/v2\/types\/product"}],"replies":[{"embeddable":true,"href":"https:\/\/anythingtechnicallc.com\/index.php\/wp-json\/wp\/v2\/comments?post=8967"}],"wp:featuredmedia":[{"embeddable":true,"href":"https:\/\/anythingtechnicallc.com\/index.php\/wp-json\/wp\/v2\/media\/8966"}],"wp:attachment":[{"href":"https:\/\/anythingtechnicallc.com\/index.php\/wp-json\/wp\/v2\/media?parent=8967"}],"wp:term":[{"taxonomy":"product_brand","embeddable":true,"href":"https:\/\/anythingtechnicallc.com\/index.php\/wp-json\/wp\/v2\/product_brand?post=8967"},{"taxonomy":"product_cat","embeddable":true,"href":"https:\/\/anythingtechnicallc.com\/index.php\/wp-json\/wp\/v2\/product_cat?post=8967"},{"taxonomy":"product_tag","embeddable":true,"href":"https:\/\/anythingtechnicallc.com\/index.php\/wp-json\/wp\/v2\/product_tag?post=8967"}],"curies":[{"name":"wp","href":"https:\/\/api.w.org\/{rel}","templated":true}]}}