{"id":9019,"date":"2026-03-18T15:06:15","date_gmt":"2026-03-18T15:06:15","guid":{"rendered":"https:\/\/anythingtechnicallc.com\/?post_type=product&#038;p=9019"},"modified":"2026-03-18T15:06:15","modified_gmt":"2026-03-18T15:06:15","slug":"custom-renew-upgarde-zu-mmcx-sennheiser-ie-800-audiophile-ohrkanal-kopfhoerer","status":"publish","type":"product","link":"https:\/\/anythingtechnicallc.com\/index.php\/de\/product\/custom-renew-upgarde-zu-mmcx-sennheiser-ie-800-audiophile-ohrkanal-kopfhoerer\/","title":{"rendered":"Custom Renew Upgarde zu MMCX Sennheiser IE 800 Audiophile Ohrkanal-Kopfh\u00f6rer"},"content":{"rendered":"<p><strong>Original Keramik-Hinterkammer, A+ Grade Nano-Composite-Membran, magnetischer Ringtreiber,<\/strong><br \/>\nBreites Klangspektrum, einfach zu bedienen.<\/p>\n<p>Die Trennung von hohen, mittleren und tiefen Frequenzen ist ausgezeichnet, mit kraftvollen und tiefen B\u00e4ssen, transparenten H\u00f6hen mit guter Aufl\u00f6sung und vollen, warmen Stimmen (ohne die urspr\u00fcnglichen Probleme mit Zischlauten und zur\u00fcckgenommenen Mitten). Dieses Upgrade \u00fcbertrifft die High-End-IE-Serie von Sennheiser und \u00fcbertrifft sogar das Original IE800.<\/p>\n<p>Die vordere Kavit\u00e4t wurde mit einer Druckentlastungs\u00f6ffnung versehen, um den Luftdruck auf das Trommelfell zu vermeiden und so Ohrbeschwerden vorzubeugen. Im Inneren haben wir f\u00fcr die Klangabstimmung dichtes Papier verwendet, das daf\u00fcr sorgt, dass die H\u00f6hen nicht scharf und die B\u00e4sse nicht matschig sind. Dieses Design l\u00f6st Probleme wie Unbehagen beim engen Tragen oder Klangverluste und schwache B\u00e4sse beim lockeren Tragen (siehe Abbildung 3 als Referenz).<\/p>\n","protected":false},"excerpt":{"rendered":"<p><strong>Original Keramik-Hinterkammer, A+ Grade Nano-Composite-Membran, magnetischer Ringtreiber,<\/strong><br \/>\nBreites Klangspektrum, einfach zu bedienen.<\/p>\n<p>Die Trennung von hohen, mittleren und tiefen Frequenzen ist ausgezeichnet, mit kraftvollen und tiefen B\u00e4ssen, transparenten H\u00f6hen mit guter Aufl\u00f6sung und vollen, warmen Stimmen (ohne die urspr\u00fcnglichen Probleme mit Zischlauten und zur\u00fcckgenommenen Mitten). Dieses Upgrade \u00fcbertrifft die High-End IE-Serie von Sennheiser und \u00fcbertrifft sogar das Original IE800.<\/p>\n<p>Die vordere Kavit\u00e4t wurde mit einer Druckentlastungs\u00f6ffnung versehen, um den Luftdruck auf das Trommelfell zu vermeiden und so Ohrbeschwerden vorzubeugen. Im Inneren haben wir f\u00fcr die Klangabstimmung dichtes Papier verwendet, das daf\u00fcr sorgt, dass die H\u00f6hen nicht scharf und die B\u00e4sse nicht matschig sind. Dieses Design l\u00f6st Probleme wie Unbehagen beim engen Tragen oder Klangverluste und schwache B\u00e4sse beim lockeren Tragen (siehe Abbildung 3 als Referenz).<\/p>\n","protected":false},"featured_media":9018,"comment_status":"open","ping_status":"closed","template":"","meta":{"_et_pb_use_builder":"","_et_pb_old_content":"","_et_gb_content_width":""},"product_brand":[],"product_cat":[1372],"product_tag":[],"class_list":{"0":"post-9019","1":"product","2":"type-product","3":"status-publish","4":"has-post-thumbnail","6":"product_cat-elektronik","8":"first","9":"instock","10":"sale","11":"taxable","12":"shipping-taxable","13":"purchasable","14":"product-type-simple"},"exclude_global_add_ons":[],"addons":[],"jetpack-related-posts":[{"id":9735,"url":"https:\/\/anythingtechnicallc.com\/index.php\/de\/product\/gebrauchter-sennheiser-ie-400-pro-professioneller-in-ear-monitoring-kopfhoerer-klar\/","url_meta":{"origin":9019,"position":0},"title":"Gebrauchter Sennheiser IE 400 PRO Professioneller In-Ear-Monitoring-Kopfh\u00f6rer, klar","date":"March 24, 2026","format":false,"excerpt":"Erleben Sie Audio auf Profi-Niveau mit diesen In-Ear-Monitoren von Sennheiser, perfekt f\u00fcr Live-Auftritte. Erzielen Sie eine \u00fcberragende Ger\u00e4uschisolierung von bis zu 26 dB, die selbst in lauten Umgebungen einen kristallklaren Klang gew\u00e4hrleistet. Dieser robuste In-Ear-Kopfh\u00f6rer verf\u00fcgt \u00fcber einen breiten Frequenzgang von 6-19.000 Hz f\u00fcr detailreichen Klang. Die niedrige Impedanz des\u2026","rel":"","context":"Similar post","img":{"alt_text":"","src":"https:\/\/i0.wp.com\/anythingtechnicallc.com\/wp-content\/uploads\/2026\/03\/Sennheiser-IE-400-PRO-Professional-In-Ear-Monitoring-Headphones-Clear.jpg?fit=1200%2C1200&ssl=1&resize=350%2C200","width":350,"height":200},"classes":[]},{"id":8929,"url":"https:\/\/anythingtechnicallc.com\/index.php\/de\/product\/sennheiser-cx-300s-in-ear-kopfhoerer-mit-intelligenter-ein-knopf-fernbedienung-schwarz\/","url_meta":{"origin":9019,"position":1},"title":"Sennheiser CX 300S In-Ear-Kopfh\u00f6rer mit intelligenter Ein-Knopf-Fernbedienung &#8211; Schwarz","date":"March 18, 2026","format":false,"excerpt":"Vergewissern Sie sich, dass das Produkt passt, indem Sie Ihre Modellnummer eingeben. Hinweis : Wenn die Gr\u00f6\u00dfe der Ohrst\u00f6psel nicht mit der Gr\u00f6\u00dfe Ihrer Geh\u00f6rg\u00e4nge \u00fcbereinstimmt oder das Headset nicht richtig in Ihren Ohren getragen wird, erhalten Sie m\u00f6glicherweise nicht die richtige Klangqualit\u00e4t oder Gespr\u00e4chsleistung. Tauschen Sie die Ohrst\u00f6psel gegen\u2026","rel":"","context":"Similar post","img":{"alt_text":"","src":"https:\/\/i0.wp.com\/anythingtechnicallc.com\/wp-content\/uploads\/2023\/03\/Sennheiser-CX-300S-In-Ear-Headphone-with-One-Button-Smart-Remote-Black-0.jpg?fit=500%2C500&ssl=1&resize=350%2C200","width":350,"height":200},"classes":[]},{"id":8936,"url":"https:\/\/anythingtechnicallc.com\/index.php\/de\/product\/sennheiser-cx-sport-bluetooth-sport-kopfhoerer\/","url_meta":{"origin":9019,"position":2},"title":"Sennheiser CX Sport Bluetooth Sport-Kopfh\u00f6rer","date":"March 18, 2026","format":false,"excerpt":"Geben Sie Ihre Modellnummer ein, um sicherzustellen, dass das Produkt passt. Die von Sennheiser entwickelten und in Deutschland hergestellten Schallwandler liefern einen ausgewogenen und detaillierten Klang mit dynamischen B\u00e4ssen. Schwei\u00df- und spritzwassergesch\u00fctzt, entwickelt als Erg\u00e4nzung zu Ihren Trainingsaktivit\u00e4ten","rel":"","context":"Similar post","img":{"alt_text":"","src":"https:\/\/i0.wp.com\/anythingtechnicallc.com\/wp-content\/uploads\/2023\/03\/Sennheiser-CX-Sport-Bluetooth-Sports-Headphone-0.jpg?fit=423%2C500&ssl=1&resize=350%2C200","width":350,"height":200},"classes":[]},{"id":9837,"url":"https:\/\/anythingtechnicallc.com\/index.php\/de\/product\/shokz-new-openrun-pro-2-knochenleitungs-kopfhoerer-offene-bluetooth-sport-kopfhoerer-fuer-laufen-training-schweissresistent-sicherer-komfortabler-sitz-tiefe-baesse-intelligentes-mikrofon-re\/","url_meta":{"origin":9019,"position":3},"title":"SHOKZ New OpenRun Pro 2- Knochenleitungs-Kopfh\u00f6rer, offene Bluetooth-Sport-Kopfh\u00f6rer f\u00fcr Laufen, Training &#8211; schwei\u00dfresistent, sicherer, komfortabler Sitz &#8211; tiefe B\u00e4sse, intelligentes Mikrofon, Reflektorstreifen Schwarz","date":"April 8, 2026","format":false,"excerpt":"Open-Ear Awareness - Das charakteristische offene Design von SHOKZ hilft Ihnen, Ihr Training durchzuziehen, w\u00e4hrend Sie Ihre Umgebung sicher wahrnehmen. Das auslaufsichere H\u00f6ren sorgt daf\u00fcr, dass Ihr Audio nur f\u00fcr Ihre Ohren bestimmt ist. Un\u00fcbertroffener Klang und Premium-Sound - Duale Treiber kombinieren die klaren H\u00f6hen der Bone Conduction Tech mit\u2026","rel":"","context":"Similar post","img":{"alt_text":"","src":"https:\/\/i0.wp.com\/anythingtechnicallc.com\/wp-content\/uploads\/2026\/03\/417fmeqXikL._AC_SL1500_.jpg?fit=1061%2C557&ssl=1&resize=350%2C200","width":350,"height":200},"classes":[]},{"id":9321,"url":"https:\/\/anythingtechnicallc.com\/index.php\/de\/product\/gebrauchter-sennheiser-hd-599-open-back-kopfhoerer-elfenbein\/","url_meta":{"origin":9019,"position":4},"title":"Gebrauchter SENNHEISER HD 599 Open Back Kopfh\u00f6rer, Elfenbein","date":"March 19, 2026","format":false,"excerpt":"Der HD 599 ist ein offener Kopfh\u00f6rer, der mit der von Sennheiser entwickelten Schallwandlertechnologie ausgestattet ist und eine beeindruckend nat\u00fcrliche r\u00e4umliche Wiedergabe bietet. Als Kr\u00f6nung der 500er-Serie von Sennheiser bietet der Premium-Kopfh\u00f6rer in voller Gr\u00f6\u00dfe eine nahezu audiophile Klangqualit\u00e4t und einen au\u00dfergew\u00f6hnlichen Tragekomfort dank der gro\u00dfen Ohrmuscheln und der weichen,\u2026","rel":"","context":"Similar post","img":{"alt_text":"","src":"https:\/\/i0.wp.com\/anythingtechnicallc.com\/wp-content\/uploads\/2025\/07\/612KFU4Js-S._AC_SL1312_.jpg?fit=666%2C1200&ssl=1&resize=350%2C200","width":350,"height":200},"classes":[]},{"id":9564,"url":"https:\/\/anythingtechnicallc.com\/index.php\/de\/product\/hyperx-cloud-alpha-wireless-gaming-headset-fuer-pc-300-stunden-akkulaufzeit-dts-headphonex-spatial-audio-memory-schaumstoff-doppelkammertreiber-mikrofon-mit-geraeuschunterdrueckung-stabiler-a\/","url_meta":{"origin":9019,"position":5},"title":"HyperX Cloud Alpha Wireless &#8211; Gaming-Headset f\u00fcr PC, 300 Stunden Akkulaufzeit, DTS Headphone:X Spatial Audio, Memory-Schaumstoff, Doppelkammertreiber, Mikrofon mit Ger\u00e4uschunterdr\u00fcckung, stabiler Aluminiumrahmen, Rot","date":"March 21, 2026","format":false,"excerpt":"HyperX-typischer Komfort: Dieses leichte, bequeme Headset mit dem charakteristischen HyperX Memory Foam und atmungsaktivem Kunstleder hilft Ihnen, sich auch bei Marathon-Gaming-Sessions zu konzentrieren. HyperX Zweikammer-Treiber: Das bahnbrechende Zweikammer-Treibersystem des Cloud Alpha Wireless stimmt die Mitten und H\u00f6hen getrennt von den basslastigen B\u00e4ssen ab, um einen unglaublich klaren Klang zu liefern.\u2026","rel":"","context":"Similar post","img":{"alt_text":"","src":"https:\/\/i0.wp.com\/anythingtechnicallc.com\/wp-content\/uploads\/2025\/10\/HyperX-Cloud-Alpha-Wireless-Gaming-Headset.jpg?fit=1200%2C1169&ssl=1&resize=350%2C200","width":350,"height":200},"classes":[]}],"pll_sync_post":[],"lang":"de","translations":{"de":9019,"en":5341},"_links":{"self":[{"href":"https:\/\/anythingtechnicallc.com\/index.php\/wp-json\/wp\/v2\/product\/9019","targetHints":{"allow":["GET"]}}],"collection":[{"href":"https:\/\/anythingtechnicallc.com\/index.php\/wp-json\/wp\/v2\/product"}],"about":[{"href":"https:\/\/anythingtechnicallc.com\/index.php\/wp-json\/wp\/v2\/types\/product"}],"replies":[{"embeddable":true,"href":"https:\/\/anythingtechnicallc.com\/index.php\/wp-json\/wp\/v2\/comments?post=9019"}],"wp:featuredmedia":[{"embeddable":true,"href":"https:\/\/anythingtechnicallc.com\/index.php\/wp-json\/wp\/v2\/media\/9018"}],"wp:attachment":[{"href":"https:\/\/anythingtechnicallc.com\/index.php\/wp-json\/wp\/v2\/media?parent=9019"}],"wp:term":[{"taxonomy":"product_brand","embeddable":true,"href":"https:\/\/anythingtechnicallc.com\/index.php\/wp-json\/wp\/v2\/product_brand?post=9019"},{"taxonomy":"product_cat","embeddable":true,"href":"https:\/\/anythingtechnicallc.com\/index.php\/wp-json\/wp\/v2\/product_cat?post=9019"},{"taxonomy":"product_tag","embeddable":true,"href":"https:\/\/anythingtechnicallc.com\/index.php\/wp-json\/wp\/v2\/product_tag?post=9019"}],"curies":[{"name":"wp","href":"https:\/\/api.w.org\/{rel}","templated":true}]}}