{"id":9074,"date":"2026-03-18T15:31:27","date_gmt":"2026-03-18T15:31:27","guid":{"rendered":"https:\/\/anythingtechnicallc.com\/?post_type=product&#038;p=9074"},"modified":"2026-03-18T15:31:27","modified_gmt":"2026-03-18T15:31:27","slug":"bose-quiet-control-30-kabellose-kopfhoerer-mit-geraeuschunterdrueckung-schwarz-erneuert","status":"publish","type":"product","link":"https:\/\/anythingtechnicallc.com\/index.php\/de\/product\/bose-quiet-control-30-kabellose-kopfhoerer-mit-geraeuschunterdrueckung-schwarz-erneuert\/","title":{"rendered":"Bose Quiet-control 30 Kabellose Kopfh\u00f6rer mit Ger\u00e4uschunterdr\u00fcckung &#8211; Schwarz (Erneuert)"},"content":{"rendered":"<div id=\"productDescription_feature_div\" class=\"celwidget pd_rd_w-mbAUw pd_rd_r-89XPFYMQRHX16EW2YAKT pd_rd_wg-3zhfF\" data-feature-name=\"productDescription\" data-csa-c-type=\"widget\" data-csa-c-content-id=\"productDescription\" data-csa-c-slot-id=\"productDescription_feature_div\" data-csa-c-asin=\"\" data-csa-c-is-in-initial-active-row=\"false\" data-csa-c-id=\"s2rdm1-5g7rm2-e9nzat-6gtk7k\">\n<div>\n<div id=\"productDescription_feature_div\" class=\"a-row feature\" data-feature-name=\"productDescription\" data-template-name=\"productDescription\">\n<div id=\"productDescription\" class=\"a-section a-spacing-small\">\n<p><span class=\"a-text-bold\">Entscheiden Sie, wie viel von der Welt Sie hereinlassen wollen<\/span><br \/>\nSie k\u00f6nnen nicht kontrollieren, wie laut Ihre Umgebung ist. Aber Sie k\u00f6nnen kontrollieren, wie viel Sie davon h\u00f6ren. Mit den QuietControl 30 Ohrh\u00f6rern k\u00f6nnen Sie den Grad der Ger\u00e4uschunterdr\u00fcckung selbst bestimmen und erhalten bei jeder Lautst\u00e4rke eine ausgewogene Audioleistung. Der leichte Nackenb\u00fcgel passt sich Ihrem K\u00f6rper an, so dass Sie die Kopfh\u00f6rer den ganzen Tag \u00fcber tragen k\u00f6nnen, und die Bluetooth-Verbindung sorgt daf\u00fcr, dass Ihnen die Kabel nicht im Weg sind.<\/p>\n<p><span class=\"a-text-bold\">Seien Sie der Herr Ihrer Umgebung<\/span><br \/>\nH\u00f6ren Sie mit der neuen bahnbrechenden Technologie wie nie zuvor: Sie k\u00f6nnen jetzt selbst bestimmen, wie viel Sie von der Au\u00dfenwelt hereinlassen m\u00f6chten. L\u00e4rmbel\u00e4stigung auf dem Weg zur Arbeit? Blenden Sie die Ablenkungen aus. Warten Sie im Terminal? Lassen Sie ein wenig davon herein, um Ihren Boarding Call zu h\u00f6ren. Drehen Sie sie dann nach dem Start wieder auf. Den ganzen Tag \u00fcber wird Sie der L\u00e4rm nicht st\u00f6ren. Es sei denn, Sie lassen ihn zu.<\/p>\n<p><span class=\"a-text-bold\">Ergonomisches Nackenband-Design<\/span><br \/>\nEin leichtes, konturiertes Nackenband passt sich Ihrem K\u00f6rper an. Er besteht aus weichen Materialien, die f\u00fcr einen angenehmen Tragekomfort sorgen &#8211; perfekt, um den ganzen Tag zu h\u00f6ren.<\/p>\n<p><span class=\"a-text-bold\">Aktive Ger\u00e4uschunterdr\u00fcckung<\/span><br \/>\nL\u00e4rm ist eine Konstante. Deshalb haben wir eine pr\u00e4zise Anordnung von Mikrofonen innerhalb und au\u00dferhalb der Ohrh\u00f6rer, um sie kontinuierlich zu messen, zu vergleichen und auf sie zu reagieren. Das System erzeugt dann ein gleiches und entgegengesetztes Signal, um den L\u00e4rm zu unterdr\u00fccken. Die StayHear+ QC-Aufs\u00e4tze bilden au\u00dferdem eine sanfte Dichtung f\u00fcr zus\u00e4tzliche passive Ger\u00e4uschunterdr\u00fcckung.<\/p>\n<p><span class=\"a-text-bold\">Kabelloser Klang ohne Kompromisse<\/span><br \/>\nLassen Sie die Kabel hinter sich &#8211; ohne Abstriche bei der Leistung. Der f\u00fcr die Lautst\u00e4rke optimierte EQ liefert bei jeder Lautst\u00e4rke einen konsistenten, ausgewogenen Klang. Wenn Sie auf einer belebten Stra\u00dfe sind und lauter drehen m\u00fcssen, bleibt der Klang Ihrer Musik treu. Und die neu entwickelte Bluetooth- und NFC-Kopplung sorgt f\u00fcr eine schnelle und einfache Verbindung mit Ihren Ger\u00e4ten. Mit dem integrierten Mikrofon k\u00f6nnen Sie Anrufe annehmen\/beenden, Titel \u00fcberspringen\/pausieren und die Lautst\u00e4rke regeln, ohne nach Ihrem Ger\u00e4t greifen zu m\u00fcssen. So k\u00f6nnen Sie sich ganz auf die Musik konzentrieren.<\/p>\n<\/div>\n<\/div>\n<\/div>\n<\/div>\n<div id=\"miraiBTFShopByLook_feature_div\" class=\"celwidget pd_rd_w-wnIVq pd_rd_r-89XPFYMQRHX16EW2YAKT pd_rd_wg-3zhfF\" data-feature-name=\"miraiBTFShopByLook\" data-csa-c-type=\"widget\" data-csa-c-content-id=\"miraiBTFShopByLook\" data-csa-c-slot-id=\"miraiBTFShopByLook_feature_div\" data-csa-c-asin=\"\" data-csa-c-is-in-initial-active-row=\"false\" data-csa-c-id=\"30duhv-lkntjz-5nn80o-ylkx8r\"><\/div>\n<div id=\"aplusSustainabilityStory_feature_div\" class=\"celwidget pd_rd_w-40gxu pd_rd_r-89XPFYMQRHX16EW2YAKT pd_rd_wg-3zhfF\" data-feature-name=\"aplusSustainabilityStory\" data-csa-c-type=\"widget\" data-csa-c-content-id=\"aplusSustainabilityStory\" data-csa-c-slot-id=\"aplusSustainabilityStory_feature_div\" data-csa-c-asin=\"\" data-csa-c-is-in-initial-active-row=\"false\" data-csa-c-id=\"biih6k-25e1ct-kfc84y-r3nxi8\"><\/div>\n<div id=\"ask-dp-search_feature_div\" class=\"celwidget pd_rd_w-SeTjK pd_rd_r-89XPFYMQRHX16EW2YAKT pd_rd_wg-3zhfF\" data-feature-name=\"ask-dp-search\" data-csa-c-type=\"widget\" data-csa-c-content-id=\"ask-dp-search\" data-csa-c-slot-id=\"ask-dp-search_feature_div\" data-csa-c-asin=\"\" data-csa-c-is-in-initial-active-row=\"false\" data-csa-c-id=\"uma9vw-ur2p8d-iltdhi-q3g5wp\">\n<div id=\"ask-dp-search_feature_div\">\n<div id=\"ask-dp-search_feature_div\"><\/div>\n<\/div>\n<\/div>\n<div id=\"renewedProgramDescriptionBtf_feature_div\" class=\"celwidget pd_rd_w-c6mTC pd_rd_r-89XPFYMQRHX16EW2YAKT pd_rd_wg-3zhfF\" data-feature-name=\"renewedProgramDescriptionBtf\" data-csa-c-type=\"widget\" data-csa-c-content-id=\"renewedProgramDescriptionBtf\" data-csa-c-slot-id=\"renewedProgramDescriptionBtf_feature_div\" data-csa-c-asin=\"\" data-csa-c-is-in-initial-active-row=\"false\" data-csa-c-id=\"300e6o-76spd3-6svfu2-51etyg\">\n<div class=\"renewedOfferConsistency\">\n<div class=\"RENEWED_TIER_2_offerConsistency\">\n<div id=\"RENEWED_TIER_2_renewedProgramDescriptionBtfSection\" class=\"a-section a-spacing-medium a-spacing-top-base\"><\/div>\n<\/div>\n<\/div>\n<\/div>\n","protected":false},"excerpt":{"rendered":"<div id=\"productDescription_feature_div\" class=\"celwidget pd_rd_w-mbAUw pd_rd_r-89XPFYMQRHX16EW2YAKT pd_rd_wg-3zhfF\" data-feature-name=\"productDescription\" data-csa-c-type=\"widget\" data-csa-c-content-id=\"productDescription\" data-csa-c-slot-id=\"productDescription_feature_div\" data-csa-c-asin=\"\" data-csa-c-is-in-initial-active-row=\"false\" data-csa-c-id=\"s2rdm1-5g7rm2-e9nzat-6gtk7k\">\n<div>\n<div id=\"productDescription_feature_div\" class=\"a-row feature\" data-feature-name=\"productDescription\" data-template-name=\"productDescription\">\n<div id=\"productDescription\" class=\"a-section a-spacing-small\">\n<p><span class=\"a-text-bold\">Entscheiden Sie, wie viel von der Welt Sie hereinlassen wollen<\/span><br \/>\nSie k\u00f6nnen nicht kontrollieren, wie laut Ihre Umgebung ist. Aber Sie k\u00f6nnen kontrollieren, wie viel Sie davon h\u00f6ren. Mit den QuietControl 30 Ohrh\u00f6rern k\u00f6nnen Sie den Grad der Ger\u00e4uschunterdr\u00fcckung selbst bestimmen und erhalten bei jeder Lautst\u00e4rke eine ausgewogene Audioleistung. Der leichte Nackenb\u00fcgel passt sich Ihrem K\u00f6rper an, so dass Sie die Kopfh\u00f6rer den ganzen Tag \u00fcber tragen k\u00f6nnen, und dank der Bluetooth-Verbindung sind Ihnen die Kabel nicht im Weg.<\/p>\n<p><span class=\"a-text-bold\">Seien Sie der Herr Ihrer Umgebung<\/span><br \/>\nH\u00f6ren Sie mit der neuen bahnbrechenden Technologie wie nie zuvor: Sie k\u00f6nnen jetzt selbst bestimmen, wie viel Sie von der Au\u00dfenwelt hereinlassen m\u00f6chten. L\u00e4rmbel\u00e4stigung auf dem Weg zur Arbeit? Blenden Sie die Ablenkungen aus. Warten Sie im Terminal? Lassen Sie ein wenig davon herein, um Ihren Boarding Call zu h\u00f6ren. Drehen Sie sie dann nach dem Start wieder auf. Den ganzen Tag \u00fcber wird Sie der L\u00e4rm nicht st\u00f6ren. Es sei denn, Sie lassen ihn zu.<\/p>\n<p><span class=\"a-text-bold\">Ergonomisches Nackenband-Design<\/span><br \/>\nEin leichtes, konturiertes Nackenband passt sich Ihrem K\u00f6rper an. Er besteht aus weichen Materialien, die f\u00fcr einen angenehmen Tragekomfort sorgen &#8211; perfekt, um den ganzen Tag zu h\u00f6ren.<\/p>\n<p><span class=\"a-text-bold\">Aktive Ger\u00e4uschunterdr\u00fcckung<\/span><br \/>\nL\u00e4rm ist eine Konstante. Deshalb haben wir eine pr\u00e4zise Anordnung von Mikrofonen innerhalb und au\u00dferhalb der Ohrh\u00f6rer, um sie kontinuierlich zu messen, zu vergleichen und auf sie zu reagieren. Das System erzeugt dann ein gleiches und entgegengesetztes Signal, um den L\u00e4rm zu unterdr\u00fccken. Die StayHear+ QC-Aufs\u00e4tze bilden au\u00dferdem eine sanfte Dichtung f\u00fcr zus\u00e4tzliche passive Ger\u00e4uschunterdr\u00fcckung.<\/p>\n<p><span class=\"a-text-bold\">Kabelloser Klang ohne Kompromisse<\/span><br \/>\nLassen Sie die Kabel hinter sich &#8211; ohne Abstriche bei der Leistung. Der f\u00fcr die Lautst\u00e4rke optimierte EQ liefert bei jeder Lautst\u00e4rke einen konsistenten, ausgewogenen Klang. Wenn Sie auf einer belebten Stra\u00dfe sind und lauter drehen m\u00fcssen, bleibt der Klang Ihrer Musik treu. Und die neu entwickelte Bluetooth- und NFC-Kopplung sorgt f\u00fcr eine schnelle und einfache Verbindung mit Ihren Ger\u00e4ten. Mit dem integrierten Mikrofon k\u00f6nnen Sie Anrufe annehmen\/beenden, Titel \u00fcberspringen\/pausieren und die Lautst\u00e4rke regeln, ohne nach Ihrem Ger\u00e4t greifen zu m\u00fcssen. So k\u00f6nnen Sie sich ganz auf die Musik konzentrieren.<\/p>\n<\/div>\n<\/div>\n<\/div>\n<\/div>\n<div id=\"miraiBTFShopByLook_feature_div\" class=\"celwidget pd_rd_w-wnIVq pd_rd_r-89XPFYMQRHX16EW2YAKT pd_rd_wg-3zhfF\" data-feature-name=\"miraiBTFShopByLook\" data-csa-c-type=\"widget\" data-csa-c-content-id=\"miraiBTFShopByLook\" data-csa-c-slot-id=\"miraiBTFShopByLook_feature_div\" data-csa-c-asin=\"\" data-csa-c-is-in-initial-active-row=\"false\" data-csa-c-id=\"30duhv-lkntjz-5nn80o-ylkx8r\"><\/div>\n<div id=\"aplusSustainabilityStory_feature_div\" class=\"celwidget pd_rd_w-40gxu pd_rd_r-89XPFYMQRHX16EW2YAKT pd_rd_wg-3zhfF\" data-feature-name=\"aplusSustainabilityStory\" data-csa-c-type=\"widget\" data-csa-c-content-id=\"aplusSustainabilityStory\" data-csa-c-slot-id=\"aplusSustainabilityStory_feature_div\" data-csa-c-asin=\"\" data-csa-c-is-in-initial-active-row=\"false\" data-csa-c-id=\"biih6k-25e1ct-kfc84y-r3nxi8\"><\/div>\n<div id=\"ask-dp-search_feature_div\" class=\"celwidget pd_rd_w-SeTjK pd_rd_r-89XPFYMQRHX16EW2YAKT pd_rd_wg-3zhfF\" data-feature-name=\"ask-dp-search\" data-csa-c-type=\"widget\" data-csa-c-content-id=\"ask-dp-search\" data-csa-c-slot-id=\"ask-dp-search_feature_div\" data-csa-c-asin=\"\" data-csa-c-is-in-initial-active-row=\"false\" data-csa-c-id=\"uma9vw-ur2p8d-iltdhi-q3g5wp\">\n<div id=\"ask-dp-search_feature_div\">\n<div id=\"ask-dp-search_feature_div\"><\/div>\n<\/div>\n<\/div>\n<div id=\"renewedProgramDescriptionBtf_feature_div\" class=\"celwidget pd_rd_w-c6mTC pd_rd_r-89XPFYMQRHX16EW2YAKT pd_rd_wg-3zhfF\" data-feature-name=\"renewedProgramDescriptionBtf\" data-csa-c-type=\"widget\" data-csa-c-content-id=\"renewedProgramDescriptionBtf\" data-csa-c-slot-id=\"renewedProgramDescriptionBtf_feature_div\" data-csa-c-asin=\"\" data-csa-c-is-in-initial-active-row=\"false\" data-csa-c-id=\"300e6o-76spd3-6svfu2-51etyg\">\n<div class=\"renewedOfferConsistency\">\n<div class=\"RENEWED_TIER_2_offerConsistency\">\n<div id=\"RENEWED_TIER_2_renewedProgramDescriptionBtfSection\" class=\"a-section a-spacing-medium a-spacing-top-base\"><\/div>\n<\/div>\n<\/div>\n<\/div>\n","protected":false},"featured_media":9073,"comment_status":"open","ping_status":"closed","template":"","meta":{"_et_pb_use_builder":"","_et_pb_old_content":"","_et_gb_content_width":""},"product_brand":[],"product_cat":[1372],"product_tag":[],"class_list":{"0":"post-9074","1":"product","2":"type-product","3":"status-publish","4":"has-post-thumbnail","6":"product_cat-elektronik","8":"first","9":"instock","10":"sale","11":"taxable","12":"shipping-taxable","13":"purchasable","14":"product-type-simple"},"exclude_global_add_ons":[],"addons":[],"jetpack-related-posts":[{"id":9674,"url":"https:\/\/anythingtechnicallc.com\/index.php\/de\/product\/bose-noise-cancelling-wireless-bluetooth-kopfhoerer-700-mit-alexa-sprachsteuerung-silber-erneuert\/","url_meta":{"origin":9074,"position":0},"title":"Bose Noise Cancelling Wireless Bluetooth Kopfh\u00f6rer 700, mit Alexa Sprachsteuerung, Silber (erneuert)","date":"March 24, 2026","format":false,"excerpt":"Behalten Sie Ihr Telefon in der Tasche und den Kopf frei f\u00fcr die Welt mit einfachem Zugang zu Sprachassistenten f\u00fcr Musik, Navigation, Wetter und mehr. Dank des einzigartigen adaptiven Vier-Mikrofon-Systems, das Ihre Stimme von Umgebungsger\u00e4uschen isoliert, k\u00f6nnen Sie in jeder Umgebung selbstbewusst einen Anruf entgegennehmen oder mit Alexa sprechen. Passen\u2026","rel":"","context":"Similar post","img":{"alt_text":"","src":"https:\/\/i0.wp.com\/anythingtechnicallc.com\/wp-content\/uploads\/2026\/01\/Bose-700-Silver.jpg?fit=900%2C1200&ssl=1&resize=350%2C200","width":350,"height":200},"classes":[]},{"id":9599,"url":"https:\/\/anythingtechnicallc.com\/index.php\/de\/product\/renewed-bose-quietcomfort-bluetooth-earbuds-true-wireless-earbuds-mit-aktiver-geraeuschunterdrueckung-und-mikrofon-tiefer-bass-ipx4-bewertung-bis-zu-85-stunden-spielzeit-schwarz\/","url_meta":{"origin":9074,"position":1},"title":"Renewed Bose QuietComfort Bluetooth Earbuds, True Wireless Earbuds mit aktiver Ger\u00e4uschunterdr\u00fcckung und Mikrofon, tiefer Bass, IPX4 Bewertung, bis zu 8,5 Stunden Spielzeit, Schwarz","date":"March 24, 2026","format":false,"excerpt":"TON OHNE KOMPROMISS: Nutzen Sie den Tag auf Ihre Weise und trotzen Sie den Ablenkungen mit diesen kabellosen Bluetooth-Kopfh\u00f6rern mit weltbekannter Ger\u00e4uschunterdr\u00fcckung f\u00fcr ein H\u00f6rerlebnis, das den Alltag zu einem Epos macht. LEISTUNGSSTARKES, BEW\u00c4HRTES AUDIO: Diese kabellosen Bluetooth-Kopfh\u00f6rer mit IPX4-Klassifizierung bieten eine bemerkenswerte Klangqualit\u00e4t f\u00fcr ein befriedigendes H\u00f6rerlebnis, das genau\u2026","rel":"","context":"Similar post","img":{"alt_text":"","src":"https:\/\/i0.wp.com\/anythingtechnicallc.com\/wp-content\/uploads\/2025\/10\/61qIEvCy6L._AC_SL1500_.jpg?fit=1200%2C1146&ssl=1&resize=350%2C200","width":350,"height":200},"classes":[]},{"id":9608,"url":"https:\/\/anythingtechnicallc.com\/index.php\/de\/product\/erneut-bose-quietcomfort-20-akustische-geraeuschunterdrueckung-kopfhoerer-apple-geraete-schwarz\/","url_meta":{"origin":9074,"position":2},"title":"Erneut Bose QuietComfort 20 Akustische Ger\u00e4uschunterdr\u00fcckung Kopfh\u00f6rer, Apple Ger\u00e4te (Schwarz)","date":"March 24, 2026","format":false,"excerpt":"Blenden Sie die Welt aus und verlieren Sie sich in Ihrer Musik oder h\u00f6ren Sie, was um Sie herum passiert. Sie haben die Wahl mit den ersten In-Ear-Kopfh\u00f6rern mit Ger\u00e4uschunterdr\u00fcckung von Bose. Die Quiet Comfort 20 Acoustic Noise Cancelling Headphones wurden entwickelt, damit Sie jeden Tag und \u00fcberall einen besseren\u2026","rel":"","context":"Similar post","img":{"alt_text":"","src":"https:\/\/i0.wp.com\/anythingtechnicallc.com\/wp-content\/uploads\/2025\/10\/71ZEg1bQ2sL._AC_SL1472_.jpg?fit=1200%2C701&ssl=1&resize=350%2C200","width":350,"height":200},"classes":[]},{"id":9118,"url":"https:\/\/anythingtechnicallc.com\/index.php\/de\/product\/bose-700-noise-cancelling-bluetooth-kopfhoerer-triple-black-erneuert\/","url_meta":{"origin":9074,"position":3},"title":"Bose 700 Noise-Cancelling Bluetooth Kopfh\u00f6rer (Triple Black) (Erneuert)","date":"March 19, 2026","format":false,"excerpt":"Leistungsstarke Kopfh\u00f6rer mit Ger\u00e4uschunterdr\u00fcckung: Mit 11 Stufen aktiver Ger\u00e4uschunterdr\u00fcckung k\u00f6nnen Sie Musik, Podcasts, Videos und Anrufe ohne Ablenkung genie\u00dfen. Erstaunlicher Klang: Gestochen scharfe, klare Details. Tiefe, volle B\u00e4sse. Diese kabellosen Kopfh\u00f6rer erzeugen einen aufregenden, lebensechten Klang, der bei jeder Lautst\u00e4rke voll und ausgewogen ist. Un\u00fcbertroffene Sprachaufnahme: Ein revolution\u00e4res Mikrofonsystem passt\u2026","rel":"","context":"Similar post","img":{"alt_text":"","src":"https:\/\/i0.wp.com\/anythingtechnicallc.com\/wp-content\/uploads\/2025\/02\/51nAMlff9dL._AC_SL1000_.jpg?fit=565%2C889&ssl=1&resize=350%2C200","width":350,"height":200},"classes":[]},{"id":9861,"url":"https:\/\/anythingtechnicallc.com\/index.php\/de\/product\/gebrauchte-bose-quietcomfort-earbuds-true-wireless-bluetooth-earbuds-mit-aktiver-geraeuschunterdrueckung-und-mikrofon-usb-c-aufladung-ipx4-bewertung-bis-zu-85-stunden-spielzeit-schwarz\/","url_meta":{"origin":9074,"position":4},"title":"Gebrauchte Bose QuietComfort Earbuds &#8211; True Wireless Bluetooth Earbuds mit aktiver Ger\u00e4uschunterdr\u00fcckung und Mikrofon, USB-C Aufladung, IPX4 Bewertung, bis zu 8,5 Stunden Spielzeit, Schwarz","date":"April 8, 2026","format":false,"excerpt":"KLANG OHNE KOMPROMISS: Nutzen Sie den Tag auf Ihre Weise und trotzen Sie Ablenkungen mit diesen kabellosen Ohrh\u00f6rern mit weltbekannter Ger\u00e4uschunterdr\u00fcckung f\u00fcr ein H\u00f6rerlebnis, das den Alltag episch erscheinen l\u00e4sst. SEIZE-THE-DAY STAYING POWER: Diese Ohrh\u00f6rer mit Ger\u00e4uschunterdr\u00fcckung lassen sich kabellos aufladen und erm\u00f6glichen Ihnen eine H\u00f6rdauer von bis zu 8,5\u2026","rel":"","context":"Similar post","img":{"alt_text":"","src":"https:\/\/i0.wp.com\/anythingtechnicallc.com\/wp-content\/uploads\/2026\/03\/Bose-QuietComfort-Earbuds.jpg?fit=1200%2C900&ssl=1&resize=350%2C200","width":350,"height":200},"classes":[]},{"id":8964,"url":"https:\/\/anythingtechnicallc.com\/index.php\/de\/product\/jbl-tune-770nc-adaptive-geraeuschunterdrueckung-mit-intelligenter-umgebungsgeraeuschunterdrueckung-kabelloser-over-ear-kopfhoerer-bluetooth-5-3-bis-zu-70-stunden-akkulaufzeit-mit-schnellladung-l\/","url_meta":{"origin":9074,"position":5},"title":"JBL TUNE 770NC &#8211; Adaptive Ger\u00e4uschunterdr\u00fcckung mit intelligenter Umgebungsger\u00e4uschunterdr\u00fcckung, kabelloser Over-Ear-Kopfh\u00f6rer, Bluetooth 5.3, bis zu 70 Stunden Akkulaufzeit mit Schnellladung, leichtes, komfortables &#038; faltbares Design (Schwarz)","date":"March 18, 2026","format":false,"excerpt":"Adaptive Ger\u00e4uschunterdr\u00fcckung mit Smart Ambient: Adaptive Ger\u00e4uschunterdr\u00fcckung bedeutet keine Ablenkung, egal ob Sie lernen oder sich in der Musik verlieren. Wenn Sie die Welt um sich herum h\u00f6ren m\u00f6chten, aktivieren Sie Ambient Aware und TalkThru in der JBL Headphones App. Bluetooth 5.3 mit LE Audio: \u00dcbertragen Sie kabellos hochwertigen JBL\u2026","rel":"","context":"Similar post","img":{"alt_text":"","src":"https:\/\/i0.wp.com\/anythingtechnicallc.com\/wp-content\/uploads\/2024\/09\/61EL2AKKcBL._AC_SL1500_.jpg?fit=1056%2C1200&ssl=1&resize=350%2C200","width":350,"height":200},"classes":[]}],"pll_sync_post":[],"lang":"de","translations":{"de":9074,"en":5445},"_links":{"self":[{"href":"https:\/\/anythingtechnicallc.com\/index.php\/wp-json\/wp\/v2\/product\/9074","targetHints":{"allow":["GET"]}}],"collection":[{"href":"https:\/\/anythingtechnicallc.com\/index.php\/wp-json\/wp\/v2\/product"}],"about":[{"href":"https:\/\/anythingtechnicallc.com\/index.php\/wp-json\/wp\/v2\/types\/product"}],"replies":[{"embeddable":true,"href":"https:\/\/anythingtechnicallc.com\/index.php\/wp-json\/wp\/v2\/comments?post=9074"}],"wp:featuredmedia":[{"embeddable":true,"href":"https:\/\/anythingtechnicallc.com\/index.php\/wp-json\/wp\/v2\/media\/9073"}],"wp:attachment":[{"href":"https:\/\/anythingtechnicallc.com\/index.php\/wp-json\/wp\/v2\/media?parent=9074"}],"wp:term":[{"taxonomy":"product_brand","embeddable":true,"href":"https:\/\/anythingtechnicallc.com\/index.php\/wp-json\/wp\/v2\/product_brand?post=9074"},{"taxonomy":"product_cat","embeddable":true,"href":"https:\/\/anythingtechnicallc.com\/index.php\/wp-json\/wp\/v2\/product_cat?post=9074"},{"taxonomy":"product_tag","embeddable":true,"href":"https:\/\/anythingtechnicallc.com\/index.php\/wp-json\/wp\/v2\/product_tag?post=9074"}],"curies":[{"name":"wp","href":"https:\/\/api.w.org\/{rel}","templated":true}]}}