{"id":9106,"date":"2026-03-19T03:22:29","date_gmt":"2026-03-19T03:22:29","guid":{"rendered":"https:\/\/anythingtechnicallc.com\/?post_type=product&#038;p=9106"},"modified":"2026-03-19T09:30:40","modified_gmt":"2026-03-19T09:30:40","slug":"logitech-2017-brio-4k-webcam","status":"publish","type":"product","link":"https:\/\/anythingtechnicallc.com\/index.php\/de\/product\/logitech-2017-brio-4k-webcam\/","title":{"rendered":"Logitech 2017 Brio 4K Webcam"},"content":{"rendered":"<ul class=\"a-unordered-list a-vertical a-spacing-mini\">\n<li class=\"a-spacing-mini\"><span class=\"a-list-item\">UNTERST\u00dcTZEN SIE DIE ARBEIT VON \u00dcBERALL MIT SYNC: Ganz gleich, ob Ihre Mitarbeiter im B\u00fcro, zu Hause oder an einem anderen Ort sind, die Ger\u00e4teverwaltungssoftware Sync hilft allen, in Verbindung zu bleiben, indem Sie sicherstellen, dass ihre pers\u00f6nlichen Logitech Video Collaboration-Ger\u00e4te verwendet werden und auf dem neuesten Stand sind.<\/span><\/li>\n<li class=\"a-spacing-mini\"><span class=\"a-list-item\">Ultra 4K HD-Aufl\u00f6sung: Die 4fache Aufl\u00f6sung einer typischen HD-Webkamera. Sehen Sie gut aus und genie\u00dfen Sie ein professionelles Videoerlebnis, wo immer Sie sind, mit 5fachem HD-Zoom.<\/span><\/li>\n<li class=\"a-spacing-mini\"><span class=\"a-list-item\">Automatische Lichtanpassung: Logitech RightLight 3 nutzt die HDR-Technologie, um Sie im besten Licht zu zeigen, selbst bei schwachem Licht und Gegenlicht.<\/span><\/li>\n<li class=\"a-spacing-mini\"><span class=\"a-list-item\">Technologie zur Ger\u00e4uschunterdr\u00fcckung: Zwei omnidirektionale Mikrofone unterdr\u00fccken Hintergrundger\u00e4usche, damit Sie deutlich zu h\u00f6ren sind.<\/span><\/li>\n<li class=\"a-spacing-mini\"><span class=\"a-list-item\">3 Voreinstellungen f\u00fcr das Sichtfeld: W\u00e4hlen Sie 90\u00b0, 78\u00b0 oder 65\u00b0 dFOV \u00fcber Logi Tune, um mehr von Ihrer Umgebung einzubeziehen oder den Fokus auf Sie zu beschr\u00e4nken.<\/span><\/li>\n<li class=\"a-spacing-mini\"><span class=\"a-list-item\">Bis zu 90 fps: Erstellen Sie hochwertige Videoaufnahmen oder Streaming bei allen Lichtverh\u00e4ltnissen.<\/span><\/li>\n<li class=\"a-spacing-mini\"><span class=\"a-list-item\">Windows Hello Integration: Melden Sie sich einfach und sicher bei Ihrem Computer an, ohne ein Passwort eingeben zu m\u00fcssen.<\/span><\/li>\n<\/ul>\n<div class=\"a-row a-expander-container a-expander-inline-container\">\n<div class=\"a-expander-content a-expander-extend-content a-expander-content-expanded\" data-expanded=\"true\">\n<ul class=\"a-unordered-list a-vertical a-spacing-none\">\n<li class=\"a-spacing-mini\"><span class=\"a-list-item\">Sichtschutzblende: Klappen Sie das Objektiv nach oben oder unten, um es abzudecken oder freizulegen.<\/span><\/li>\n<li class=\"a-spacing-mini\"><span class=\"a-list-item\">Funktioniert mit Windows, Mac oder ChromeOS und g\u00e4ngigen Telefonie- und Streaming-Plattformen; 1 Jahr beschr\u00e4nkte Hardware-Garantie. Abnehmbare Universalhalterung f\u00fcr Laptops, LCDs und Monitore<\/span><\/li>\n<\/ul>\n<\/div>\n<\/div>\n","protected":false},"excerpt":{"rendered":"<ul class=\"a-unordered-list a-vertical a-spacing-mini\">\n<li class=\"a-spacing-mini\"><span class=\"a-list-item\">UNTERST\u00dcTZEN SIE DIE ARBEIT VON \u00dcBERALL MIT SYNC: Ganz gleich, ob Ihre Mitarbeiter im B\u00fcro, zu Hause oder an einem anderen Ort sind, die Ger\u00e4teverwaltungssoftware Sync hilft allen, in Verbindung zu bleiben, indem Sie sicherstellen, dass ihre pers\u00f6nlichen Logitech Video Collaboration-Ger\u00e4te verwendet werden und auf dem neuesten Stand sind.<\/span><\/li>\n<li class=\"a-spacing-mini\"><span class=\"a-list-item\">Ultra 4K HD-Aufl\u00f6sung: Die 4fache Aufl\u00f6sung einer typischen HD-Webkamera. Sehen Sie gut aus und genie\u00dfen Sie ein professionelles Videoerlebnis, wo immer Sie sind, mit 5fachem HD-Zoom.<\/span><\/li>\n<li class=\"a-spacing-mini\"><span class=\"a-list-item\">Automatische Lichtanpassung: Logitech RightLight 3 nutzt die HDR-Technologie, um Sie im besten Licht zu zeigen, selbst bei schwachem Licht und Gegenlicht.<\/span><\/li>\n<li class=\"a-spacing-mini\"><span class=\"a-list-item\">Technologie zur Ger\u00e4uschunterdr\u00fcckung: Zwei omnidirektionale Mikrofone unterdr\u00fccken Hintergrundger\u00e4usche, damit Sie deutlich zu h\u00f6ren sind.<\/span><\/li>\n<li class=\"a-spacing-mini\"><span class=\"a-list-item\">3 Voreinstellungen f\u00fcr das Sichtfeld: W\u00e4hlen Sie 90\u00b0, 78\u00b0 oder 65\u00b0 dFOV \u00fcber Logi Tune, um mehr von Ihrer Umgebung einzubeziehen oder den Fokus auf Sie zu beschr\u00e4nken.<\/span><\/li>\n<li class=\"a-spacing-mini\"><span class=\"a-list-item\">Bis zu 90 fps: Erstellen Sie hochwertige Videoaufnahmen oder Streaming bei allen Lichtverh\u00e4ltnissen.<\/span><\/li>\n<li class=\"a-spacing-mini\"><span class=\"a-list-item\">Windows Hello Integration: Melden Sie sich einfach und sicher bei Ihrem Computer an, ohne ein Passwort eingeben zu m\u00fcssen.<\/span><\/li>\n<\/ul>\n<div class=\"a-row a-expander-container a-expander-inline-container\">\n<div class=\"a-expander-content a-expander-extend-content a-expander-content-expanded\" data-expanded=\"true\">\n<ul class=\"a-unordered-list a-vertical a-spacing-none\">\n<li class=\"a-spacing-mini\"><span class=\"a-list-item\">Sichtschutzblende: Klappen Sie das Objektiv nach oben oder unten, um es abzudecken oder freizulegen.<\/span><\/li>\n<li class=\"a-spacing-mini\"><span class=\"a-list-item\">Funktioniert mit Windows, Mac oder ChromeOS und g\u00e4ngigen Telefonie- und Streaming-Plattformen; 1 Jahr beschr\u00e4nkte Hardware-Garantie. Abnehmbare Universalhalterung f\u00fcr Laptops, LCDs und Monitore<\/span><\/li>\n<\/ul>\n<\/div>\n<\/div>\n","protected":false},"featured_media":9105,"comment_status":"open","ping_status":"closed","template":"","meta":{"_et_pb_use_builder":"","_et_pb_old_content":"","_et_gb_content_width":""},"product_brand":[],"product_cat":[1372,703],"product_tag":[],"class_list":{"0":"post-9106","1":"product","2":"type-product","3":"status-publish","4":"has-post-thumbnail","6":"product_cat-elektronik","7":"product_cat-uncategorized-de","9":"first","10":"instock","11":"sale","12":"taxable","13":"shipping-taxable","14":"purchasable","15":"product-type-simple"},"exclude_global_add_ons":[],"addons":[],"jetpack-related-posts":[{"id":9110,"url":"https:\/\/anythingtechnicallc.com\/index.php\/de\/product\/logitech-mx-brio-ultra-hd-4k-webcam-fuer-zusammenarbeit-und-streaming-1080p-bei-60-fps-zwei-geraeuschreduzierende-mikrofone-show-modus-usb-c-webcam-abdeckung-kompatibel-mit-microsoft-teams-zoom\/","url_meta":{"origin":9106,"position":0},"title":"Logitech MX Brio Ultra HD 4K-Webcam f\u00fcr Zusammenarbeit und Streaming, 1080p bei 60 FPS, zwei ger\u00e4uschreduzierende Mikrofone, Show-Modus, USB-C, Webcam-Abdeckung, kompatibel mit Microsoft Teams, Zoom, Google Meet &#8211; Graphit","date":"March 19, 2026","format":false,"excerpt":"Treffen Sie sich, streamen Sie, meistern Sie mit der scharfen Ultra HD 4k-Aufl\u00f6sung der MX Brio. Mit 2x besserer Gesichtserkennung und 2x feineren Bilddetails bei schwierigen Lichtverh\u00e4ltnissen(2), KI-Verbesserungen, einem von Logi entwickelten Objektiv, 70% gr\u00f6\u00dferen Pixeln(1) und unserem bisher gr\u00f6\u00dften Webcam-Sensor. Mit den Feineinstellungen(3) k\u00f6nnen Sie Beleuchtung, Wei\u00dfabgleich mit ISO,\u2026","rel":"","context":"Similar post","img":{"alt_text":"","src":"https:\/\/i0.wp.com\/anythingtechnicallc.com\/wp-content\/uploads\/2025\/02\/61WQr6U3mwL._AC_SL1500_.jpg?fit=1200%2C1069&ssl=1&resize=350%2C200","width":350,"height":200},"classes":[]},{"id":9527,"url":"https:\/\/anythingtechnicallc.com\/index.php\/de\/product\/erneuertes-poly-studio-r30-4k-videokonferenzsystem-kamera-mikrofon-und-lautsprecherleiste-fuer-kleine-raeume-presenter-tracking-noiseblockai-framing-plug-play-funktioniert-mit-teams-zoom\/","url_meta":{"origin":9106,"position":1},"title":"Erneuertes Poly Studio R30 4K Videokonferenzsystem &#8211; Kamera, Mikrofon und Lautsprecherleiste f\u00fcr kleine R\u00e4ume &#8211; Presenter Tracking, NoiseBlockAI, Framing &#8211; Plug &#038; Play &#8211; Funktioniert mit Teams, Zoom &#038; mehr","date":"March 21, 2026","format":false,"excerpt":"KI-UNTERST\u00dcTZTE MEETINGS: Erstellen Sie virtuelle Meetings, die sich anf\u00fchlen, als w\u00e4ren Sie pers\u00f6nlich anwesend, mit der Poly DirectorAI Auto-Framing- und Tracking-Technologie. Verhindern Sie mit den Technologien NoiseBlockAI und Acoustic Fence, dass st\u00f6rende Ger\u00e4usche Ihre Meetings unterbrechen. KLANGREICHES, KLARES AUDIO: Stellen Sie sicher, dass Sie mit dem fortschrittlichen 3-Mikrofon-Array immer deutlich\u2026","rel":"","context":"Similar post","img":{"alt_text":"","src":"https:\/\/i0.wp.com\/anythingtechnicallc.com\/wp-content\/uploads\/2025\/09\/71sMVgqgfsL._AC_SL1500_.jpg?fit=1200%2C763&ssl=1&resize=350%2C200","width":350,"height":200},"classes":[]},{"id":9849,"url":"https:\/\/anythingtechnicallc.com\/index.php\/de\/product\/shokz-new-openfit-2-open-ear-headphones-dolby-audio-enabled-bequeme-ohrhoerer-mit-weichen-ohrbuegeln-48-stunden-spielzeit-ip55-wasserdicht-usb-c-schnellladung-drahtlose-aufladung-tragetasche\/","url_meta":{"origin":9106,"position":2},"title":"SHOKZ New OpenFit 2+ Open-Ear Headphones, Dolby Audio Enabled, bequeme Ohrh\u00f6rer mit weichen Ohrb\u00fcgeln, 48 Stunden Spielzeit, IP55 wasserdicht, USB-C Schnellladung, drahtlose Aufladung, Tragetasche, Grau","date":"April 8, 2026","format":false,"excerpt":"Detailreicher Klang, Dolby Audio Optimiert Mit Shokz DualBoost sorgt der OpenFit 2+ f\u00fcr helle H\u00f6hen und tiefe B\u00e4sse. Ein 17,3-mm-Tieft\u00f6ner sorgt f\u00fcr satte B\u00e4sse, w\u00e4hrend ein unabh\u00e4ngiger Hocht\u00f6ner knackige H\u00f6hen und unseren KI-Algorithmus OpenBass 2.0 hervorbringt. Aktivieren Sie Dolby Audio f\u00fcr zus\u00e4tzliche Klarheit und Dimension in der Shokz App. Ganzt\u00e4gig\u2026","rel":"","context":"Similar post","img":{"alt_text":"","src":"https:\/\/i0.wp.com\/anythingtechnicallc.com\/wp-content\/uploads\/2026\/03\/61tW4F8ZYTL._AC_SL1500_.jpg?fit=974%2C1200&ssl=1&resize=350%2C200","width":350,"height":200},"classes":[]},{"id":9113,"url":"https:\/\/anythingtechnicallc.com\/index.php\/de\/product\/sennheiser-officerunner-convertible-wireless-office-mit-mb-pro-2-bluetooth-headset-erneuert\/","url_meta":{"origin":9106,"position":3},"title":"Sennheiser OfficeRunner Convertible Wireless Office mit MB Pro 2 Bluetooth Headset erneuert","date":"March 19, 2026","format":false,"excerpt":"OfficeRunner ist die Nummer 1 unter den schnurlosen B\u00fcro-Headsets mit einer Reichweite von bis zu 400 Fu\u00df. Verbindung zu mobilen Ger\u00e4ten: F\u00fcr alle, die einfach eine hervorragende Freisprechl\u00f6sung im B\u00fcro und unterwegs ben\u00f6tigen. Flexibel: Wechseln Sie nahtlos zwischen zwei verbundenen Bluetooth-Mobiltelefonen und genie\u00dfen Sie so h\u00f6chste Flexibilit\u00e4t bei Ihren Anrufen.\u2026","rel":"","context":"Similar post","img":{"alt_text":"","src":"https:\/\/i0.wp.com\/anythingtechnicallc.com\/wp-content\/uploads\/2025\/02\/image_editor_1739543217387.jpg?fit=1026%2C1200&ssl=1&resize=350%2C200","width":350,"height":200},"classes":[]},{"id":9509,"url":"https:\/\/anythingtechnicallc.com\/index.php\/de\/product\/insta360-go-3s-128-gb-weiss-4k-winzige-tragbare-vlogging-kamera-freihaendige-povs-ueberall-montierbar-stabilisierung-140-min-akkulaufzeit-10m-wasserdicht-apple-find-my-pet-pov\/","url_meta":{"origin":9106,"position":4},"title":"Insta360 GO 3S &#8211; 128 GB Wei\u00df 4K Winzige tragbare Vlogging-Kamera, freih\u00e4ndige POVs, \u00fcberall montierbar, Stabilisierung, 140 Min. Akkulaufzeit, 10m wasserdicht, Apple Find My, Pet POV","date":"March 21, 2026","format":false,"excerpt":"1.4OZ (39G) & Daumengro\u00df- Erschlie\u00dfen Sie sich grenzenlose Kreativit\u00e4t mit der Insta360 GO 3S, einer winzigen, leistungsstarken 4K-Kamera mit einem Gewicht von nur 1.4oz (39g). Hochwertige Aufnahmen in einem winzigen, aber m\u00e4chtigen Paket. 4K HANDS-FREE POVS - Ein leistungsstarker Chip f\u00fcr hochwertiges Filmmaterial und ein neues Weitwinkelobjektiv. Nehmen Sie 4K-Freihand-POVs\u2026","rel":"","context":"Similar post","img":{"alt_text":"","src":"https:\/\/i0.wp.com\/anythingtechnicallc.com\/wp-content\/uploads\/2025\/08\/71ti3cYFEwL._AC_SL1500_.jpg?fit=1122%2C1200&ssl=1&resize=350%2C200","width":350,"height":200},"classes":[]},{"id":9176,"url":"https:\/\/anythingtechnicallc.com\/index.php\/de\/product\/samsung-t7-portable-ssd-1tb-externes-solid-state-drive-geschwindigkeiten-bis-zu-1-050mb-s-usb-3-2-gen-2-zuverlaessiger-speicher-fuer-gaming-studenten-berufstaetige-mu-pc1t0t-am-gray\/","url_meta":{"origin":9106,"position":5},"title":"SAMSUNG T7 Portable SSD, 1TB Externes Solid State Drive, Geschwindigkeiten bis zu 1.050MB\/s, USB 3.2 Gen 2, Zuverl\u00e4ssiger Speicher f\u00fcr Gaming, Studenten, Berufst\u00e4tige, MU-PC1T0T\/AM, Gray","date":"March 19, 2026","format":false,"excerpt":"GEMACHT F\u00dcR DIE MACHER: Erstellen; Erforschen; Speichern; Die T7 Portable SSD bietet hohe Geschwindigkeiten und robuste Funktionen, um jedes Vorhaben zu unterst\u00fctzen; Bauen Sie Ihr Videobearbeitungsimperium auf, archivieren Sie Ihre Fotos oder sichern Sie Ihre Blogs - alles im Handumdrehen. TEILEN SIE IDEEN IM BLITZ: Verschwenden Sie keine Sekunde mit\u2026","rel":"","context":"Similar post","img":{"alt_text":"","src":"https:\/\/i0.wp.com\/anythingtechnicallc.com\/wp-content\/uploads\/2025\/02\/91YfRIy7kYL._AC_SL1500_.jpg?fit=1200%2C1096&ssl=1&resize=350%2C200","width":350,"height":200},"classes":[]}],"pll_sync_post":[],"lang":"de","translations":{"de":9106,"en":6204},"_links":{"self":[{"href":"https:\/\/anythingtechnicallc.com\/index.php\/wp-json\/wp\/v2\/product\/9106","targetHints":{"allow":["GET"]}}],"collection":[{"href":"https:\/\/anythingtechnicallc.com\/index.php\/wp-json\/wp\/v2\/product"}],"about":[{"href":"https:\/\/anythingtechnicallc.com\/index.php\/wp-json\/wp\/v2\/types\/product"}],"replies":[{"embeddable":true,"href":"https:\/\/anythingtechnicallc.com\/index.php\/wp-json\/wp\/v2\/comments?post=9106"}],"wp:featuredmedia":[{"embeddable":true,"href":"https:\/\/anythingtechnicallc.com\/index.php\/wp-json\/wp\/v2\/media\/9105"}],"wp:attachment":[{"href":"https:\/\/anythingtechnicallc.com\/index.php\/wp-json\/wp\/v2\/media?parent=9106"}],"wp:term":[{"taxonomy":"product_brand","embeddable":true,"href":"https:\/\/anythingtechnicallc.com\/index.php\/wp-json\/wp\/v2\/product_brand?post=9106"},{"taxonomy":"product_cat","embeddable":true,"href":"https:\/\/anythingtechnicallc.com\/index.php\/wp-json\/wp\/v2\/product_cat?post=9106"},{"taxonomy":"product_tag","embeddable":true,"href":"https:\/\/anythingtechnicallc.com\/index.php\/wp-json\/wp\/v2\/product_tag?post=9106"}],"curies":[{"name":"wp","href":"https:\/\/api.w.org\/{rel}","templated":true}]}}