{"id":9121,"date":"2026-03-19T05:22:17","date_gmt":"2026-03-19T05:22:17","guid":{"rendered":"https:\/\/anythingtechnicallc.com\/?post_type=product&#038;p=9121"},"modified":"2026-03-19T05:22:17","modified_gmt":"2026-03-19T05:22:17","slug":"polycom-vvx-601-corded-business-media-phone-system-16-leitungen-poe-2200-48600-025-ac-adapter-nicht-im-lieferumfang-enthalten-ersetzt-vvx-600-erneuert","status":"publish","type":"product","link":"https:\/\/anythingtechnicallc.com\/index.php\/de\/product\/polycom-vvx-601-corded-business-media-phone-system-16-leitungen-poe-2200-48600-025-ac-adapter-nicht-im-lieferumfang-enthalten-ersetzt-vvx-600-erneuert\/","title":{"rendered":"Polycom VVX 601 Corded Business Media Phone System &#8211; 16 Leitungen PoE &#8211; 2200-48600-025 &#8211; AC Adapter (nicht im Lieferumfang enthalten) &#8211; ersetzt VVX 600 (erneuert)"},"content":{"rendered":"<div id=\"productDescription_feature_div\" class=\"celwidget pd_rd_w-Ohjdw pd_rd_r-5TFMG8C571H5HCZR3298 pd_rd_wg-Ya7ba\" data-feature-name=\"productDescription\" data-csa-c-type=\"widget\" data-csa-c-content-id=\"productDescription\" data-csa-c-slot-id=\"productDescription_feature_div\" data-csa-c-asin=\"\" data-csa-c-is-in-initial-active-row=\"false\" data-csa-c-id=\"lhqd5s-ysxkc1-sfwd3m-cgfi4z\" data-cel-widget=\"productDescription_feature_div\">\n<div>\n<div id=\"productDescription_feature_div\" class=\"a-row feature\" data-feature-name=\"productDescription\" data-template-name=\"productDescription\" data-cel-widget=\"productDescription_feature_div\">\n<div id=\"productDescription\" class=\"a-section a-spacing-small\">\n<p>Premium-Business-Media-Telefone, die erstklassige Desktop-Produktivit\u00e4t f\u00fcr vielbesch\u00e4ftigte F\u00fchrungskr\u00e4fte und Manager bieten. Die Polycom VVX 600 Serie sind Premium-Medientelefone f\u00fcr Unternehmen, die die Zusammenarbeit und pers\u00f6nliche Produktivit\u00e4t verbessern.<\/p>\n<\/div>\n<\/div>\n<\/div>\n<\/div>\n","protected":false},"excerpt":{"rendered":"<p>Premium-Business-Media-Telefone, die erstklassige Desktop-Produktivit\u00e4t f\u00fcr vielbesch\u00e4ftigte F\u00fchrungskr\u00e4fte und Manager bieten. Die Polycom VVX 600 Serie sind Premium-Medientelefone f\u00fcr Unternehmen, die die Zusammenarbeit und pers\u00f6nliche Produktivit\u00e4t verbessern.<\/p>\n","protected":false},"featured_media":9120,"comment_status":"open","ping_status":"closed","template":"","meta":{"_et_pb_use_builder":"","_et_pb_old_content":"","_et_gb_content_width":""},"product_brand":[],"product_cat":[1562],"product_tag":[],"class_list":{"0":"post-9121","1":"product","2":"type-product","3":"status-publish","4":"has-post-thumbnail","6":"product_cat-bueroelektronik","8":"first","9":"instock","10":"sale","11":"taxable","12":"shipping-taxable","13":"purchasable","14":"product-type-simple"},"exclude_global_add_ons":[],"addons":[],"jetpack-related-posts":[{"id":9548,"url":"https:\/\/anythingtechnicallc.com\/index.php\/de\/product\/hp-officejet-200-serie-akku-m9l89a\/","url_meta":{"origin":9121,"position":0},"title":"HP OfficeJet 200 Serie Akku (M9L89A)","date":"March 21, 2026","format":false,"excerpt":"UNUNTERBROCHENER DRUCK - Der HP Officejet 200 Series Lithium-Ionen-Akku sorgt daf\u00fcr, dass Ihr mobiler Drucker f\u00fcr wichtige Aufgaben unterwegs mit Strom versorgt wird, und erh\u00f6ht so die Zuverl\u00e4ssigkeit. Nahtlose Kompatibilit\u00e4t - Dieser Akku wurde speziell f\u00fcr die mobilen HP OfficeJet 200 und 250 Drucker (CZ993A, CZ992A) entwickelt und garantiert optimale\u2026","rel":"","context":"Similar post","img":{"alt_text":"","src":"https:\/\/i0.wp.com\/anythingtechnicallc.com\/wp-content\/uploads\/2025\/09\/battery-series-200_bottom_L_M1754879.png?fit=800%2C600&ssl=1&resize=350%2C200","width":350,"height":200},"classes":[]},{"id":9381,"url":"https:\/\/anythingtechnicallc.com\/index.php\/de\/product\/dell-thunderbolt-wd22tb4-4-dock-130w\/","url_meta":{"origin":9121,"position":1},"title":"Dell Thunderbolt WD22TB4 4 Dock 130W","date":"March 19, 2026","format":false,"excerpt":"Modulares Thunderbolt-Dock mit austauschbaren Modulen f\u00fcr einfache Upgrades und SuperBoost-Technologien f\u00fcr schnelles Laden. 2 x Thunderbolt-4-Anschl\u00fcsse \/ 1 x USB-C 3.2 Gen 2 \/ 1 x USB-A 3.2 Gen 1 mit PowerShare \/ 2 x DisplayPort 1.4 \/ 1 x HDMI 2.0 \/ 1 x USB-C Multifunction DisplayPort. 2 x\u2026","rel":"","context":"Similar post","img":{"alt_text":"","src":"https:\/\/i0.wp.com\/anythingtechnicallc.com\/wp-content\/uploads\/2025\/08\/41TfyCoNXsL._AC_SL1247_.jpg?fit=1200%2C570&ssl=1&resize=350%2C200","width":350,"height":200},"classes":[]},{"id":9362,"url":"https:\/\/anythingtechnicallc.com\/index.php\/de\/product\/sony-mdr-m1-professioneller-geschlossener-referenz-monitor-kopfhoerer-grosspackung\/","url_meta":{"origin":9121,"position":2},"title":"Sony MDR-M1 Professioneller geschlossener Referenz-Monitor-Kopfh\u00f6rer &#8211; Gro\u00dfpackung","date":"March 19, 2026","format":false,"excerpt":"STUDIO SOUND, UNLEASHED: Ultra-Breitband-Wiedergabe und eine geschlossene akustische Struktur mit hoher Schallisolierung erm\u00f6glichen ein detailliertes und pr\u00e4zises Monitoring f\u00fcr eine breite Palette von Audioproduktions-Workflows. ULTRA-BREITBAND-WIEDERGABE: Die einzigartig konzipierte Treibereinheit sorgt f\u00fcr ein Gleichgewicht zwischen geringer Verzerrung und der Wiedergabe von tiefen bis hohen Frequenzen f\u00fcr eine Ultra-Breitband-Wiedergabe und eine pr\u00e4zise\u2026","rel":"","context":"Similar post","img":{"alt_text":"","src":"https:\/\/i0.wp.com\/anythingtechnicallc.com\/wp-content\/uploads\/2025\/08\/519hVWS5TCL._AC_SL1000_.jpg?fit=540%2C944&ssl=1&resize=350%2C200","width":350,"height":200},"classes":[]},{"id":9006,"url":"https:\/\/anythingtechnicallc.com\/index.php\/de\/product\/shure-rmce-bt2-hochaufloesendes-bluetooth-5-0-kommunikationskabel\/","url_meta":{"origin":9121,"position":3},"title":"Shure RMCE-BT2 Hochaufl\u00f6sendes Bluetooth 5.0 Kommunikationskabel","date":"March 18, 2026","format":false,"excerpt":"Erstklassige, kabellose Audioleistung. Ein spezieller, hochwertiger Kopfh\u00f6rerverst\u00e4rker sorgt f\u00fcr \u00fcberragende High-Fidelity-Audioqualit\u00e4t mit kabelloser Funktion Unterst\u00fctzung f\u00fcr mehrere Codecs. Qualcomm apt audio, apt HD, apt Low Latency, AAC und SBC erm\u00f6glichen erstklassige digitale Audioqualit\u00e4t. Ausgestattet mit der drahtlosen Bluetooth 5-Technologie. Bluetooth 5. 0 ist au\u00dferdem abw\u00e4rtskompatibel und l\u00e4sst sich mit allen\u2026","rel":"","context":"Similar post","img":{"alt_text":"","src":"https:\/\/i0.wp.com\/anythingtechnicallc.com\/wp-content\/uploads\/2023\/03\/Shure-RMCE-BT2-High-Resolution-Bluetooth-50-Communication-Cable-0.jpg?fit=365%2C500&ssl=1&resize=350%2C200","width":350,"height":200},"classes":[]},{"id":9591,"url":"https:\/\/anythingtechnicallc.com\/index.php\/de\/product\/hyperx-cloud-earbuds-ii-14mm-treiber-vier-ohrstoepsel-hartschalenkoffer-low-profile-90-stecker-3-5mm-stecker-integriertes-mikrofon-multifunktionstaste-pc-handy-nintendo-switch-rot\/","url_meta":{"origin":9121,"position":4},"title":"HyperX Cloud Earbuds II &#8211; 14mm Treiber, vier Ohrst\u00f6psel, Hartschalenkoffer, Low-Profile 90\u00b0 Stecker, 3.5mm Stecker, integriertes Mikrofon, Multifunktionstaste, PC, Handy, Nintendo Switch &#8211; Rot","date":"March 21, 2026","format":false,"excerpt":"Optimiert f\u00fcr Spiele und Audio unterwegs: Die Cloud Earbuds II sorgen mit 14-mm-Treibern f\u00fcr ein beeindruckendes Klangerlebnis, egal ob Sie spielen, Streams ansehen oder ein gutes Buch lesen. 4 mitgelieferte Ohrst\u00f6pselgr\u00f6\u00dfen - Finden Sie Ihre ideale Passform: Mit den 4 Gr\u00f6\u00dfen unserer neu gestalteten Ohrst\u00f6psel, die von gro\u00df bis extra\u2026","rel":"","context":"Similar post","img":{"alt_text":"","src":"https:\/\/i0.wp.com\/anythingtechnicallc.com\/wp-content\/uploads\/2025\/10\/HyperX-Cloud-Earbuds-II-Red.jpg?fit=661%2C1200&ssl=1&resize=350%2C200","width":350,"height":200},"classes":[]},{"id":9485,"url":"https:\/\/anythingtechnicallc.com\/index.php\/de\/product\/alienware-pro-wireless-gaming-maus-2-4ghz-gaming-wireless-usb-wired-konnektivitaet-einstellbare-dpi-optische-sensor-technologie-6-programmierbare-tasten-650-ips-sensor-max-speed-dark-side-of-t\/","url_meta":{"origin":9121,"position":5},"title":"Alienware Pro Wireless Gaming Maus &#8211; 2.4GHz Gaming Wireless\/USB Wired Konnektivit\u00e4t, einstellbare DPI, optische Sensor Technologie, 6 programmierbare Tasten, 650 IPS Sensor Max Speed &#8211; Dark Side of the Moon","date":"March 21, 2026","format":false,"excerpt":"Blitzschnelle Reaktionszeiten: 4KHz kabellos - 0,25ms Reaktionszeit\/8KHz kabelgebunden - 0,125ms Reaktionszeit. Holen Sie sich den Vorteil, wenn eine Millisekunde den Unterschied zwischen Platz 1 und Platz 2 ausmacht, und nutzen Sie die hohe Abfragerate zur Minimierung der Eingabeverz\u00f6gerung f\u00fcr eine reaktionsschnelle und nahtlose Verbindung zwischen Ihrem Gehirn, der Maus und\u2026","rel":"","context":"Similar post","img":{"alt_text":"","src":"https:\/\/i0.wp.com\/anythingtechnicallc.com\/wp-content\/uploads\/2025\/08\/61W9cp4RMgL._AC_SL1500_.jpg?fit=694%2C1200&ssl=1&resize=350%2C200","width":350,"height":200},"classes":[]}],"pll_sync_post":[],"lang":"de","translations":{"de":9121,"en":6214},"_links":{"self":[{"href":"https:\/\/anythingtechnicallc.com\/index.php\/wp-json\/wp\/v2\/product\/9121","targetHints":{"allow":["GET"]}}],"collection":[{"href":"https:\/\/anythingtechnicallc.com\/index.php\/wp-json\/wp\/v2\/product"}],"about":[{"href":"https:\/\/anythingtechnicallc.com\/index.php\/wp-json\/wp\/v2\/types\/product"}],"replies":[{"embeddable":true,"href":"https:\/\/anythingtechnicallc.com\/index.php\/wp-json\/wp\/v2\/comments?post=9121"}],"wp:featuredmedia":[{"embeddable":true,"href":"https:\/\/anythingtechnicallc.com\/index.php\/wp-json\/wp\/v2\/media\/9120"}],"wp:attachment":[{"href":"https:\/\/anythingtechnicallc.com\/index.php\/wp-json\/wp\/v2\/media?parent=9121"}],"wp:term":[{"taxonomy":"product_brand","embeddable":true,"href":"https:\/\/anythingtechnicallc.com\/index.php\/wp-json\/wp\/v2\/product_brand?post=9121"},{"taxonomy":"product_cat","embeddable":true,"href":"https:\/\/anythingtechnicallc.com\/index.php\/wp-json\/wp\/v2\/product_cat?post=9121"},{"taxonomy":"product_tag","embeddable":true,"href":"https:\/\/anythingtechnicallc.com\/index.php\/wp-json\/wp\/v2\/product_tag?post=9121"}],"curies":[{"name":"wp","href":"https:\/\/api.w.org\/{rel}","templated":true}]}}