{"id":9124,"date":"2026-03-19T05:23:01","date_gmt":"2026-03-19T05:23:01","guid":{"rendered":"https:\/\/anythingtechnicallc.com\/?post_type=product&#038;p=9124"},"modified":"2026-03-19T05:23:01","modified_gmt":"2026-03-19T05:23:01","slug":"cisco-8841-sip-voip-telefon-cp-8841-verlaengert","status":"publish","type":"product","link":"https:\/\/anythingtechnicallc.com\/index.php\/de\/product\/cisco-8841-sip-voip-telefon-cp-8841-verlaengert\/","title":{"rendered":"Cisco 8841 SIP VoIP-Telefon &#8211; CP-8841 (Verl\u00e4ngert)"},"content":{"rendered":"<div id=\"featurebullets_feature_div\" class=\"celwidget\" data-feature-name=\"featurebullets\" data-csa-c-type=\"widget\" data-csa-c-content-id=\"featurebullets\" data-csa-c-slot-id=\"featurebullets_feature_div\" data-csa-c-asin=\"B07HCR11YV\" data-csa-c-is-in-initial-active-row=\"false\" data-csa-c-id=\"8657m-g89q2p-eyf19c-wso6wk\" data-cel-widget=\"featurebullets_feature_div\">\n<div id=\"feature-bullets\" class=\"a-section a-spacing-medium a-spacing-top-small\">\n<ul class=\"a-unordered-list a-vertical a-spacing-mini\">\n<li class=\"a-spacing-mini\"><span class=\"a-list-item\">Dieses Certified Refurbished-Produkt wurde getestet und zertifiziert, damit es aussieht und funktioniert wie neu. Der Refurbishing-Prozess umfasst Funktionstests, Grundreinigung, Inspektion und Neuverpackung. Das Produkt wird mit allen relevanten Zubeh\u00f6rteilen und einer Mindestgarantie von 90 Tagen geliefert und kann in einem generischen Karton geliefert werden. Nur ausgew\u00e4hlte Verk\u00e4ufer, die einen hohen Leistungsstandard einhalten, d\u00fcrfen Certified Refurbished-Produkte auf Amazon.de anbieten.<\/span><\/li>\n<li class=\"a-spacing-mini\"><span class=\"a-list-item\">Das Modell ist f\u00fcr VoIP-Plattformen von Drittanbietern gedacht und funktioniert nicht mit Cisco Call Control.<\/span><\/li>\n<li class=\"a-spacing-mini\"><span class=\"a-list-item\">Hochwertiges Vollduplex-Breitband-Audio und hervorragende Echounterdr\u00fcckung f\u00fcr au\u00dfergew\u00f6hnliche Klarheit.<\/span><\/li>\n<li class=\"a-spacing-mini\"><span class=\"a-list-item\">Hochaufl\u00f6sendes F\u00fcnf-Zoll-Breitbild-Farbdisplay.<\/span><\/li>\n<li class=\"a-spacing-mini\"><span class=\"a-list-item\">Gigabit Ethernet und 802.3af\/at Power over Ethernet reduzieren die Installations- und Infrastrukturkosten.<\/span><\/li>\n<\/ul>\n<\/div>\n<\/div>\n<div id=\"provenanceCertifications_feature_div\" class=\"celwidget\" data-feature-name=\"provenanceCertifications\" data-csa-c-type=\"widget\" data-csa-c-content-id=\"provenanceCertifications\" data-csa-c-slot-id=\"provenanceCertifications_feature_div\" data-csa-c-asin=\"B07HCR11YV\" data-csa-c-is-in-initial-active-row=\"false\" data-csa-c-id=\"5v29bh-t5ewob-degsk8-4vlqj7\" data-cel-widget=\"provenanceCertifications_feature_div\"><\/div>\n<div id=\"handmadeArtisanCard_feature_div\" class=\"celwidget\" data-feature-name=\"handmadeArtisanCard\" data-csa-c-type=\"widget\" data-csa-c-content-id=\"handmadeArtisanCard\" data-csa-c-slot-id=\"handmadeArtisanCard_feature_div\" data-csa-c-asin=\"B07HCR11YV\" data-csa-c-is-in-initial-active-row=\"false\" data-csa-c-id=\"k80l67-3ngxig-hzr5yv-wzgyh5\" data-cel-widget=\"handmadeArtisanCard_feature_div\"><\/div>\n<div id=\"billOfMaterial_feature_div\" class=\"celwidget\" data-feature-name=\"billOfMaterial\" data-csa-c-type=\"widget\" data-csa-c-content-id=\"billOfMaterial\" data-csa-c-slot-id=\"billOfMaterial_feature_div\" data-csa-c-asin=\"B07HCR11YV\" data-csa-c-is-in-initial-active-row=\"false\" data-csa-c-id=\"9dm4zz-fv81jv-kl1hnp-fi9s3t\" data-cel-widget=\"billOfMaterial_feature_div\"><\/div>\n<div id=\"globalStoreInfoBullets_feature_div\" class=\"celwidget\" data-feature-name=\"globalStoreInfoBullets\" data-csa-c-type=\"widget\" data-csa-c-content-id=\"globalStoreInfoBullets\" data-csa-c-slot-id=\"globalStoreInfoBullets_feature_div\" data-csa-c-asin=\"B07HCR11YV\" data-csa-c-is-in-initial-active-row=\"false\" data-csa-c-id=\"1dlipe-n7pqrl-nvgnia-6rnewt\" data-cel-widget=\"globalStoreInfoBullets_feature_div\"><\/div>\n<div id=\"addOnItem_feature_div\" class=\"celwidget\" data-feature-name=\"addOnItem\" data-csa-c-type=\"widget\" data-csa-c-content-id=\"addOnItem\" data-csa-c-slot-id=\"addOnItem_feature_div\" data-csa-c-asin=\"B07HCR11YV\" data-csa-c-is-in-initial-active-row=\"false\" data-csa-c-id=\"1pd84x-aosbcj-nrnpgm-bhmma\" data-cel-widget=\"addOnItem_feature_div\"><\/div>\n<div id=\"giftcard-holiday-availability-messaging_feature_div\" class=\"celwidget\" data-feature-name=\"giftCardHolidayAvailabilityMessaging\" data-csa-c-type=\"widget\" data-csa-c-content-id=\"giftCardHolidayAvailabilityMessaging\" data-csa-c-slot-id=\"giftcard-holiday-availability-messaging_feature_div\" data-csa-c-asin=\"B07HCR11YV\" data-csa-c-is-in-initial-active-row=\"false\" data-csa-c-id=\"8tc5nc-wx8wfk-8grbvz-3mzjg7\" data-cel-widget=\"giftcard-holiday-availability-messaging_feature_div\"><\/div>\n<div id=\"olp_feature_div\" class=\"celwidget\" data-feature-name=\"olp\" data-csa-c-type=\"widget\" data-csa-c-content-id=\"olp\" data-csa-c-slot-id=\"olp_feature_div\" data-csa-c-asin=\"B07HCR11YV\" data-csa-c-is-in-initial-active-row=\"false\" data-csa-c-id=\"jehkr8-m2miog-tcs72e-g09osh\" data-cel-widget=\"olp_feature_div\"><\/div>\n","protected":false},"excerpt":{"rendered":"<div id=\"featurebullets_feature_div\" class=\"celwidget\" data-feature-name=\"featurebullets\" data-csa-c-type=\"widget\" data-csa-c-content-id=\"featurebullets\" data-csa-c-slot-id=\"featurebullets_feature_div\" data-csa-c-asin=\"B07HCR11YV\" data-csa-c-is-in-initial-active-row=\"false\" data-csa-c-id=\"8657m-g89q2p-eyf19c-wso6wk\" data-cel-widget=\"featurebullets_feature_div\">\n<div id=\"feature-bullets\" class=\"a-section a-spacing-medium a-spacing-top-small\">\n<ul class=\"a-unordered-list a-vertical a-spacing-mini\">\n<li class=\"a-spacing-mini\"><span class=\"a-list-item\">Dieses Certified Refurbished-Produkt wurde getestet und zertifiziert, damit es aussieht und funktioniert wie neu. Der Refurbishing-Prozess umfasst Funktionstests, Grundreinigung, Inspektion und Neuverpackung. Das Produkt wird mit allen relevanten Zubeh\u00f6rteilen und einer Mindestgarantie von 90 Tagen geliefert und kann in einem generischen Karton geliefert werden. Nur ausgew\u00e4hlte Verk\u00e4ufer, die einen hohen Leistungsstandard einhalten, d\u00fcrfen Certified Refurbished-Produkte auf Amazon.de anbieten.<\/span><\/li>\n<li class=\"a-spacing-mini\"><span class=\"a-list-item\">Das Modell ist f\u00fcr VoIP-Plattformen von Drittanbietern gedacht und funktioniert nicht mit Cisco Call Control.<\/span><\/li>\n<li class=\"a-spacing-mini\"><span class=\"a-list-item\">Hochwertiges Vollduplex-Breitband-Audio und hervorragende Echounterdr\u00fcckung f\u00fcr au\u00dfergew\u00f6hnliche Klarheit.<\/span><\/li>\n<li class=\"a-spacing-mini\"><span class=\"a-list-item\">Hochaufl\u00f6sendes F\u00fcnf-Zoll-Breitbild-Farbdisplay.<\/span><\/li>\n<li class=\"a-spacing-mini\"><span class=\"a-list-item\">Gigabit Ethernet und 802.3af\/at Power over Ethernet reduzieren die Installations- und Infrastrukturkosten.<\/span><\/li>\n<\/ul>\n<\/div>\n<\/div>\n<div id=\"olp_feature_div\" class=\"celwidget\" data-feature-name=\"olp\" data-csa-c-type=\"widget\" data-csa-c-content-id=\"olp\" data-csa-c-slot-id=\"olp_feature_div\" data-csa-c-asin=\"B07HCR11YV\" data-csa-c-is-in-initial-active-row=\"false\" data-csa-c-id=\"jehkr8-m2miog-tcs72e-g09osh\" data-cel-widget=\"olp_feature_div\"><\/div>\n","protected":false},"featured_media":9123,"comment_status":"open","ping_status":"closed","template":"","meta":{"_et_pb_use_builder":"","_et_pb_old_content":"","_et_gb_content_width":""},"product_brand":[],"product_cat":[1562],"product_tag":[],"class_list":{"0":"post-9124","1":"product","2":"type-product","3":"status-publish","4":"has-post-thumbnail","6":"product_cat-bueroelektronik","8":"first","9":"instock","10":"sale","11":"taxable","12":"shipping-taxable","13":"purchasable","14":"product-type-simple"},"exclude_global_add_ons":[],"addons":[],"jetpack-related-posts":[{"id":9194,"url":"https:\/\/anythingtechnicallc.com\/index.php\/de\/product\/erneuerter-amazon-eero-pro-6-tri-band-mesh-wi-fi-6-router-mit-integriertem-zigbee-smart-home-hub\/","url_meta":{"origin":9124,"position":0},"title":"Erneuerter Amazon eero Pro 6 Tri-Band Mesh Wi-Fi 6 Router mit integriertem Zigbee Smart Home Hub","date":"March 19, 2026","format":false,"excerpt":"Ein neuwertiges eero Pro 6 ist general\u00fcberholt, getestet und zertifiziert, so dass es aussieht und funktioniert wie ein Neuger\u00e4t und mit derselben eingeschr\u00e4nkten Garantie versehen ist wie ein Neuger\u00e4t. Neuwertige Amazon-Ger\u00e4te k\u00f6nnen in generischen Kartons verpackt sein. Premium Wi-Fi 6 Leistung - eero Pro 6 deckt bis zu 2.000 Quadratmeter\u2026","rel":"","context":"Similar post","img":{"alt_text":"","src":"https:\/\/i0.wp.com\/anythingtechnicallc.com\/wp-content\/uploads\/2025\/02\/41iM94D0weL._SL1000_.jpg?fit=1000%2C1000&ssl=1&resize=350%2C200","width":350,"height":200},"classes":[]},{"id":9895,"url":"https:\/\/anythingtechnicallc.com\/index.php\/de\/product\/apple-iphone-12-64gb-blau-vollstaendig-freigeschaltet-erneuert-us-version\/","url_meta":{"origin":9124,"position":1},"title":"Apple iPhone 12, 64GB, Blau &#8211; Vollst\u00e4ndig freigeschaltet (Erneuert) US Version","date":"April 15, 2026","format":false,"excerpt":"Das Apple iPhone 12 verf\u00fcgt \u00fcber ein 6,1 Zoll gro\u00dfes OLED-Display, den 5nm Apple A14 Bionic Prozessor und eine Dual-Kamera mit gro\u00dfem Sensor. 5G und Face ID geh\u00f6ren ebenso zur Standardausstattung wie die Unterst\u00fctzung von True Tone f\u00fcr die Anpassung des Wei\u00dfabgleichs an das Umgebungslicht und die Unterst\u00fctzung von Wide\u2026","rel":"","context":"Similar post","img":{"alt_text":"","src":"https:\/\/i0.wp.com\/anythingtechnicallc.com\/wp-content\/uploads\/2026\/04\/Apple-iPhone-12-64GB-Blue-Unlocked-Renewed.jpg?fit=900%2C1200&ssl=1&resize=350%2C200","width":350,"height":200},"classes":[]},{"id":9892,"url":"https:\/\/anythingtechnicallc.com\/index.php\/de\/product\/apple-iphone-12-64gb-schwarz-vollstaendig-freigeschaltet-erneuert-us-version\/","url_meta":{"origin":9124,"position":2},"title":"Apple iPhone 12, 64GB, Schwarz &#8211; Vollst\u00e4ndig freigeschaltet (Erneuert) US Version","date":"April 15, 2026","format":false,"excerpt":"Das Apple iPhone 12 verf\u00fcgt \u00fcber ein 6,1 Zoll gro\u00dfes OLED-Display, den 5nm Apple A14 Bionic Prozessor und eine Dual-Kamera mit gro\u00dfem Sensor. 5G und Face ID geh\u00f6ren ebenso zur Standardausstattung wie die Unterst\u00fctzung von True Tone f\u00fcr die Anpassung des Wei\u00dfabgleichs an das Umgebungslicht und die Unterst\u00fctzung von Wide\u2026","rel":"","context":"Similar post","img":{"alt_text":"","src":"https:\/\/i0.wp.com\/anythingtechnicallc.com\/wp-content\/uploads\/2026\/04\/Apple-iPhone-12-64GB-Black-Fully-Unlocked-Renewed.jpg?fit=900%2C1200&ssl=1&resize=350%2C200","width":350,"height":200},"classes":[]},{"id":9161,"url":"https:\/\/anythingtechnicallc.com\/index.php\/de\/product\/wacom-intuos-pro-medium-creative-pen-tablet-schwarz-pth651-erneuert\/","url_meta":{"origin":9124,"position":3},"title":"Wacom Intuos Pro Medium Creative Pen Tablet, Schwarz PTH651 &#8211; (Erneuert)","date":"March 19, 2026","format":false,"excerpt":"Dieses Certified Refurbished Produkt wurde gem\u00e4\u00df den Werksspezifikationen \u00fcberholt und weist nur geringe oder gar keine Gebrauchsspuren auf. Inklusive allem Originalzubeh\u00f6r und 1 Jahr Garantie. Wacom Intuos Pro Medium Kreativ-Stifttablett, PTH651. Au\u00dfergew\u00f6hnliche Stiftleistung: Der Wacom Pro Pen 2 verf\u00fcgt \u00fcber 8192 Stufen der Drucksensitivit\u00e4t, Neigungsempfindlichkeit und eine nahezu verz\u00f6gerungsfreie Stiftf\u00fchrung.","rel":"","context":"Similar post","img":{"alt_text":"","src":"https:\/\/i0.wp.com\/anythingtechnicallc.com\/wp-content\/uploads\/2025\/02\/Wacom-Intuos-Pro-Medium-PTH-651.jpg?fit=1079%2C1022&ssl=1&resize=350%2C200","width":350,"height":200},"classes":[]},{"id":9536,"url":"https:\/\/anythingtechnicallc.com\/index.php\/de\/product\/poly-sync-20-usb-c-personal-smart-speakerphone-plantronics-verbindung-zum-handy-ueber-bluetooth-und-pc-mac-ueber-usb-c-kabel-funktioniert-mit-teams-zertifiziert-zoom-mehrschwarz\/","url_meta":{"origin":9124,"position":4},"title":"Poly &#8211; Sync 20 USB-C Personal Smart Speakerphone (Plantronics) &#8211; Verbindung zum Handy \u00fcber Bluetooth und PC\/Mac \u00fcber USB-C-Kabel &#8211; Funktioniert mit Teams (zertifiziert), Zoom &#038; mehr,Schwarz","date":"March 21, 2026","format":false,"excerpt":"Einfache Konnektivit\u00e4t: Verbinden Sie Smartphones einfach kabellos \u00fcber Bluetooth oder Computer \u00fcber USB-C. H\u00f6ren Sie und werden Sie geh\u00f6rt: Konzentrieren Sie sich auf Ihre Stimme und nicht auf die Hintergrundger\u00e4usche mit einem lenkbaren Array aus mehreren Mikrofonen zur Echo- und Ger\u00e4uschunterdr\u00fcckung. Dank Vollduplex-Audio k\u00f6nnen Sie sich mit mehreren Personen gleichzeitig\u2026","rel":"","context":"Similar post","img":{"alt_text":"","src":"https:\/\/i0.wp.com\/anythingtechnicallc.com\/wp-content\/uploads\/2025\/09\/61JOOCGJgsL._AC_SL1080_.jpg?fit=1048%2C587&ssl=1&resize=350%2C200","width":350,"height":200},"classes":[]},{"id":9699,"url":"https:\/\/anythingtechnicallc.com\/index.php\/de\/product\/gebraucht-rang-a-microsoft-surface-pro-4-tablet-pc-123-2736-x-1824-touchscreen-notebook-core-i5-6300u-4gb-ram-128gb-ssd-cam-windows-11-pro\/","url_meta":{"origin":9124,"position":5},"title":"Gebraucht Rang A Microsoft Surface Pro 4 Tablet PC, 12,3&#8243; (2736 X 1824) Touchscreen Notebook, Core i5-6300U, 4GB RAM, 128GB SSD, CAM, Windows 11 Pro","date":"March 24, 2026","format":false,"excerpt":"Prozessor---Microsoft Surface Pro 4 Tablet mit Core i5-6300U , 4GB RAM 128GB SSD Laufwerk. Display ---12,3-Zoll PixelSense Touchscreen-Display; 2736 x 1824 Aufl\u00f6sung, Stereo-Lautsprecher mit Dolby Audio-verst\u00e4rktem Sound. Anschl\u00fcsse -- Full-size USB 3. 0; microSD-Kartenleser; Kopfh\u00f6reranschluss; Mini DisplayPort; Cover Port; Ladeanschluss, Kamera: 5MP-Kamera auf der Vorderseite und 8MP-Kamera auf der R\u00fcckseite\u2026","rel":"","context":"Similar post","img":{"alt_text":"","src":"https:\/\/i0.wp.com\/anythingtechnicallc.com\/wp-content\/uploads\/2026\/02\/Surface-Pro-4-i5.webp?fit=1200%2C1200&ssl=1&resize=350%2C200","width":350,"height":200},"classes":[]}],"pll_sync_post":[],"lang":"de","translations":{"de":9124,"en":6216},"_links":{"self":[{"href":"https:\/\/anythingtechnicallc.com\/index.php\/wp-json\/wp\/v2\/product\/9124","targetHints":{"allow":["GET"]}}],"collection":[{"href":"https:\/\/anythingtechnicallc.com\/index.php\/wp-json\/wp\/v2\/product"}],"about":[{"href":"https:\/\/anythingtechnicallc.com\/index.php\/wp-json\/wp\/v2\/types\/product"}],"replies":[{"embeddable":true,"href":"https:\/\/anythingtechnicallc.com\/index.php\/wp-json\/wp\/v2\/comments?post=9124"}],"wp:featuredmedia":[{"embeddable":true,"href":"https:\/\/anythingtechnicallc.com\/index.php\/wp-json\/wp\/v2\/media\/9123"}],"wp:attachment":[{"href":"https:\/\/anythingtechnicallc.com\/index.php\/wp-json\/wp\/v2\/media?parent=9124"}],"wp:term":[{"taxonomy":"product_brand","embeddable":true,"href":"https:\/\/anythingtechnicallc.com\/index.php\/wp-json\/wp\/v2\/product_brand?post=9124"},{"taxonomy":"product_cat","embeddable":true,"href":"https:\/\/anythingtechnicallc.com\/index.php\/wp-json\/wp\/v2\/product_cat?post=9124"},{"taxonomy":"product_tag","embeddable":true,"href":"https:\/\/anythingtechnicallc.com\/index.php\/wp-json\/wp\/v2\/product_tag?post=9124"}],"curies":[{"name":"wp","href":"https:\/\/api.w.org\/{rel}","templated":true}]}}