{"id":9197,"date":"2026-03-19T05:52:40","date_gmt":"2026-03-19T05:52:40","guid":{"rendered":"https:\/\/anythingtechnicallc.com\/?post_type=product&#038;p=9197"},"modified":"2026-03-19T09:30:39","modified_gmt":"2026-03-19T09:30:39","slug":"verlaengerter-amazon-eero-mesh-wlan-router-unterstuetzt-internet-tarife-bis-zu-550-mbps-abdeckung-bis-zu-1-500-sq-ft-1-pack","status":"publish","type":"product","link":"https:\/\/anythingtechnicallc.com\/index.php\/de\/product\/verlaengerter-amazon-eero-mesh-wlan-router-unterstuetzt-internet-tarife-bis-zu-550-mbps-abdeckung-bis-zu-1-500-sq-ft-1-pack\/","title":{"rendered":"Verl\u00e4ngerter Amazon eero Mesh-WLAN-Router &#8211; Unterst\u00fctzt Internet-Tarife bis zu 550 Mbps, Abdeckung bis zu 1.500 sq. ft, 1-Pack"},"content":{"rendered":"<ul class=\"a-unordered-list a-vertical a-spacing-mini\">\n<li class=\"a-spacing-mini\"><span class=\"a-list-item\">SCHNELLER STANDALONE-ROUTER &#8211; Der eero Mesh-WiFi-Router bringt bis zu 1.500 Quadratmeter schnelles, zuverl\u00e4ssiges WLAN in Ihr Zuhause.<\/span><\/li>\n<li class=\"a-spacing-mini\"><span class=\"a-list-item\">FUNKTIONIERT MIT ALEXA- Mit eero und einem Alexa-Ger\u00e4t (nicht im Lieferumfang enthalten) k\u00f6nnen Sie den WLAN-Zugang f\u00fcr Netzwerkprofile ganz einfach verwalten und sich so von den Bildschirmen abwenden und sich wieder auf das Wesentliche konzentrieren.<\/span><\/li>\n<li class=\"a-spacing-mini\"><span class=\"a-list-item\">ERWEITERN SIE IHR SYSTEM EINFACH &#8211; Mit kompatibler Hardware k\u00f6nnen Sie eero Produkte hinzuf\u00fcgen, wenn sich Ihre Anforderungen \u00e4ndern.<\/span><\/li>\n<li class=\"a-spacing-mini\"><span class=\"a-list-item\">FUNKTIONIERT MIT IHREM INTERNET-SERVICEPROVIDER &#8211; eero ersetzt Ihren WLAN-Router und funktioniert mit den meisten gro\u00dfen Internet-Serviceprovidern.<\/span><\/li>\n<li class=\"a-spacing-mini\"><span class=\"a-list-item\">IN MINUTEN EINRICHTEN &#8211; Die eero App f\u00fchrt Sie durch die Einrichtung und erm\u00f6glicht es Ihnen, Ihr Netzwerk von \u00fcberall aus zu verwalten.<\/span><\/li>\n<li class=\"a-spacing-mini\"><span class=\"a-list-item\">LASSEN SIE SICH NICHT DURCH WIFI verlangsamen &#8211; Holen Sie das Beste aus Ihrem WiFi heraus, indem Sie von \u00fcberall in Ihrem Haus streamen, spielen und arbeiten.<\/span><\/li>\n<li class=\"a-spacing-mini\"><span class=\"a-list-item\">WIRD IMMER BESSER &#8211; Erhalten Sie automatische Updates, damit Ihr Netzwerk sicher bleibt. Online-Sicherheit und zus\u00e4tzliche Netzwerkverwaltungsfunktionen sind \u00fcber ein separates Abonnement erh\u00e4ltlich.<\/span><\/li>\n<li class=\"a-spacing-mini\"><span class=\"a-list-item\">ERLEBEN SIE DEN EERO TRUEMESH UNTERSCHIED &#8211; Die patentierte TrueMesh-Technologie von eero leitet den Datenverkehr auf intelligente Weise, um Verbindungsabbr\u00fcche und tote Punkte zu vermeiden.<\/span><\/li>\n<\/ul>\n","protected":false},"excerpt":{"rendered":"<ul class=\"a-unordered-list a-vertical a-spacing-mini\">\n<li class=\"a-spacing-mini\"><span class=\"a-list-item\">SCHNELLER STANDALONE-ROUTER &#8211; Der eero Mesh-WiFi-Router bringt bis zu 1.500 Quadratmeter schnelles, zuverl\u00e4ssiges WLAN in Ihr Zuhause.<\/span><\/li>\n<li class=\"a-spacing-mini\"><span class=\"a-list-item\">FUNKTIONIERT MIT ALEXA- Mit eero und einem Alexa-Ger\u00e4t (nicht im Lieferumfang enthalten) k\u00f6nnen Sie den WLAN-Zugang f\u00fcr Netzwerkprofile ganz einfach verwalten und sich so von den Bildschirmen abwenden und sich wieder auf das Wesentliche konzentrieren.<\/span><\/li>\n<li class=\"a-spacing-mini\"><span class=\"a-list-item\">ERWEITERN SIE IHR SYSTEM EINFACH &#8211; Mit kompatibler Hardware k\u00f6nnen Sie eero Produkte hinzuf\u00fcgen, wenn sich Ihre Anforderungen \u00e4ndern.<\/span><\/li>\n<li class=\"a-spacing-mini\"><span class=\"a-list-item\">FUNKTIONIERT MIT IHREM INTERNET-SERVICEPROVIDER &#8211; eero ersetzt Ihren WLAN-Router und funktioniert mit den meisten gro\u00dfen Internet-Serviceprovidern.<\/span><\/li>\n<li class=\"a-spacing-mini\"><span class=\"a-list-item\">IN MINUTEN EINRICHTEN &#8211; Die eero App f\u00fchrt Sie durch die Einrichtung und erm\u00f6glicht es Ihnen, Ihr Netzwerk von \u00fcberall aus zu verwalten.<\/span><\/li>\n<li class=\"a-spacing-mini\"><span class=\"a-list-item\">LASSEN SIE SICH NICHT DURCH WIFI verlangsamen &#8211; Holen Sie das Beste aus Ihrem WiFi heraus, indem Sie von \u00fcberall in Ihrem Haus streamen, spielen und arbeiten.<\/span><\/li>\n<li class=\"a-spacing-mini\"><span class=\"a-list-item\">WIRD IMMER BESSER &#8211; Erhalten Sie automatische Updates, damit Ihr Netzwerk sicher bleibt. Online-Sicherheit und zus\u00e4tzliche Netzwerkverwaltungsfunktionen sind \u00fcber ein separates Abonnement erh\u00e4ltlich.<\/span><\/li>\n<li class=\"a-spacing-mini\"><span class=\"a-list-item\">ERLEBEN SIE DEN EERO TRUEMESH UNTERSCHIED &#8211; Die patentierte TrueMesh-Technologie von eero leitet den Datenverkehr auf intelligente Weise, um Verbindungsabbr\u00fcche und tote Punkte zu vermeiden.<\/span><\/li>\n<\/ul>\n","protected":false},"featured_media":9196,"comment_status":"open","ping_status":"closed","template":"","meta":{"_et_pb_use_builder":"","_et_pb_old_content":"","_et_gb_content_width":""},"product_brand":[],"product_cat":[1372,703],"product_tag":[],"class_list":{"0":"post-9197","1":"product","2":"type-product","3":"status-publish","4":"has-post-thumbnail","6":"product_cat-elektronik","7":"product_cat-uncategorized-de","9":"first","10":"instock","11":"sale","12":"taxable","13":"shipping-taxable","14":"purchasable","15":"product-type-simple"},"exclude_global_add_ons":[],"addons":[],"jetpack-related-posts":[{"id":9194,"url":"https:\/\/anythingtechnicallc.com\/index.php\/de\/product\/erneuerter-amazon-eero-pro-6-tri-band-mesh-wi-fi-6-router-mit-integriertem-zigbee-smart-home-hub\/","url_meta":{"origin":9197,"position":0},"title":"Erneuerter Amazon eero Pro 6 Tri-Band Mesh Wi-Fi 6 Router mit integriertem Zigbee Smart Home Hub","date":"March 19, 2026","format":false,"excerpt":"Ein neuwertiges eero Pro 6 ist general\u00fcberholt, getestet und zertifiziert, so dass es aussieht und funktioniert wie ein Neuger\u00e4t und mit derselben eingeschr\u00e4nkten Garantie versehen ist wie ein Neuger\u00e4t. Neuwertige Amazon-Ger\u00e4te k\u00f6nnen in generischen Kartons verpackt sein. Premium Wi-Fi 6 Leistung - eero Pro 6 deckt bis zu 2.000 Quadratmeter\u2026","rel":"","context":"Similar post","img":{"alt_text":"","src":"https:\/\/i0.wp.com\/anythingtechnicallc.com\/wp-content\/uploads\/2025\/02\/41iM94D0weL._SL1000_.jpg?fit=1000%2C1000&ssl=1&resize=350%2C200","width":350,"height":200},"classes":[]},{"id":9614,"url":"https:\/\/anythingtechnicallc.com\/index.php\/de\/product\/gebrauchter-zte-mc888-5g-wifi-home-router-freigeschaltet\/","url_meta":{"origin":9197,"position":1},"title":"Gebrauchter ZTE MC888 5G WiFi Home Router, freigeschaltet","date":"March 24, 2026","format":false,"excerpt":"Der ZTE MC888 5G Indoor CPE ist ein leistungsstarker Router, der mit dem neuesten Qualcomm X62-Chipsatz ausgestattet ist und eine nahtlose und stabile 5G-Verbindung f\u00fcr Ihr Zuhause oder Ihr B\u00fcro bietet. Seine hochmoderne 5G-Technologie bietet ultraschnelle Daten\u00fcbertragungsraten und sorgt daf\u00fcr, dass Sie Hochgeschwindigkeitsinternet f\u00fcr Streaming, Spiele und andere bandbreitenintensive Aktivit\u00e4ten\u2026","rel":"","context":"Similar post","img":{"alt_text":"","src":"https:\/\/i0.wp.com\/anythingtechnicallc.com\/wp-content\/uploads\/2025\/10\/ZTE-MC888-5G.webp?fit=920%2C920&ssl=1&resize=350%2C200","width":350,"height":200},"classes":[]},{"id":9617,"url":"https:\/\/anythingtechnicallc.com\/index.php\/de\/product\/gebrauchtes-asus-zenwifi-pro-et12-axe11000-tri-band-wifi-6e-mesh-system-2er-pack-abdeckung-bis-zu-6000-sq-ft-abonnementfreie-netzwerksicherheit-erweiterte-kindersicherung-instant-guard-vpn-dua\/","url_meta":{"origin":9197,"position":2},"title":"Gebrauchtes ASUS ZenWiFi Pro ET12 AXE11000 Tri-Band WiFi 6E Mesh System (2er Pack), Abdeckung bis zu 6000 sq ft, abonnementfreie Netzwerksicherheit, erweiterte Kindersicherung, Instant Guard, VPN, Dual 2.5G Ports","date":"March 24, 2026","format":false,"excerpt":"Ultrafast WiFi 6E mit dem neuen 6-GHz-Band erh\u00f6ht die Netzwerkkapazit\u00e4t f\u00fcr mehr Ger\u00e4te mit Geschwindigkeiten von bis zu 11.000 Mbps. Das exklusive ASUS RangeBoost Plus verbessert die Reichweite des WiFi-Signals um bis zu 38% und bietet eine erweiterte Abdeckung von bis zu 6.000 Quadratmetern. Abonnementfreie Netzwerksicherheit mit kommerziellem AiProtection Pro\u2026","rel":"","context":"Similar post","img":{"alt_text":"","src":"https:\/\/i0.wp.com\/anythingtechnicallc.com\/wp-content\/uploads\/2025\/10\/71nXC8hlZdL._AC_SL1500_.jpg?fit=981%2C1200&ssl=1&resize=350%2C200","width":350,"height":200},"classes":[]},{"id":9623,"url":"https:\/\/anythingtechnicallc.com\/index.php\/de\/product\/gebrauchter-huawei-5g-cpe-pro-h112-370-dual-band-wireless-router-freigeschaltet\/","url_meta":{"origin":9197,"position":3},"title":"Gebrauchter Huawei 5G CPE Pro (H112-370) Dual Band Wireless Router, freigeschaltet","date":"March 24, 2026","format":false,"excerpt":"Huawei 5G CPE Pro H122 unterst\u00fctzt die meisten USA 5G 4G Simkarten NICHT !! Unterst\u00fctzt die meisten 4G Sim-Karten auf der ganzen Welt, au\u00dfer in den USA. 5G-B\u00e4nder Unterst\u00fctzende L\u00e4nder (bis Juni 2020): Europa, Naher Osten, China, Afrika, Australien, \u00d6sterreich, Brasilien, Hongkong, Japan, Malediven, Neuseeland, Philippinen. Russland, S\u00fcdkorea, Thailand, Singapur\u2026","rel":"","context":"Similar post","img":{"alt_text":"","src":"https:\/\/i0.wp.com\/anythingtechnicallc.com\/wp-content\/uploads\/2025\/10\/Huawei-5G-CPE-Pro.png?fit=839%2C1154&ssl=1&resize=350%2C200","width":350,"height":200},"classes":[]},{"id":9620,"url":"https:\/\/anythingtechnicallc.com\/index.php\/de\/product\/gebrauchter-zyxel-nr5103ev2-5g-router-24ghz-5ghz-47gbps-wifi6-4g-lte-cat19-indoor\/","url_meta":{"origin":9197,"position":4},"title":"Gebrauchter Zyxel NR5103Ev2 5G Router &#8211; 2,4GHz &#038; 5GHz &#8211; 4,7Gbps WiFi6 &#8211; 4G LTE Cat19 &#8211; Indoor","date":"March 24, 2026","format":false,"excerpt":"Unlocked ZYXEL NR5103EV2 5G NR Indoor Router 4.7Gbps WiFi6 4G LTE Cat19 Sim Card 5G WiFi CPE Der Zyxel NR5103EV2 5G NR Indoor Router unterst\u00fctzt die neueste 5G NR Technologie und bleibt gleichzeitig voll kompatibel mit 4G Netzwerken. Der NR5103EV2 ist ideal f\u00fcr den Einsatz von 5G NR FWA. Service\u2026","rel":"","context":"Similar post","img":{"alt_text":"","src":"https:\/\/i0.wp.com\/anythingtechnicallc.com\/wp-content\/uploads\/2025\/10\/Zyxel-NR5103EV2.jpg?fit=476%2C1000&ssl=1&resize=350%2C200","width":350,"height":200},"classes":[]},{"id":9191,"url":"https:\/\/anythingtechnicallc.com\/index.php\/de\/product\/bose-home-speaker-500-intelligenter-bluetooth-lautsprecher-mit-integrierter-alexa-sprachsteuerung-schwarz-erneuert\/","url_meta":{"origin":9197,"position":5},"title":"Bose Home Speaker 500: Intelligenter Bluetooth-Lautsprecher mit integrierter Alexa-Sprachsteuerung, Schwarz (erneuert)","date":"March 19, 2026","format":false,"excerpt":"SOUND PERFORMANCE: F\u00fcllen Sie jeden Raum mit beeindruckendem Stereosound von Wand zu Wand aus einem einzigen Lautsprecher. BUILT-IN-ALEXA: Amazon Alexa und Google Assistant sind in diesen intelligenten Lautsprecher integriert und erm\u00f6glichen eine freih\u00e4ndige Sprachsteuerung. Und ein ger\u00e4uschunterdr\u00fcckendes Mikrofonsystem lauscht in alle Richtungen auf Ihre Stimme. KONNEKTIVIT\u00c4T: Koppeln Sie Ihr Ger\u00e4t\u2026","rel":"","context":"Similar post","img":{"alt_text":"","src":"https:\/\/i0.wp.com\/anythingtechnicallc.com\/wp-content\/uploads\/2025\/02\/A1xlwUXvbCL._AC_SL1500_.jpg?fit=983%2C1200&ssl=1&resize=350%2C200","width":350,"height":200},"classes":[]}],"pll_sync_post":[],"lang":"de","translations":{"de":9197,"en":6283},"_links":{"self":[{"href":"https:\/\/anythingtechnicallc.com\/index.php\/wp-json\/wp\/v2\/product\/9197","targetHints":{"allow":["GET"]}}],"collection":[{"href":"https:\/\/anythingtechnicallc.com\/index.php\/wp-json\/wp\/v2\/product"}],"about":[{"href":"https:\/\/anythingtechnicallc.com\/index.php\/wp-json\/wp\/v2\/types\/product"}],"replies":[{"embeddable":true,"href":"https:\/\/anythingtechnicallc.com\/index.php\/wp-json\/wp\/v2\/comments?post=9197"}],"wp:featuredmedia":[{"embeddable":true,"href":"https:\/\/anythingtechnicallc.com\/index.php\/wp-json\/wp\/v2\/media\/9196"}],"wp:attachment":[{"href":"https:\/\/anythingtechnicallc.com\/index.php\/wp-json\/wp\/v2\/media?parent=9197"}],"wp:term":[{"taxonomy":"product_brand","embeddable":true,"href":"https:\/\/anythingtechnicallc.com\/index.php\/wp-json\/wp\/v2\/product_brand?post=9197"},{"taxonomy":"product_cat","embeddable":true,"href":"https:\/\/anythingtechnicallc.com\/index.php\/wp-json\/wp\/v2\/product_cat?post=9197"},{"taxonomy":"product_tag","embeddable":true,"href":"https:\/\/anythingtechnicallc.com\/index.php\/wp-json\/wp\/v2\/product_tag?post=9197"}],"curies":[{"name":"wp","href":"https:\/\/api.w.org\/{rel}","templated":true}]}}