{"id":9237,"date":"2026-03-19T06:22:18","date_gmt":"2026-03-19T06:22:18","guid":{"rendered":"https:\/\/anythingtechnicallc.com\/?post_type=product&#038;p=9237"},"modified":"2026-03-19T09:25:32","modified_gmt":"2026-03-19T09:25:32","slug":"erneuert-audio-technica-ath-e40-professioneller-in-ear-monitor-kopfhoerer","status":"publish","type":"product","link":"https:\/\/anythingtechnicallc.com\/index.php\/de\/product\/erneuert-audio-technica-ath-e40-professioneller-in-ear-monitor-kopfhoerer\/","title":{"rendered":"Erneuert Audio Technica ATH-E40 Professioneller In-Ear-Monitor-Kopfh\u00f6rer"},"content":{"rendered":"<div id=\"productDescription_feature_div\" class=\"celwidget\" data-feature-name=\"productDescription\" data-csa-c-type=\"widget\" data-csa-c-content-id=\"productDescription\" data-csa-c-slot-id=\"productDescription_feature_div\" data-csa-c-asin=\"\" data-csa-c-is-in-initial-active-row=\"false\" data-csa-c-id=\"g273k6-3tzozu-4h2hje-hpcoxy\" data-cel-widget=\"productDescription_feature_div\">\n<div>\n<div id=\"productDescription_feature_div\" class=\"a-row feature\" data-feature-name=\"productDescription\" data-template-name=\"productDescription\" data-cel-widget=\"productDescription_feature_div\">\n<div id=\"productDescription\" class=\"a-section a-spacing-small\">\n<p>Der ATH-E40 liefert kraftvolle B\u00e4sse sowie ausgewogene Mitten und H\u00f6hen, um die volle Emotion der Musik von der B\u00fchne auf die Stra\u00dfe zu \u00fcbertragen. Das propriet\u00e4re Dual-Phase-Push-Pull-Treiberdesign sorgt f\u00fcr verbesserte Klangtreue und Effizienz. Die Audio-Technica Kopfh\u00f6rer der E-Serie bringen die weltweit von der Kritik gefeierte klangliche Handschrift der M-Serie in ein In-Ear-Design und wurden entwickelt, um die Bed\u00fcrfnisse anspruchsvoller Tontechniker und Musiker vom Studio \u00fcber die B\u00fchne bis hin zum DJ-Pult zu erf\u00fcllen.<\/p>\n<\/div>\n<\/div>\n<\/div>\n<\/div>\n<div id=\"btfSubNavDesktop_feature_div\" class=\"celwidget\" data-feature-name=\"btfSubNavDesktop\" data-csa-c-type=\"widget\" data-csa-c-content-id=\"btfSubNavDesktop\" data-csa-c-slot-id=\"btfSubNavDesktop_feature_div\" data-csa-c-asin=\"\" data-csa-c-is-in-initial-active-row=\"false\" data-csa-c-id=\"l3ofcf-nf8ld6-9fx7yj-lxi5jg\" data-cel-widget=\"btfSubNavDesktop_feature_div\">\n<div id=\"btf-sub-nav-desktop-wrapper\" class=\"a-row a-size-base\" role=\"navigation\">\n<nav id=\"btf-sub-nav-desktop-tabs\" class=\"\" aria-label=\"Navigate within the product detail page\">\n<div class=\"top-tab-content\">\n<div><\/div>\n<\/div>\n<\/nav>\n<\/div>\n<\/div>\n","protected":false},"excerpt":{"rendered":"<div id=\"productDescription_feature_div\" class=\"celwidget\" data-feature-name=\"productDescription\" data-csa-c-type=\"widget\" data-csa-c-content-id=\"productDescription\" data-csa-c-slot-id=\"productDescription_feature_div\" data-csa-c-asin=\"\" data-csa-c-is-in-initial-active-row=\"false\" data-csa-c-id=\"g273k6-3tzozu-4h2hje-hpcoxy\" data-cel-widget=\"productDescription_feature_div\">\n<div>\n<div id=\"productDescription_feature_div\" class=\"a-row feature\" data-feature-name=\"productDescription\" data-template-name=\"productDescription\" data-cel-widget=\"productDescription_feature_div\">\n<div id=\"productDescription\" class=\"a-section a-spacing-small\">\n<p>Der ATH-E40 liefert kraftvolle B\u00e4sse sowie ausgewogene Mitten und H\u00f6hen, um die volle Emotion der Musik von der B\u00fchne auf die Stra\u00dfe zu \u00fcbertragen. Das propriet\u00e4re Dual-Phase-Push-Pull-Treiberdesign sorgt f\u00fcr verbesserte Klangtreue und Effizienz. Die Audio-Technica Kopfh\u00f6rer der E-Serie bringen die weltweit von der Kritik gefeierte klangliche Handschrift der M-Serie in ein In-Ear-Design und wurden entwickelt, um die Bed\u00fcrfnisse anspruchsvoller Tontechniker und Musiker vom Studio \u00fcber die B\u00fchne bis hin zum DJ-Pult zu erf\u00fcllen.<\/p>\n<\/div>\n<\/div>\n<\/div>\n<\/div>\n<div id=\"btfSubNavDesktop_feature_div\" class=\"celwidget\" data-feature-name=\"btfSubNavDesktop\" data-csa-c-type=\"widget\" data-csa-c-content-id=\"btfSubNavDesktop\" data-csa-c-slot-id=\"btfSubNavDesktop_feature_div\" data-csa-c-asin=\"\" data-csa-c-is-in-initial-active-row=\"false\" data-csa-c-id=\"l3ofcf-nf8ld6-9fx7yj-lxi5jg\" data-cel-widget=\"btfSubNavDesktop_feature_div\">\n<div id=\"btf-sub-nav-desktop-wrapper\" class=\"a-row a-size-base\" role=\"navigation\">\n<nav id=\"btf-sub-nav-desktop-tabs\" class=\"\" aria-label=\"Navigate within the product detail page\">\n<div class=\"top-tab-content\">\n<div><\/div>\n<\/div>\n<\/nav>\n<\/div>\n<\/div>\n","protected":false},"featured_media":9236,"comment_status":"open","ping_status":"closed","template":"","meta":{"_et_pb_use_builder":"","_et_pb_old_content":"","_et_gb_content_width":""},"product_brand":[],"product_cat":[703,1578],"product_tag":[],"class_list":{"0":"post-9237","1":"product","2":"type-product","3":"status-publish","4":"has-post-thumbnail","6":"product_cat-uncategorized-de","7":"product_cat-headset","9":"first","10":"instock","11":"sale","12":"taxable","13":"shipping-taxable","14":"purchasable","15":"product-type-simple"},"exclude_global_add_ons":[],"addons":[],"jetpack-related-posts":[{"id":9139,"url":"https:\/\/anythingtechnicallc.com\/index.php\/de\/product\/audio-technica-ath-m50x-professioneller-studio-monitor-kopfhoerer-schwarz\/","url_meta":{"origin":9237,"position":0},"title":"Audio-Technica ATH-M50x Professioneller Studio-Monitor-Kopfh\u00f6rer, Schwarz","date":"March 19, 2026","format":false,"excerpt":"Von Top-Audio-Ingenieuren und Pro-Audio-Rezensenten gelobte klangliche Leistung. Propriet\u00e4re 45-Millimeter-Treiber mit gro\u00dfen \u00d6ffnungen, Seltenerdmagneten und kupferummantelten Aluminiumdraht-Schwingspulen. Au\u00dfergew\u00f6hnliche Klarheit \u00fcber einen erweiterten Frequenzbereich mit tiefer, pr\u00e4ziser Basswiedergabe. Das ohrumschlie\u00dfende Design schmiegt sich an die Ohren an und sorgt f\u00fcr eine hervorragende Schallisolierung in lauten Umgebungen. Um 90 Grad schwenkbare Ohrmuscheln f\u00fcr\u2026","rel":"","context":"Similar post","img":{"alt_text":"","src":"https:\/\/i0.wp.com\/anythingtechnicallc.com\/wp-content\/uploads\/2025\/02\/81v8UeBnyeL._AC_SL1500_.jpg?fit=603%2C1200&ssl=1&resize=350%2C200","width":350,"height":200},"classes":[]},{"id":9233,"url":"https:\/\/anythingtechnicallc.com\/index.php\/de\/product\/gebrauchte-audio-technica-consumer-ath-ck3tw-true-wireless-in-ear-kopfhoerer\/","url_meta":{"origin":9237,"position":1},"title":"Gebrauchte Audio-Technica Consumer ATH-CK3TW True Wireless In-Ear Kopfh\u00f6rer","date":"March 19, 2026","format":false,"excerpt":"Die ATH-CK3TW True Wireless In-Ear Headphones von Audio-Technica sind mit Bluetooth 5.0 Technologie ausgestattet und verf\u00fcgen \u00fcber eine tragbare Ladetasche, die den Kopfh\u00f6rer automatisch einschaltet, wenn Sie ihn abnehmen, und ausschaltet, wenn Sie ihn zum Aufladen in die Tasche zur\u00fccklegen. Jedes kompakte Ohrh\u00f6rergeh\u00e4use ist mit Touch-Bedienelementen ausgestattet, die Sie mit\u2026","rel":"","context":"Similar post","img":{"alt_text":"","src":"https:\/\/i0.wp.com\/anythingtechnicallc.com\/wp-content\/uploads\/2025\/03\/pf-3a9e9e98-atheadphones.jpeg?fit=868%2C872&ssl=1&resize=350%2C200","width":350,"height":200},"classes":[]},{"id":9013,"url":"https:\/\/anythingtechnicallc.com\/index.php\/de\/product\/ath-msr7bgm-over-ear-high-resolution-kopfhoerer-gunmetal-ohne-verpackung\/","url_meta":{"origin":9237,"position":2},"title":"ATH-MSR7bGM Over-Ear High-Resolution Kopfh\u00f6rer, Gunmetal (ohne Verpackung)","date":"March 18, 2026","format":false,"excerpt":"Der ATH-MSR7b Kopfh\u00f6rer bietet Ihnen die neueste Technologie f\u00fcr hochaufl\u00f6sende Kopfh\u00f6rer. Er kombiniert die fortschrittlichen Funktionen des originalen ATH-MSR7 mit Standard- und symmetrischen Anschlussm\u00f6glichkeiten f\u00fcr das ultimative tragbare H\u00f6rerlebnis. Dieser Kopfh\u00f6rer ist mit 45-mm-True-Motion-Treibern mit diamant\u00e4hnlichen, karbonbeschichteten Membranen ausgestattet, die eine verzerrungsfreie Audiowiedergabe mit erweitertem Frequenzgang erm\u00f6glichen. Der Kopfh\u00f6rer ist\u2026","rel":"","context":"Similar post","img":{"alt_text":"","src":"https:\/\/i0.wp.com\/anythingtechnicallc.com\/wp-content\/uploads\/2024\/09\/71jBYrcWzAL._AC_SL1500_.jpg?fit=654%2C1200&ssl=1&resize=350%2C200","width":350,"height":200},"classes":[]},{"id":9717,"url":"https:\/\/anythingtechnicallc.com\/index.php\/de\/product\/bose-quietcomfort-45-bluetooth-kopfhoerer-mit-drahtloser-geraeuschunterdrueckung-triple-black-erneuert\/","url_meta":{"origin":9237,"position":3},"title":"Bose QuietComfort 45 Bluetooth Kopfh\u00f6rer mit drahtloser Ger\u00e4uschunterdr\u00fcckung &#8211; Triple Black (Erneuert)","date":"March 24, 2026","format":false,"excerpt":"Kabellose Kopfh\u00f6rer mit Ger\u00e4uschunterdr\u00fcckung - Die perfekte Balance aus Ruhe, Komfort und Klang. Bose verwendet winzige Mikrofone, um Au\u00dfenger\u00e4usche zu messen, zu vergleichen und darauf zu reagieren, indem sie sie mit entgegengesetzten Signalen ausl\u00f6schen. High-Fidelity-Audio - Die akustische TriPort-Architektur bietet Tiefe und F\u00fclle. Der f\u00fcr die Lautst\u00e4rke optimierte Active EQ\u2026","rel":"","context":"Similar post","img":{"alt_text":"","src":"https:\/\/i0.wp.com\/anythingtechnicallc.com\/wp-content\/uploads\/2026\/02\/Bose-QuietComfort-45.jpg?fit=900%2C1200&ssl=1&resize=350%2C200","width":350,"height":200},"classes":[]},{"id":8970,"url":"https:\/\/anythingtechnicallc.com\/index.php\/de\/product\/philips-over-ear-open-back-stereo-kopfhoerer-mit-abnehmbarem-audioanschluss-studio-monitor-kopfhoerer-fuer-die-aufnahme-von-podcasts-dj-musik-klavier-gitarre-shp9600\/","url_meta":{"origin":9237,"position":4},"title":"PHILIPS Over Ear Open Back Stereo-Kopfh\u00f6rer mit abnehmbarem Audioanschluss, Studio-Monitor-Kopfh\u00f6rer f\u00fcr die Aufnahme von Podcasts DJ Musik Klavier Gitarre (SHP9600)","date":"March 18, 2026","format":false,"excerpt":"Eine hochwertige Leistung: Philips SHP9600 Kopfh\u00f6rer. Suchen Sie nach der perfekten Mischung aus Leistung, Komfort und Qualit\u00e4t? Diese offenen Over-Ear-Kopfh\u00f6rer sind so konzipiert, dass sie Ihren H\u00f6rgenuss zu Hause noch steigern. Sie erhalten gro\u00dfartigen Klang, eine hochwertige Konstruktion und vergoldete Kabelanschl\u00fcsse. Offenes Design. Gro\u00dfz\u00fcgiger Klang: Sp\u00fcren Sie die Musik. Perfekt\u2026","rel":"","context":"Similar post","img":{"alt_text":"","src":"https:\/\/i0.wp.com\/anythingtechnicallc.com\/wp-content\/uploads\/2024\/09\/81TO4oBag7L._AC_SL1500_.jpg?fit=705%2C1200&ssl=1&resize=350%2C200","width":350,"height":200},"classes":[]},{"id":9365,"url":"https:\/\/anythingtechnicallc.com\/index.php\/de\/product\/renewed-bose-quietcomfort-qc45-bluetooth-kopfhoerer-kabellose-kopfhoerer-mit-aktiver-geraeuschunterdrueckung-ueber-dem-ohr-und-mikrofon-tiefer-bass-bis-zu-24-stunden-spielzeit-schwarz\/","url_meta":{"origin":9237,"position":5},"title":"Renewed Bose QuietComfort QC45 Bluetooth Kopfh\u00f6rer, kabellose Kopfh\u00f6rer mit aktiver Ger\u00e4uschunterdr\u00fcckung \u00fcber dem Ohr und Mikrofon, tiefer Bass, bis zu 24 Stunden Spielzeit, Schwarz","date":"March 19, 2026","format":false,"excerpt":"GER\u00c4USCHUNTERDR\u00dcCKENDE KOPFH\u00d6RER: Kombinieren Sie die Ger\u00e4uschunterdr\u00fcckungstechnologie m\u00fchelos mit passiven Funktionen, damit Sie die Au\u00dfenwelt abschalten, Ablenkungen ausblenden und Musik \u00fcber den Beat hinaus genie\u00dfen k\u00f6nnen. KOMFORTABLER KOPFH\u00d6RER: Pl\u00fcschige Ohrmuschelpolster schmiegen sich sanft an Ihre Ohren, w\u00e4hrend ein sicheres und bequemes gepolstertes Band Ihre Over-Ear-Kopfh\u00f6rer bei besonders langen H\u00f6rsessions sanft in\u2026","rel":"","context":"Similar post","img":{"alt_text":"","src":"https:\/\/i0.wp.com\/anythingtechnicallc.com\/wp-content\/uploads\/2025\/08\/51f7KKP25PL._AC_SL1000_.jpg?fit=669%2C885&ssl=1&resize=350%2C200","width":350,"height":200},"classes":[]}],"pll_sync_post":[],"lang":"de","translations":{"de":9237,"en":6462},"_links":{"self":[{"href":"https:\/\/anythingtechnicallc.com\/index.php\/wp-json\/wp\/v2\/product\/9237","targetHints":{"allow":["GET"]}}],"collection":[{"href":"https:\/\/anythingtechnicallc.com\/index.php\/wp-json\/wp\/v2\/product"}],"about":[{"href":"https:\/\/anythingtechnicallc.com\/index.php\/wp-json\/wp\/v2\/types\/product"}],"replies":[{"embeddable":true,"href":"https:\/\/anythingtechnicallc.com\/index.php\/wp-json\/wp\/v2\/comments?post=9237"}],"wp:featuredmedia":[{"embeddable":true,"href":"https:\/\/anythingtechnicallc.com\/index.php\/wp-json\/wp\/v2\/media\/9236"}],"wp:attachment":[{"href":"https:\/\/anythingtechnicallc.com\/index.php\/wp-json\/wp\/v2\/media?parent=9237"}],"wp:term":[{"taxonomy":"product_brand","embeddable":true,"href":"https:\/\/anythingtechnicallc.com\/index.php\/wp-json\/wp\/v2\/product_brand?post=9237"},{"taxonomy":"product_cat","embeddable":true,"href":"https:\/\/anythingtechnicallc.com\/index.php\/wp-json\/wp\/v2\/product_cat?post=9237"},{"taxonomy":"product_tag","embeddable":true,"href":"https:\/\/anythingtechnicallc.com\/index.php\/wp-json\/wp\/v2\/product_tag?post=9237"}],"curies":[{"name":"wp","href":"https:\/\/api.w.org\/{rel}","templated":true}]}}