{"id":9318,"date":"2026-03-19T08:04:40","date_gmt":"2026-03-19T08:04:40","guid":{"rendered":"https:\/\/anythingtechnicallc.com\/?post_type=product&#038;p=9318"},"modified":"2026-03-19T08:04:40","modified_gmt":"2026-03-19T08:04:40","slug":"erneuerter-sennheiser-hd-600-audiophiler-hi-res-kopfhoerer-mit-offener-rueckwand","status":"publish","type":"product","link":"https:\/\/anythingtechnicallc.com\/index.php\/de\/product\/erneuerter-sennheiser-hd-600-audiophiler-hi-res-kopfhoerer-mit-offener-rueckwand\/","title":{"rendered":"Erneuerter Sennheiser HD 600 &#8211; Audiophiler Hi-Res-Kopfh\u00f6rer mit offener R\u00fcckwand"},"content":{"rendered":"<p>Sennheiser HD 600<\/p>\n<p>Der HD 600 ist ein audiophiler, offener, dynamischer HiFi-\/Profi-Stereokopfh\u00f6rer der Spitzenklasse. Das fortschrittliche Membrandesign eliminiert stehende Wellen und sorgt so f\u00fcr einen sauberen Klang, frei von Artefakten und akustischen St\u00f6rungen. Der HD 600 ist eine fantastische Erg\u00e4nzung f\u00fcr eine HiFi-Anlage oder einen speziellen H\u00f6rraum und wird von Mastering-Ingenieuren weltweit bevorzugt.<\/p>\n<ul class=\"a-unordered-list a-vertical\">\n<li><span class=\"a-list-item\">Nat\u00fcrliche, r\u00e4umliche Abbildung<\/span><\/li>\n<li><span class=\"a-list-item\">Au\u00dfergew\u00f6hnliches Einschwingverhalten<\/span><\/li>\n<li><span class=\"a-list-item\">Optimiert f\u00fcr hochaufl\u00f6sende Aufnahmen<\/span><\/li>\n<li><span class=\"a-list-item\">Made in Ireland Erfahren Sie mehr \u00fcber den HD 600<\/span>&#8220;Seit ich mein Paar habe, verwende ich den HD 600 f\u00fcr gelegentliches und kritisches H\u00f6ren. Ich kann mich in vielen verschiedenen Umgebungen auf den HD 600 verlassen und kann immer gro\u00dfartige Ergebnisse erwarten.&#8221; -Kazuri Arai, Aufnahme-\/Mischtechniker<span class=\"a-list-item\">Eigenschaften<\/span>\n<ul class=\"a-unordered-list a-vertical\">\n<li><span class=\"a-list-item\">Hochwertige offene Metallgitter liefern einen extrem transparenten Klang<\/span><\/li>\n<li><span class=\"a-list-item\">Computeroptimierte Magnetsysteme minimieren Oberwellen und Intermodulationsverzerrungen<\/span><\/li>\n<li><span class=\"a-list-item\">Extrem leichte Aluminium-Schwingspulen sorgen f\u00fcr ein hervorragendes Einschwingverhalten<\/span><\/li>\n<li><span class=\"a-list-item\">Neodym-Eisenmagnetsysteme sorgen f\u00fcr optimale Empfindlichkeit und eine hervorragende Dynamik<\/span><\/li>\n<li><span class=\"a-list-item\">Au\u00dfergew\u00f6hnlich nat\u00fcrlicher, r\u00e4umlicher und pr\u00e4ziser Klang<\/span><\/li>\n<li><span class=\"a-list-item\">Abnehmbares, Kevlar-verst\u00e4rktes OFC-Kupferkabel<\/span><\/li>\n<li><span class=\"a-list-item\">Seelenfrieden &#8211; dank der 2-j\u00e4hrigen internationalen Garantie<\/span><\/li>\n<\/ul>\n<p><span class=\"a-list-item\">Wussten Sie schon, dass<\/span>der HD 600 ein echter audiophiler Kopfh\u00f6rer ist, der f\u00fcr eines der besten H\u00f6rerlebnisse entwickelt wurde. Der HD 600 wurde f\u00fcr minimale Verzerrungen optimiert und verf\u00fcgt \u00fcber Open-Aire-Lautsprecher f\u00fcr ein nat\u00fcrliches H\u00f6rerlebnis.<\/p>\n<p><span class=\"a-list-item\">Sennheiser empfiehlt dieses Headset f\u00fcr&#8230;&#8230;<\/span> Das HD 600 ist f\u00fcr Ihre HiFi-Stereoanlage gedacht. Das HD 600 eignet sich f\u00fcr alle Arten von Audiosignalen und ist ein Favorit unter Mastering-Ingenieuren weltweit.<\/p>\n<p><span class=\"a-list-item\">Was sie sagen&#8230;<\/span>&#8220;Seit ich mein Paar HD 600 habe, benutze ich es f\u00fcr gelegentliches und kritisches H\u00f6ren. Ich kann mich in vielen verschiedenen Umgebungen auf den HD 600 verlassen und kann immer gro\u00dfartige Ergebnisse erwarten.&#8221; -Kazuri Arai, Aufnahme-\/Mischtechniker<\/li>\n<\/ul>\n","protected":false},"excerpt":{"rendered":"<ul class=\"a-unordered-list a-vertical a-spacing-mini\">\n<li class=\"a-spacing-mini\"><span class=\"a-list-item\">Leichte Aluminium-Schwingspulen sorgen f\u00fcr ein hervorragendes Einschwingverhalten.Spezifische Anwendungen f\u00fcr das Produkt : Professionell.<\/span><\/li>\n<li class=\"a-spacing-mini\"><span class=\"a-list-item\">Neodym-Eisenmagnete sorgen f\u00fcr optimale Empfindlichkeit und hervorragende Dynamik.<\/span><\/li>\n<li class=\"a-spacing-mini\"><span class=\"a-list-item\">Anspruchsvolles Design, elegantes Finish in Schwarz und Grau.<\/span><\/li>\n<li class=\"a-spacing-mini\"><span class=\"a-list-item\">Hochwertige Ohrmuschelabdeckungen aus offenem Metallgewebe.<\/span><\/li>\n<li class=\"a-spacing-mini\"><span class=\"a-list-item\">Abnehmbares, Kevlar-verst\u00e4rktes, sauerstofffreies Kupferkabel mit sehr geringem \u00dcbertragungsrauschen.<\/span><\/li>\n<li class=\"a-spacing-mini\"><span class=\"a-list-item\">Anschlusstechnologie : Kabelgebunden.<\/span><\/li>\n<\/ul>\n","protected":false},"featured_media":9317,"comment_status":"open","ping_status":"closed","template":"","meta":{"_et_pb_use_builder":"","_et_pb_old_content":"","_et_gb_content_width":""},"product_brand":[],"product_cat":[1372],"product_tag":[],"class_list":{"0":"post-9318","1":"product","2":"type-product","3":"status-publish","4":"has-post-thumbnail","6":"product_cat-elektronik","8":"first","9":"instock","10":"sale","11":"taxable","12":"shipping-taxable","13":"purchasable","14":"product-type-simple"},"exclude_global_add_ons":[],"addons":[],"jetpack-related-posts":[{"id":9321,"url":"https:\/\/anythingtechnicallc.com\/index.php\/de\/product\/gebrauchter-sennheiser-hd-599-open-back-kopfhoerer-elfenbein\/","url_meta":{"origin":9318,"position":0},"title":"Gebrauchter SENNHEISER HD 599 Open Back Kopfh\u00f6rer, Elfenbein","date":"March 19, 2026","format":false,"excerpt":"Der HD 599 ist ein offener Kopfh\u00f6rer, der mit der von Sennheiser entwickelten Schallwandlertechnologie ausgestattet ist und eine beeindruckend nat\u00fcrliche r\u00e4umliche Wiedergabe bietet. Als Kr\u00f6nung der 500er-Serie von Sennheiser bietet der Premium-Kopfh\u00f6rer in voller Gr\u00f6\u00dfe eine nahezu audiophile Klangqualit\u00e4t und einen au\u00dfergew\u00f6hnlichen Tragekomfort dank der gro\u00dfen Ohrmuscheln und der weichen,\u2026","rel":"","context":"Similar post","img":{"alt_text":"","src":"https:\/\/i0.wp.com\/anythingtechnicallc.com\/wp-content\/uploads\/2025\/07\/612KFU4Js-S._AC_SL1312_.jpg?fit=666%2C1200&ssl=1&resize=350%2C200","width":350,"height":200},"classes":[]},{"id":9312,"url":"https:\/\/anythingtechnicallc.com\/index.php\/de\/product\/erneuerter-sennheiser-hd-560-s-audiophiler-kopfhoerer-neutraler-frequenzgang-e-a-r-technologie-fuer-breites-klangfeld-offene-ohrmuscheln-abnehmbares-kabel-schwarz-hd-560s\/","url_meta":{"origin":9318,"position":1},"title":"Erneuerter Sennheiser HD 560 S Audiophiler Kopfh\u00f6rer &#8211; Neutraler Frequenzgang, E.A.R. Technologie f\u00fcr breites Klangfeld, offene Ohrmuscheln, abnehmbares Kabel, (Schwarz) (HD 560S)","date":"March 19, 2026","format":false,"excerpt":"Nat\u00fcrlicher und pr\u00e4ziser Referenzklang, der die Wahrheit in Ihrer Musik offenbart. Lebensechte Tiefe und Realismus dank offener Ohrmuscheln, die eine nat\u00fcrliche Ausbreitung der Schallwellen erm\u00f6glichen. Die neue Polymermischung der Wandlermembran bietet eine hochlineare Auslenkung f\u00fcr eine hervorragende Kontrolle. Breites Klangbild durch ergonomische akustische Verfeinerung (e.a.r.), die die Treiber in den\u2026","rel":"","context":"Similar post","img":{"alt_text":"","src":"https:\/\/i0.wp.com\/anythingtechnicallc.com\/wp-content\/uploads\/2025\/07\/61h-ouaQb1L._AC_SL1280_.jpg?fit=745%2C1200&ssl=1&resize=350%2C200","width":350,"height":200},"classes":[]},{"id":9113,"url":"https:\/\/anythingtechnicallc.com\/index.php\/de\/product\/sennheiser-officerunner-convertible-wireless-office-mit-mb-pro-2-bluetooth-headset-erneuert\/","url_meta":{"origin":9318,"position":2},"title":"Sennheiser OfficeRunner Convertible Wireless Office mit MB Pro 2 Bluetooth Headset erneuert","date":"March 19, 2026","format":false,"excerpt":"OfficeRunner ist die Nummer 1 unter den schnurlosen B\u00fcro-Headsets mit einer Reichweite von bis zu 400 Fu\u00df. Verbindung zu mobilen Ger\u00e4ten: F\u00fcr alle, die einfach eine hervorragende Freisprechl\u00f6sung im B\u00fcro und unterwegs ben\u00f6tigen. Flexibel: Wechseln Sie nahtlos zwischen zwei verbundenen Bluetooth-Mobiltelefonen und genie\u00dfen Sie so h\u00f6chste Flexibilit\u00e4t bei Ihren Anrufen.\u2026","rel":"","context":"Similar post","img":{"alt_text":"","src":"https:\/\/i0.wp.com\/anythingtechnicallc.com\/wp-content\/uploads\/2025\/02\/image_editor_1739543217387.jpg?fit=1026%2C1200&ssl=1&resize=350%2C200","width":350,"height":200},"classes":[]},{"id":9735,"url":"https:\/\/anythingtechnicallc.com\/index.php\/de\/product\/gebrauchter-sennheiser-ie-400-pro-professioneller-in-ear-monitoring-kopfhoerer-klar\/","url_meta":{"origin":9318,"position":3},"title":"Gebrauchter Sennheiser IE 400 PRO Professioneller In-Ear-Monitoring-Kopfh\u00f6rer, klar","date":"March 24, 2026","format":false,"excerpt":"Erleben Sie Audio auf Profi-Niveau mit diesen In-Ear-Monitoren von Sennheiser, perfekt f\u00fcr Live-Auftritte. Erzielen Sie eine \u00fcberragende Ger\u00e4uschisolierung von bis zu 26 dB, die selbst in lauten Umgebungen einen kristallklaren Klang gew\u00e4hrleistet. Dieser robuste In-Ear-Kopfh\u00f6rer verf\u00fcgt \u00fcber einen breiten Frequenzgang von 6-19.000 Hz f\u00fcr detailreichen Klang. Die niedrige Impedanz des\u2026","rel":"","context":"Similar post","img":{"alt_text":"","src":"https:\/\/i0.wp.com\/anythingtechnicallc.com\/wp-content\/uploads\/2026\/03\/Sennheiser-IE-400-PRO-Professional-In-Ear-Monitoring-Headphones-Clear.jpg?fit=1200%2C1200&ssl=1&resize=350%2C200","width":350,"height":200},"classes":[]},{"id":8936,"url":"https:\/\/anythingtechnicallc.com\/index.php\/de\/product\/sennheiser-cx-sport-bluetooth-sport-kopfhoerer\/","url_meta":{"origin":9318,"position":4},"title":"Sennheiser CX Sport Bluetooth Sport-Kopfh\u00f6rer","date":"March 18, 2026","format":false,"excerpt":"Geben Sie Ihre Modellnummer ein, um sicherzustellen, dass das Produkt passt. Die von Sennheiser entwickelten und in Deutschland hergestellten Schallwandler liefern einen ausgewogenen und detaillierten Klang mit dynamischen B\u00e4ssen. Schwei\u00df- und spritzwassergesch\u00fctzt, entwickelt als Erg\u00e4nzung zu Ihren Trainingsaktivit\u00e4ten","rel":"","context":"Similar post","img":{"alt_text":"","src":"https:\/\/i0.wp.com\/anythingtechnicallc.com\/wp-content\/uploads\/2023\/03\/Sennheiser-CX-Sport-Bluetooth-Sports-Headphone-0.jpg?fit=423%2C500&ssl=1&resize=350%2C200","width":350,"height":200},"classes":[]},{"id":9635,"url":"https:\/\/anythingtechnicallc.com\/index.php\/de\/product\/gebrauchte-dji-mini-2-ultraleichter-und-faltbarer-drohnen-quadcopter-3-achsen-gimbal-mit-4k-kamera-12mp-foto-31-minuten-flugzeit-ocusync-2-0-10km-hd-videouebertragung-quickshots-grau\/","url_meta":{"origin":9318,"position":5},"title":"Gebrauchte DJI Mini 2 &#8211; Ultraleichter und faltbarer Drohnen-Quadcopter, 3-Achsen-Gimbal mit 4K Kamera, 12MP Foto, 31 Minuten Flugzeit, OcuSync 2.0 10km HD Video\u00fcbertragung, QuickShots Grau","date":"March 24, 2026","format":false,"excerpt":"\u3010PACKEN SIE LEICHT, FLIEGEN SIE FREI\u3011: Mit weniger als 249 g wiegt sie etwa so viel wie ein Apfel und passt in Ihre Handfl\u00e4che. Kompakt und praktisch ist diese kleine Drohne Ihr idealer Reisebegleiter, der die Art und Weise, wie Sie Ihre sch\u00f6nsten Erinnerungen festhalten, ver\u00e4ndert. \u30103-AXIS GIMBAL MIT 4K\u2026","rel":"","context":"Similar post","img":{"alt_text":"","src":"https:\/\/i0.wp.com\/anythingtechnicallc.com\/wp-content\/uploads\/2025\/10\/DJI-Mini-2.jpg?fit=900%2C1200&ssl=1&resize=350%2C200","width":350,"height":200},"classes":[]}],"pll_sync_post":[],"lang":"de","translations":{"de":9318,"en":7223},"_links":{"self":[{"href":"https:\/\/anythingtechnicallc.com\/index.php\/wp-json\/wp\/v2\/product\/9318","targetHints":{"allow":["GET"]}}],"collection":[{"href":"https:\/\/anythingtechnicallc.com\/index.php\/wp-json\/wp\/v2\/product"}],"about":[{"href":"https:\/\/anythingtechnicallc.com\/index.php\/wp-json\/wp\/v2\/types\/product"}],"replies":[{"embeddable":true,"href":"https:\/\/anythingtechnicallc.com\/index.php\/wp-json\/wp\/v2\/comments?post=9318"}],"wp:featuredmedia":[{"embeddable":true,"href":"https:\/\/anythingtechnicallc.com\/index.php\/wp-json\/wp\/v2\/media\/9317"}],"wp:attachment":[{"href":"https:\/\/anythingtechnicallc.com\/index.php\/wp-json\/wp\/v2\/media?parent=9318"}],"wp:term":[{"taxonomy":"product_brand","embeddable":true,"href":"https:\/\/anythingtechnicallc.com\/index.php\/wp-json\/wp\/v2\/product_brand?post=9318"},{"taxonomy":"product_cat","embeddable":true,"href":"https:\/\/anythingtechnicallc.com\/index.php\/wp-json\/wp\/v2\/product_cat?post=9318"},{"taxonomy":"product_tag","embeddable":true,"href":"https:\/\/anythingtechnicallc.com\/index.php\/wp-json\/wp\/v2\/product_tag?post=9318"}],"curies":[{"name":"wp","href":"https:\/\/api.w.org\/{rel}","templated":true}]}}