{"id":9340,"date":"2026-03-19T08:10:34","date_gmt":"2026-03-19T08:10:34","guid":{"rendered":"https:\/\/anythingtechnicallc.com\/?post_type=product&#038;p=9340"},"modified":"2026-03-19T08:10:34","modified_gmt":"2026-03-19T08:10:34","slug":"gebrauchtes-apple-2019-ipad-air-3-generation-105-zoll-wifi-64gb-silber","status":"publish","type":"product","link":"https:\/\/anythingtechnicallc.com\/index.php\/de\/product\/gebrauchtes-apple-2019-ipad-air-3-generation-105-zoll-wifi-64gb-silber\/","title":{"rendered":"Gebrauchtes Apple 2019 iPad Air 3. Generation (10,5 Zoll, WiFi, 64GB) &#8211; Silber"},"content":{"rendered":"<ul class=\"a-unordered-list a-vertical a-spacing-mini\">\n<li class=\"a-spacing-mini\"><span class=\"a-list-item\">10,5-Zoll-Retina-Display mit True Tone und breiten Farben. <\/span><\/li>\n<li class=\"a-spacing-mini\"><span class=\"a-list-item\">A12 Bionic Chip. <\/span><\/li>\n<li class=\"a-spacing-mini\"><span class=\"a-list-item\">Touch ID Fingerabdrucksensor und Apple Pay. <\/span><\/li>\n<li class=\"a-spacing-mini\"><span class=\"a-list-item\">8MP Kamera auf der R\u00fcckseite, 7MP FaceTime HD Frontkamera. <\/span><\/li>\n<li class=\"a-spacing-mini\"><span class=\"a-list-item\">Stereo-Lautsprecher. <\/span><\/li>\n<li class=\"a-spacing-mini\"><span class=\"a-list-item\">802.11ac Wi-Fi. <\/span><\/li>\n<li class=\"a-spacing-mini\"><span class=\"a-list-item\">Bis zu 10 Stunden Akkulaufzeit. <\/span><\/li>\n<\/ul>\n<div class=\"a-row a-expander-container a-expander-inline-container\">\n<div class=\"a-expander-content a-expander-extend-content a-expander-content-expanded\" data-expanded=\"true\">\n<ul class=\"a-unordered-list a-vertical a-spacing-none\">\n<li class=\"a-spacing-mini\"><span class=\"a-list-item\">Lightning-Anschluss zum Aufladen und f\u00fcr Zubeh\u00f6r. <\/span><\/li>\n<li class=\"a-spacing-mini\"><span class=\"a-list-item\">IOS mit FaceTime f\u00fcr Gruppen, gemeinsamen Augmented Reality Erlebnissen, Bildschirmzeit und mehr. <\/span><\/li>\n<\/ul>\n<\/div>\n<\/div>\n","protected":false},"excerpt":{"rendered":"<ul class=\"a-unordered-list a-vertical a-spacing-mini\">\n<li class=\"a-spacing-mini\"><span class=\"a-list-item\">10,5-Zoll-Retina-Display mit True Tone und breiten Farben. <\/span><\/li>\n<li class=\"a-spacing-mini\"><span class=\"a-list-item\">A12 Bionic Chip. <\/span><\/li>\n<li class=\"a-spacing-mini\"><span class=\"a-list-item\">Touch ID Fingerabdrucksensor und Apple Pay. <\/span><\/li>\n<li class=\"a-spacing-mini\"><span class=\"a-list-item\">8MP Kamera auf der R\u00fcckseite, 7MP FaceTime HD Frontkamera. <\/span><\/li>\n<li class=\"a-spacing-mini\"><span class=\"a-list-item\">Stereo-Lautsprecher. <\/span><\/li>\n<li class=\"a-spacing-mini\"><span class=\"a-list-item\">802.11ac Wi-Fi. <\/span><\/li>\n<li class=\"a-spacing-mini\"><span class=\"a-list-item\">Bis zu 10 Stunden Akkulaufzeit. <\/span><\/li>\n<\/ul>\n<div class=\"a-row a-expander-container a-expander-inline-container\">\n<div class=\"a-expander-content a-expander-extend-content a-expander-content-expanded\" data-expanded=\"true\">\n<ul class=\"a-unordered-list a-vertical a-spacing-none\">\n<li class=\"a-spacing-mini\"><span class=\"a-list-item\">Lightning-Anschluss zum Aufladen und f\u00fcr Zubeh\u00f6r. <\/span><\/li>\n<li class=\"a-spacing-mini\"><span class=\"a-list-item\">IOS mit FaceTime f\u00fcr Gruppen, gemeinsamen Augmented Reality Erlebnissen, Bildschirmzeit und mehr. <\/span><\/li>\n<\/ul>\n<\/div>\n<\/div>\n","protected":false},"featured_media":9339,"comment_status":"open","ping_status":"closed","template":"","meta":{"_et_pb_use_builder":"","_et_pb_old_content":"","_et_gb_content_width":""},"product_brand":[],"product_cat":[1372],"product_tag":[],"class_list":{"0":"post-9340","1":"product","2":"type-product","3":"status-publish","4":"has-post-thumbnail","6":"product_cat-elektronik","8":"first","9":"instock","10":"sale","11":"taxable","12":"shipping-taxable","13":"purchasable","14":"product-type-simple"},"exclude_global_add_ons":[],"addons":[],"jetpack-related-posts":[{"id":9337,"url":"https:\/\/anythingtechnicallc.com\/index.php\/de\/product\/gebrauchtes-apple-ipad-5-generation-wi-fi-64gb-space-grau\/","url_meta":{"origin":9340,"position":0},"title":"Gebrauchtes Apple iPad (5. Generation) Wi-Fi, 64GB &#8211; Space Grau","date":"March 19, 2026","format":false,"excerpt":"Betriebssystem IOS 11; A9 Chip mit 64-Bit-Architektur und eingebettetem M9 Coprozessor. 9,7 Zoll (Diagonale) Multi-Touch Retina Display mit LED-Hintergrundbeleuchtung und IPS-Technologie (Aufl\u00f6sung 2048 x 1536 bei 264 ppi) mit fingerabdruckresistenter, oleophober Beschichtung. 8-Megapixel-Kamera mit Autofokus, r\u00fcckseitiger Beleuchtung und Panorama (bis zu 43 MP). Wi-Fi und Bluetooth 4.2 Technologie, FaceTime HD\u2026","rel":"","context":"Similar post","img":{"alt_text":"","src":"https:\/\/i0.wp.com\/anythingtechnicallc.com\/wp-content\/uploads\/2025\/07\/61tXGDBq-VL._AC_SL1000_.jpg?fit=705%2C1000&ssl=1&resize=350%2C200","width":350,"height":200},"classes":[]},{"id":9831,"url":"https:\/\/anythingtechnicallc.com\/index.php\/de\/product\/apple-ipad-11-zoll-a16-chip-11-zoll-modell-liquid-retina-display-128gb-wi-fi-6-12mp-front-12mp-rueckkamera-touch-id-ganztaegige-batterielaufzeit-blau\/","url_meta":{"origin":9340,"position":1},"title":"Apple iPad 11-Zoll: A16 Chip, 11-Zoll Modell, Liquid Retina Display, 128GB, Wi-Fi 6, 12MP Front-\/12MP R\u00fcckkamera, Touch ID, Ganzt\u00e4gige Batterielaufzeit &#8211; Blau","date":"April 8, 2026","format":false,"excerpt":"WARUM IPAD - Das 11-Zoll-iPad ist jetzt leistungsf\u00e4higer denn je mit dem superschnellen A16-Chip, einem atemberaubenden Liquid Retina-Display, fortschrittlichen Kameras, schnellem Wi-Fi, USB-C-Anschluss und vier pr\u00e4chtigen Farben.* Das iPad bietet eine leistungsstarke M\u00f6glichkeit, zu kreieren, in Verbindung zu bleiben und Dinge zu erledigen. LEISTUNG UND SPEICHER - Der superschnelle A16\u2026","rel":"","context":"Similar post","img":{"alt_text":"","src":"https:\/\/i0.wp.com\/anythingtechnicallc.com\/wp-content\/uploads\/2026\/03\/61aPY8odPSL._AC_SL1500_.jpg?fit=1061%2C1200&ssl=1&resize=350%2C200","width":350,"height":200},"classes":[]},{"id":9699,"url":"https:\/\/anythingtechnicallc.com\/index.php\/de\/product\/gebraucht-rang-a-microsoft-surface-pro-4-tablet-pc-123-2736-x-1824-touchscreen-notebook-core-i5-6300u-4gb-ram-128gb-ssd-cam-windows-11-pro\/","url_meta":{"origin":9340,"position":2},"title":"Gebraucht Rang A Microsoft Surface Pro 4 Tablet PC, 12,3&#8243; (2736 X 1824) Touchscreen Notebook, Core i5-6300U, 4GB RAM, 128GB SSD, CAM, Windows 11 Pro","date":"March 24, 2026","format":false,"excerpt":"Prozessor---Microsoft Surface Pro 4 Tablet mit Core i5-6300U , 4GB RAM 128GB SSD Laufwerk. Display ---12,3-Zoll PixelSense Touchscreen-Display; 2736 x 1824 Aufl\u00f6sung, Stereo-Lautsprecher mit Dolby Audio-verst\u00e4rktem Sound. Anschl\u00fcsse -- Full-size USB 3. 0; microSD-Kartenleser; Kopfh\u00f6reranschluss; Mini DisplayPort; Cover Port; Ladeanschluss, Kamera: 5MP-Kamera auf der Vorderseite und 8MP-Kamera auf der R\u00fcckseite\u2026","rel":"","context":"Similar post","img":{"alt_text":"","src":"https:\/\/i0.wp.com\/anythingtechnicallc.com\/wp-content\/uploads\/2026\/02\/Surface-Pro-4-i5.webp?fit=1200%2C1200&ssl=1&resize=350%2C200","width":350,"height":200},"classes":[]},{"id":9696,"url":"https:\/\/anythingtechnicallc.com\/index.php\/de\/product\/gebraucht-rank-a-microsoft-surface-pro-4-tablet-pc-123-2736-x-1824-touchscreen-notebook-core-m3-6y30-4gb-ram-128gb-ssd-cam-windows-11-pro\/","url_meta":{"origin":9340,"position":3},"title":"Gebraucht RANK A Microsoft Surface Pro 4 Tablet PC, 12,3&#8243; (2736 X 1824) Touchscreen Notebook, Core M3-6Y30, 4GB RAM, 128GB SSD, CAM, Windows 11 Pro","date":"March 24, 2026","format":false,"excerpt":"Prozessor---Microsoft Surface Pro 4 Tablet mit Core M3-6Y30, 4GB RAM 128GB SSD Laufwerk. Display ---12,3-Zoll PixelSense Touchscreen-Display; 2736 x 1824 Aufl\u00f6sung, Stereo-Lautsprecher mit Dolby Audio-verst\u00e4rktem Sound. Anschl\u00fcsse -- Full-size USB 3. 0; microSD-Kartenleser; Kopfh\u00f6reranschluss; Mini DisplayPort; Cover Port; Ladeanschluss, Kamera: 5MP-Kamera auf der Vorderseite und 8MP-Kamera auf der R\u00fcckseite mit\u2026","rel":"","context":"Similar post","img":{"alt_text":"","src":"https:\/\/i0.wp.com\/anythingtechnicallc.com\/wp-content\/uploads\/2026\/02\/surface-Pro-4-.webp?fit=900%2C1200&ssl=1&resize=350%2C200","width":350,"height":200},"classes":[]},{"id":9889,"url":"https:\/\/anythingtechnicallc.com\/index.php\/de\/product\/microsoft-surface-pro-8-tablet-13-touchscreen-intel-i5-evo-plattform-8gb-ram-128gb-ssd-windows-11-surface-laptop-nur-geraet-platin-aktuelles-modell-verlaengert\/","url_meta":{"origin":9340,"position":4},"title":"Microsoft Surface Pro 8 Tablet, 13&#8243; Touchscreen, Intel i5 Evo Plattform, 8GB RAM, 128GB SSD, Windows 11 Surface Laptop &#8211; Nur Ger\u00e4t &#8211; Platin (Aktuelles Modell) (Verl\u00e4ngert)","date":"April 15, 2026","format":false,"excerpt":"Intel Core i5 11. Gen 1135G7 (2.40GHz) Prozessor, 128GB SSD Laufwerk, 8GB RAM. 13\" Touchscreen 2880 x 1920, Wi-Fi 6: 802.11ax kompatibel, Bluetooth 5.1. Anschl\u00fcsse: Full-size USB 3.0; microSD-Kartenleser; Kopfh\u00f6reranschluss; Mini DisplayPort; Cover Port; Ladeanschluss, Kamera: 5MP-Kamera auf der Vorderseite und 8MP-Kamera auf der R\u00fcckseite mit 1080p HD-Videoaufnahme. 13\" Touchscreen\u2026","rel":"","context":"Similar post","img":{"alt_text":"","src":"https:\/\/i0.wp.com\/anythingtechnicallc.com\/wp-content\/uploads\/2026\/04\/Microsoft-Surface-Pro-8-Tablet.jpg?fit=900%2C1200&ssl=1&resize=350%2C200","width":350,"height":200},"classes":[]},{"id":9103,"url":"https:\/\/anythingtechnicallc.com\/index.php\/de\/product\/microsoft-surface-pro-4-intel-core-i5-4gb-ram-128gb-mit-windows-10-amazon-renewed\/","url_meta":{"origin":9340,"position":5},"title":"Microsoft Surface Pro 4 (Intel Core i5, 4GB RAM, 128GB) mit Windows 10 (Amazon Renewed)","date":"March 19, 2026","format":false,"excerpt":"Microsoft Surface Pro 4 verf\u00fcgt \u00fcber einen Intel Core i5 Prozessor der 6. Generation, 128 GB Speicherplatz, 4 GB RAM und bis zu 9 Stunden Videowiedergabe 12,3\" PixelSense 10-Punkt-Touchscreen-Display, 2736 x 1824 Bildschirmaufl\u00f6sung (267 ppi) USB 3.0, 3,5 mm Kopfh\u00f6rerbuchse, Mini DisplayPort, 1 x Surface Connect Anschluss, Surface Type Cover\u2026","rel":"","context":"Similar post","img":{"alt_text":"","src":"https:\/\/i0.wp.com\/anythingtechnicallc.com\/wp-content\/uploads\/2024\/11\/71lMNHzRYRL._AC_SL1365_.jpg?fit=1200%2C888&ssl=1&resize=350%2C200","width":350,"height":200},"classes":[]}],"pll_sync_post":[],"lang":"de","translations":{"de":9340,"en":7268},"_links":{"self":[{"href":"https:\/\/anythingtechnicallc.com\/index.php\/wp-json\/wp\/v2\/product\/9340","targetHints":{"allow":["GET"]}}],"collection":[{"href":"https:\/\/anythingtechnicallc.com\/index.php\/wp-json\/wp\/v2\/product"}],"about":[{"href":"https:\/\/anythingtechnicallc.com\/index.php\/wp-json\/wp\/v2\/types\/product"}],"replies":[{"embeddable":true,"href":"https:\/\/anythingtechnicallc.com\/index.php\/wp-json\/wp\/v2\/comments?post=9340"}],"wp:featuredmedia":[{"embeddable":true,"href":"https:\/\/anythingtechnicallc.com\/index.php\/wp-json\/wp\/v2\/media\/9339"}],"wp:attachment":[{"href":"https:\/\/anythingtechnicallc.com\/index.php\/wp-json\/wp\/v2\/media?parent=9340"}],"wp:term":[{"taxonomy":"product_brand","embeddable":true,"href":"https:\/\/anythingtechnicallc.com\/index.php\/wp-json\/wp\/v2\/product_brand?post=9340"},{"taxonomy":"product_cat","embeddable":true,"href":"https:\/\/anythingtechnicallc.com\/index.php\/wp-json\/wp\/v2\/product_cat?post=9340"},{"taxonomy":"product_tag","embeddable":true,"href":"https:\/\/anythingtechnicallc.com\/index.php\/wp-json\/wp\/v2\/product_tag?post=9340"}],"curies":[{"name":"wp","href":"https:\/\/api.w.org\/{rel}","templated":true}]}}