{"id":9431,"date":"2026-03-19T09:14:25","date_gmt":"2026-03-19T09:14:25","guid":{"rendered":"https:\/\/anythingtechnicallc.com\/?post_type=product&#038;p=9431"},"modified":"2026-03-19T09:21:49","modified_gmt":"2026-03-19T09:21:49","slug":"solar-ladegeraet-25000mah-tranmix-tragbares-solar-handy-ladegeraet-mit-4-solarmodulen-externes-solarstrom-ladegeraet-mit-hoher-kapazitaet-fuer-smart-phones-tablets-und-wandern-camping","status":"publish","type":"product","link":"https:\/\/anythingtechnicallc.com\/index.php\/de\/product\/solar-ladegeraet-25000mah-tranmix-tragbares-solar-handy-ladegeraet-mit-4-solarmodulen-externes-solarstrom-ladegeraet-mit-hoher-kapazitaet-fuer-smart-phones-tablets-und-wandern-camping\/","title":{"rendered":"Solar-Ladeger\u00e4t 25000mAh, Tranmix Tragbares Solar-Handy-Ladeger\u00e4t mit 4 Solarmodulen, Externes Solarstrom-Ladeger\u00e4t mit hoher Kapazit\u00e4t f\u00fcr Smart Phones, Tablets und Wandern, Camping"},"content":{"rendered":"<p>[Galerie]<br \/>\n25000mAh Hohe Kapazit\u00e4t: Diese Solarstrombank kann ein iPhone 11 etwa 8 Mal, ein Galaxy S20 etwa 6 Mal und ein Tablet etwa 2 Mal aufladen. Wenn sie vollst\u00e4ndig aufgeladen ist, versorgt sie Ihr Telefon fast eine Woche lang mit Strom.<br \/>\n4 klappbare Solarpaneele: Dank der 4 Hochleistungs-Solarpaneele kann die Ladegeschwindigkeit dieses Solarladeger\u00e4ts bei direkter Sonneneinstrahlung bis zu 6 W erreichen, was 4 Mal schneller ist als bei einem einzelnen Panel. Die faltbaren Paneele machen es tragbar und kompakt.<br \/>\n2.1A Schnellladeausg\u00e4nge: Mit diesem Solar-Handy-Ladeger\u00e4t mit zwei USB-Anschl\u00fcssen k\u00f6nnen Sie sich den Saft gleichzeitig teilen und Ihr Handy in 30 Minuten von 0%-50% aufladen. Die Anschl\u00fcsse mit mechanischer Ein-\/Ausgangsanpassung sch\u00fctzen Ihre Ger\u00e4te vor \u00dcberladung, \u00dcberstrom und Kurzschl\u00fcssen.<br \/>\nPerfekte Stromversorgung im Freien: Diese Solarbatterie-Powerbank ist eine gro\u00dfartige, praktische Stromquelle f\u00fcr alle Aktivit\u00e4ten im Freien wie Camping, Bergsteigen und Angeln. Die multifunktionale LED-Taschenlampe mit 3 Modi (Dauerlicht-SOS-Stroboskop) ist hilfreich f\u00fcr Notf\u00e4lle und Stromausf\u00e4lle.<br \/>\nLanglebiges und robustes Design: Dieses tragbare Solar-Ladeger\u00e4t verf\u00fcgt \u00fcber eine robuste Konstruktion und eine wasserdichte Silikonh\u00fclle, die es vor Staub, St\u00f6\u00dfen und Spritzwasser sch\u00fctzt. Au\u00dferdem ist es praktisch, wenn Sie es zum Aufladen an einen Rucksack h\u00e4ngen, wenn Sie zum Zielort marschieren.<br \/>\nZwei Ladem\u00f6glichkeiten: Sie k\u00f6nnen dieses solarbetriebene Ladeger\u00e4t \u00fcber ein USB-Kabel in 8 Stunden aufladen, oder Sie k\u00f6nnen es zum Aufladen in die direkte Sonne stellen. Bitte beachten Sie: Vergewissern Sie sich, dass der Solarakku vollst\u00e4ndig aufgeladen ist, bevor Sie losfahren.<\/p>\n","protected":false},"excerpt":{"rendered":"<p>25000mAh Hohe Kapazit\u00e4t: Diese Solar-Powerbank kann ein iPhone 11 etwa 8 Mal, ein Galaxy S20 etwa 6 Mal und ein Tablet etwa 2 Mal aufladen. Wenn sie vollst\u00e4ndig aufgeladen ist, versorgt sie Ihr Telefon fast eine Woche lang mit Strom.<br \/>\n4 faltbare Solarpaneele: Dank der 4 Hochleistungs-Solarpaneele erreicht die Ladegeschwindigkeit dieses Solarladeger\u00e4ts bei direkter Sonneneinstrahlung bis zu 6 W, was 4 Mal schneller ist als bei einem einzelnen Panel. Die faltbaren Paneele machen es tragbar und kompakt.<br \/>\n2.1A Schnellladeausg\u00e4nge: Dieses Solar-Handy-Ladeger\u00e4t mit zwei USB-Anschl\u00fcssen erm\u00f6glicht es Ihnen, den Saft gleichzeitig zu nutzen und Ihr Handy in 30 Minuten von 0%-50% zu laden. Die Anschl\u00fcsse mit automatischer Ein-\/Ausgangsanpassung sch\u00fctzen Ihre Ger\u00e4te vor \u00dcberladung, \u00dcberstrom und Kurzschluss.<\/p>\n","protected":false},"featured_media":9430,"comment_status":"open","ping_status":"closed","template":"","meta":{"_et_pb_use_builder":"","_et_pb_old_content":"","_et_gb_content_width":""},"product_brand":[],"product_cat":[703,1580],"product_tag":[],"class_list":{"0":"post-9431","1":"product","2":"type-product","3":"status-publish","4":"has-post-thumbnail","6":"product_cat-uncategorized-de","7":"product_cat-solarladegeraete","8":"pa_batteries-2-lithium-polymer-batterien-erforderlich-enthalten","9":"pa_brand-besuchen-sie-den-tranmix-store","10":"pa_colour-orange","11":"pa_connectivity-technologies-usb","12":"pa_country-of-origin-china","13":"pa_date-first-available-juli-27-2019","14":"pa_item-model-number-hi-s025","15":"pa_item-weight-112-pfund","16":"pa_manufacturer-dongguan-jili-intelligent-technology-co-ltd","17":"pa_other-display-features-drahtlos","18":"pa_product-dimensions-61-x-337-x-118-zoll","20":"first","21":"instock","22":"taxable","23":"shipping-taxable","24":"purchasable","25":"product-type-simple"},"exclude_global_add_ons":[],"addons":[],"jetpack-related-posts":[{"id":9428,"url":"https:\/\/anythingtechnicallc.com\/index.php\/de\/product\/solarladegeraet-25000mah-power-bank-mit-4-solarpanels-wasserdichtes-akku-pack-handy-ladegeraet-mit-taschenlampe-fuer-iphone-samsung-und-tablets\/","url_meta":{"origin":9431,"position":0},"title":"Solarladeger\u00e4t 25000mAh Power Bank mit 4 Solarpanels Wasserdichtes Akku-Pack Handy-Ladeger\u00e4t mit Taschenlampe f\u00fcr iPhone, Samsung und Tablets","date":"March 19, 2026","format":false,"excerpt":"4X schnelleres Solar-Laden: Es verf\u00fcgt \u00fcber 4 ultragro\u00dfe, faltbare Solarpaneele, die bei direkter Sonneneinstrahlung eine maximale Leistung von 6W \/ 1,2A erreichen k\u00f6nnen. Das ist 4 Mal schneller als ein einzelnes Solarladeger\u00e4t. 25000mAh kolossale Kapazit\u00e4t: Es kann 7-9 Ladungen f\u00fcr iPhone, Samsung und die meisten Telefone, 3-4 Ladungen f\u00fcr Tablets\u2026","rel":"","context":"Similar post","img":{"alt_text":"","src":"https:\/\/i0.wp.com\/anythingtechnicallc.com\/wp-content\/uploads\/2021\/11\/71wgaeieH6L._AC_SL1200_.jpg?fit=1096%2C1051&ssl=1&resize=350%2C200","width":350,"height":200},"classes":[]},{"id":9407,"url":"https:\/\/anythingtechnicallc.com\/index.php\/de\/product\/solar-ladegeraet-10000mah-solar-powerbank-18w-power-delivery-usb-c-ladegeraet-typ-c-eingang-ausgang-qc-3-0-pd-schnelles-tragbares-ladegeraet-kompatibel-mit-iphone-samsung-und-mehr\/","url_meta":{"origin":9431,"position":1},"title":"Solar-Ladeger\u00e4t, 10000mAh Solar-Powerbank, 18W Power Delivery USB C Ladeger\u00e4t, Typ C Eingang &#038; Ausgang, QC 3.0 &#038; PD Schnelles tragbares Ladeger\u00e4t Kompatibel mit iPhone, Samsung und mehr","date":"March 19, 2026","format":false,"excerpt":"Stellen Sie sicher, dass dieses Produkt passt, indem Sie Ihre Modellnummer eingeben. Hochgeschwindigkeits-Laden: Die Kombination aus Stromzufuhr und QC 3.0-Ausgang erm\u00f6glicht eine optimale Aufladung Ihres Ger\u00e4ts mit bis zu 18 W. Es ist mit fast allen USB-betriebenen Ger\u00e4ten kompatibel. Schnelles Ladeger\u00e4t: Die Powerbank unterst\u00fctzt die Leistungsstufen 5W, 7,5W und 10W.\u2026","rel":"","context":"Similar post","img":{"alt_text":"","src":"https:\/\/i0.wp.com\/anythingtechnicallc.com\/wp-content\/uploads\/2022\/09\/Solar-Charger-10000mAh-Solar-Power-Bank-18W-Power-Delivery-USB-C-Charger-Type-C-Input-Output-QC-30-PD-Fast-Portable-Charger-Compatible-with-iPhone-Samsung-and-More-0.jpg?fit=500%2C500&ssl=1&resize=350%2C200","width":350,"height":200},"classes":[]},{"id":9711,"url":"https:\/\/anythingtechnicallc.com\/index.php\/de\/product\/renewed-anker-737-power-bank-140w-max-3-port-laptop-portable-charger-24000mah-smart-display-kompatibel-mit-iphone-16-15-14-serie-vision-pro-samsung-macbook-und-mehr\/","url_meta":{"origin":9431,"position":2},"title":"Renewed Anker 737 Power Bank, 140W Max 3-Port Laptop Portable Charger, 24,000mAh, Smart Display, Kompatibel mit iPhone 16 \/ 15 \/ 14 Serie, Vision Pro, Samsung, MacBook, und mehr","date":"March 24, 2026","format":false,"excerpt":"Energie f\u00fcr Ihren Tag: Mit einer Kapazit\u00e4t von 24.000 mAh kann diese Laptop-Powerbank ein iPhone 16 Pro 4,13-mal oder ein 2024 13-Zoll iPad Pro 1,33-mal aufladen, damit Ihre Ger\u00e4te auch auf langen Reisen oder bei intensiver Nutzung mit Strom versorgt sind. Intelligente \u00dcberwachung des Ladevorgangs: Die intelligente digitale Anzeige dieser\u2026","rel":"","context":"Similar post","img":{"alt_text":"","src":"https:\/\/i0.wp.com\/anythingtechnicallc.com\/wp-content\/uploads\/2026\/02\/71QrhaWkAL._AC_SL1500_.jpg?fit=960%2C1200&ssl=1&resize=350%2C200","width":350,"height":200},"classes":[]},{"id":9425,"url":"https:\/\/anythingtechnicallc.com\/index.php\/de\/product\/2-usb-anschluesse-28w-solar-ladegeraet-5v-4-8a-max-faltbares-tragbares-solar-handy-ladegeraet-mit-sunpower-solarpanel-kompatibel-mit-iphone-11-xs-xs-max-xr-x-8-7-ipad-samsung-galaxy-lg-etc\/","url_meta":{"origin":9431,"position":3},"title":"2 USB-Anschl\u00fcsse 28W Solar-Ladeger\u00e4t (5V\/4.8A Max), faltbares tragbares Solar-Handy-Ladeger\u00e4t mit SunPower Solarpanel Kompatibel mit iPhone 11\/Xs\/XS Max\/XR\/X\/8\/7, iPad, Samsung Galaxy LG etc.","date":"March 19, 2026","format":false,"excerpt":"Verbesserte zwei USB-A-Anschl\u00fcsse: Jeder hat einen maximalen Ausgang von 5V\/2,4A und der maximale Gesamtstrom liegt bei 5V\/4,8A. Mit dem 28 W Solarladeger\u00e4t k\u00f6nnen Sie mehrere Ger\u00e4te gleichzeitig aufladen. Es ist mit einer intelligenten Ladetechnologie ausgestattet, die Ihr Ger\u00e4t erkennt und dann die optimale Ladegeschwindigkeit f\u00fcr verschiedene Ger\u00e4te bereitstellt. 100% sichere\u2026","rel":"","context":"Similar post","img":{"alt_text":"","src":"https:\/\/i0.wp.com\/anythingtechnicallc.com\/wp-content\/uploads\/2021\/11\/10891131799_1539480740.jpg?fit=750%2C750&ssl=1&resize=350%2C200","width":350,"height":200},"classes":[]},{"id":9460,"url":"https:\/\/anythingtechnicallc.com\/index.php\/de\/product\/888wh65watt-tragbares-laptop-ladegeraet-mit-solarpanel-ein-super-tragbarer-reiseakku-powerbank-fuer-hp-notebooks-macbook-laptops\/","url_meta":{"origin":9431,"position":4},"title":"88,8Wh|65Watt Tragbares Laptop-Ladeger\u00e4t mit Solarpanel, Ein super tragbarer Reiseakku &#038; Powerbank f\u00fcr HP, Notebooks, MacBook, Laptops","date":"March 19, 2026","format":false,"excerpt":"Bemerkenswert kompakt und leistungsstark: Eine der kleinsten und leichtesten tragbaren Powerbanks mit 24000mAh (88,8Wh) und 110V\/65W AC-Anschluss, eine gro\u00dfartige L\u00f6sung f\u00fcr die AC-Stromversorgung. Sie liefert ausreichend Strom f\u00fcr die meisten Ihrer Ger\u00e4te wie Smartphone, Tablet und Laptop. Perfekt f\u00fcr Ihre Reisen und Gesch\u00e4ftsreisen. Schnelles Aufladen: L\u00e4dt sich selbst in weniger\u2026","rel":"","context":"Similar post","img":{"alt_text":"","src":"https:\/\/i0.wp.com\/anythingtechnicallc.com\/wp-content\/uploads\/2022\/09\/888Wh65Watts-Portable-Laptop-Charger-with-Solar-Panel-A-Super-Travel-Portable-Battery-Pack-Power-Bank-for-HP-Notebooks-MacBook-Laptops-0.jpg?fit=500%2C500&ssl=1&resize=350%2C200","width":350,"height":200},"classes":[]},{"id":9398,"url":"https:\/\/anythingtechnicallc.com\/index.php\/de\/product\/solarstrombank-50000mahznust-tragbares-solarladegeraet-externes-akkupack-mit-4-ausgaengen-ports-dual-eingaenge-usb-typ-c-und-9-led-taschenlampen-handy-ladegeraet-fuer-camping-outdoor\/","url_meta":{"origin":9431,"position":5},"title":"Solarstrombank 50000mAh,ZNUST Tragbares Solarladeger\u00e4t Externes Akkupack mit 4 Ausg\u00e4ngen Ports Dual Eing\u00e4nge USB Typ C und 9 LED Taschenlampen Handy Ladeger\u00e4t f\u00fcr Camping Outdoor","date":"March 19, 2026","format":false,"excerpt":"Vergewissern Sie sich, dass das Produkt passt, indem Sie Ihre Modellnummer eingeben. \u26a1\ud83d\udd0b\u301050000mA Gro\u00dfe Kapazit\u00e4t Solar Power Bank\u3011 :50000mAh hohe Kapazit\u00e4t Li-Polymer-Akku mit Solarpanel, Es kann f\u00fcr iPhone 7 bis zu 18-20 mal aufladen; f\u00fcr iPhone 12 bis zu 13-15 mal; f\u00fcr Samsung S21 bis zu 10 mal; Es kann\u2026","rel":"","context":"Similar post","img":{"alt_text":"","src":"https:\/\/i0.wp.com\/anythingtechnicallc.com\/wp-content\/uploads\/2022\/09\/Solar-Power-Bank-50000mAhZNUST-Portable-Solar-Charger-External-Battery-Pack-with-4-Outputs-Ports-Dual-Inputs-USB-Type-C-and-9-LED-Flashlights-Cell-Phone-Charger-for-Camping-Outdoor-0.jpg?fit=500%2C500&ssl=1&resize=350%2C200","width":350,"height":200},"classes":[]}],"pll_sync_post":[],"lang":"de","translations":{"de":9431,"en":1849},"_links":{"self":[{"href":"https:\/\/anythingtechnicallc.com\/index.php\/wp-json\/wp\/v2\/product\/9431","targetHints":{"allow":["GET"]}}],"collection":[{"href":"https:\/\/anythingtechnicallc.com\/index.php\/wp-json\/wp\/v2\/product"}],"about":[{"href":"https:\/\/anythingtechnicallc.com\/index.php\/wp-json\/wp\/v2\/types\/product"}],"replies":[{"embeddable":true,"href":"https:\/\/anythingtechnicallc.com\/index.php\/wp-json\/wp\/v2\/comments?post=9431"}],"wp:featuredmedia":[{"embeddable":true,"href":"https:\/\/anythingtechnicallc.com\/index.php\/wp-json\/wp\/v2\/media\/9430"}],"wp:attachment":[{"href":"https:\/\/anythingtechnicallc.com\/index.php\/wp-json\/wp\/v2\/media?parent=9431"}],"wp:term":[{"taxonomy":"product_brand","embeddable":true,"href":"https:\/\/anythingtechnicallc.com\/index.php\/wp-json\/wp\/v2\/product_brand?post=9431"},{"taxonomy":"product_cat","embeddable":true,"href":"https:\/\/anythingtechnicallc.com\/index.php\/wp-json\/wp\/v2\/product_cat?post=9431"},{"taxonomy":"product_tag","embeddable":true,"href":"https:\/\/anythingtechnicallc.com\/index.php\/wp-json\/wp\/v2\/product_tag?post=9431"}],"curies":[{"name":"wp","href":"https:\/\/api.w.org\/{rel}","templated":true}]}}