{"id":9536,"date":"2026-03-21T12:41:28","date_gmt":"2026-03-21T12:41:28","guid":{"rendered":"https:\/\/anythingtechnicallc.com\/?post_type=product&#038;p=9536"},"modified":"2026-03-21T12:41:28","modified_gmt":"2026-03-21T12:41:28","slug":"poly-sync-20-usb-c-personal-smart-speakerphone-plantronics-verbindung-zum-handy-ueber-bluetooth-und-pc-mac-ueber-usb-c-kabel-funktioniert-mit-teams-zertifiziert-zoom-mehrschwarz","status":"publish","type":"product","link":"https:\/\/anythingtechnicallc.com\/index.php\/de\/product\/poly-sync-20-usb-c-personal-smart-speakerphone-plantronics-verbindung-zum-handy-ueber-bluetooth-und-pc-mac-ueber-usb-c-kabel-funktioniert-mit-teams-zertifiziert-zoom-mehrschwarz\/","title":{"rendered":"Poly &#8211; Sync 20 USB-C Personal Smart Speakerphone (Plantronics) &#8211; Verbindung zum Handy \u00fcber Bluetooth und PC\/Mac \u00fcber USB-C-Kabel &#8211; Funktioniert mit Teams (zertifiziert), Zoom &#038; mehr,Schwarz"},"content":{"rendered":"<ul class=\"a-unordered-list a-vertical a-spacing-mini\">\n<li class=\"a-spacing-mini\"><span class=\"a-list-item\">Einfache Konnektivit\u00e4t: Verbinden Sie Smartphones einfach kabellos \u00fcber Bluetooth oder Computer \u00fcber USB-C.<\/span><\/li>\n<li class=\"a-spacing-mini\"><span class=\"a-list-item\">H\u00f6ren Sie und werden Sie geh\u00f6rt: Konzentrieren Sie sich auf Ihre Stimme und nicht auf die Hintergrundger\u00e4usche mit einem lenkbaren Array aus mehreren Mikrofonen zur Echo- und Ger\u00e4uschunterdr\u00fcckung. Dank Vollduplex-Audio k\u00f6nnen Sie sich mit mehreren Personen gleichzeitig unterhalten, ohne ein Wort zu verpassen.<\/span><\/li>\n<li class=\"a-spacing-mini\"><span class=\"a-list-item\">Unterwegs arbeiten: Halten Sie Ihr Smartphone mit dem Poly Sync 20 mit einer Akkulaufzeit von bis zu 20 Stunden geladen und einsatzbereit. Es ist schlank und tragbar, nach IP64 staub- und wasserdicht und wird mit einer eigenen Tragetasche geliefert.<\/span><\/li>\n<li class=\"a-spacing-mini\"><span class=\"a-list-item\">Alles in Einem: Tragbare Freisprecheinrichtung + tragbares Ladeger\u00e4t + leistungsstarker Musiklautsprecher. Genie\u00dfen Sie mehr Klarheit bei jedem Anruf dank des Bassreflexsystems mit zwei passiven Radiatoren f\u00fcr eine nat\u00fcrliche Stimme und tiefe B\u00e4sse.<\/span><\/li>\n<li class=\"a-spacing-mini\"><span class=\"a-list-item\">Microsoft Teams Version: Unterst\u00fctzt die einfache Zusammenarbeit und Kommunikation mit einer speziellen Teams-Taste f\u00fcr den sofortigen Zugriff auf die Teams-App.<\/span><\/li>\n<\/ul>\n","protected":false},"excerpt":{"rendered":"<ul class=\"a-unordered-list a-vertical a-spacing-mini\">\n<li class=\"a-spacing-mini\"><span class=\"a-list-item\">Einfache Konnektivit\u00e4t: Verbinden Sie Smartphones einfach kabellos \u00fcber Bluetooth oder Computer \u00fcber USB-C.<\/span><\/li>\n<li class=\"a-spacing-mini\"><span class=\"a-list-item\">H\u00f6ren Sie und werden Sie geh\u00f6rt: Konzentrieren Sie sich auf Ihre Stimme und nicht auf die Hintergrundger\u00e4usche mit einem lenkbaren Array aus mehreren Mikrofonen zur Echo- und Ger\u00e4uschunterdr\u00fcckung. Dank Vollduplex-Audio k\u00f6nnen Sie sich mit mehreren Personen gleichzeitig unterhalten, ohne ein Wort zu verpassen.<\/span><\/li>\n<li class=\"a-spacing-mini\"><span class=\"a-list-item\">Unterwegs arbeiten: Halten Sie Ihr Smartphone mit dem Poly Sync 20 mit einer Akkulaufzeit von bis zu 20 Stunden geladen und einsatzbereit. Es ist schlank und tragbar, nach IP64 staub- und wasserdicht und wird mit einer eigenen Tragetasche geliefert.<\/span><\/li>\n<li class=\"a-spacing-mini\"><span class=\"a-list-item\">Alles in Einem: Tragbare Freisprecheinrichtung + tragbares Ladeger\u00e4t + leistungsstarker Musiklautsprecher. Genie\u00dfen Sie mehr Klarheit bei jedem Anruf dank des Bassreflexsystems mit zwei passiven Radiatoren f\u00fcr eine nat\u00fcrliche Stimme und tiefe B\u00e4sse.<\/span><\/li>\n<li class=\"a-spacing-mini\"><span class=\"a-list-item\">Microsoft Teams Version: Unterst\u00fctzt die einfache Zusammenarbeit und Kommunikation mit einer speziellen Teams-Taste f\u00fcr den sofortigen Zugriff auf die Teams-App.<\/span><\/li>\n<\/ul>\n","protected":false},"featured_media":9535,"comment_status":"open","ping_status":"closed","template":"","meta":{"_et_pb_use_builder":"","_et_pb_old_content":"","_et_gb_content_width":""},"product_brand":[],"product_cat":[1372],"product_tag":[],"class_list":{"0":"post-9536","1":"product","2":"type-product","3":"status-publish","4":"has-post-thumbnail","6":"product_cat-elektronik","8":"first","9":"instock","10":"sale","11":"taxable","12":"shipping-taxable","13":"purchasable","14":"product-type-simple"},"exclude_global_add_ons":[],"addons":[],"jetpack-related-posts":[{"id":9530,"url":"https:\/\/anythingtechnicallc.com\/index.php\/de\/product\/poly-voyager-4310-uc-wireless-headset-plantronics-einohr-bluetooth-headset-mit-mikrofon-zur-geraeuschunterdrueckung-verbindung-mit-pc-mac-mobiltelefon-ueber-bluetooth-funktioniert-mit-teams-z\/","url_meta":{"origin":9536,"position":0},"title":"Poly Voyager 4310 UC Wireless Headset (Plantronics) &#8211; Einohr-Bluetooth-Headset mit Mikrofon zur Ger\u00e4uschunterdr\u00fcckung &#8211; Verbindung mit PC\/Mac\/Mobiltelefon \u00fcber Bluetooth &#8211; Funktioniert mit Teams, Zoom und mehr &#8211; Amazon Exclusive","date":"March 21, 2026","format":false,"excerpt":"KLARE AUDIOQUALIT\u00c4T: Die Ger\u00e4uschunterdr\u00fcckung mit Acoustic Fence Technologie in einem flexiblen B\u00fcgelmikrofon blendet Hintergrundger\u00e4usche aus, so dass Ihre Gespr\u00e4chspartner nur Sie h\u00f6ren. Mit der Stummschalttaste am B\u00fcgelmikrofon k\u00f6nnen Sie Ihr Mikrofon schnell stummschalten, w\u00e4hrend ein dynamischer Stummschaltungsalarm Sie darauf hinweist, dass Sie stummgeschaltet sind. KONNEKTIVIT\u00c4T & MOBILIT\u00c4T: Verbinden Sie sich\u2026","rel":"","context":"Similar post","img":{"alt_text":"","src":"https:\/\/i0.wp.com\/anythingtechnicallc.com\/wp-content\/uploads\/2025\/09\/81zIcuCc9L._AC_SL1500_.jpg?fit=921%2C1200&ssl=1&resize=350%2C200","width":350,"height":200},"classes":[]},{"id":9558,"url":"https:\/\/anythingtechnicallc.com\/index.php\/de\/product\/renewed-poly-voyager-4320-uc-wireless-headset-plantronics-kopfhoerer-mit-buegelmikrofon-anschluss-an-pc-mac-ueber-usb-a-bluetooth-adapter-mobiltelefon-ueber-bluetooth-funktioniert-mit-teams\/","url_meta":{"origin":9536,"position":1},"title":"Renewed Poly &#8211; Voyager 4320 UC Wireless Headset (Plantronics) &#8211; Kopfh\u00f6rer mit B\u00fcgelmikrofon &#8211; Anschluss an PC\/Mac \u00fcber USB-A Bluetooth-Adapter, Mobiltelefon \u00fcber Bluetooth &#8211; Funktioniert mit Teams, Zoom &#038; mehr","date":"March 21, 2026","format":false,"excerpt":"Audioqualit\u00e4t: Anrufer h\u00f6ren Sie - und nicht Ihre Umgebung - mit einem Dual-Mikrofon mit Ger\u00e4uschunterdr\u00fcckung und Acoustic Fence-Technologie, die Hintergrundger\u00e4usche in einem flexiblen Mikrofonarm ausblendet. Ideal f\u00fcr: Hybridarbeiter, die eine erschwingliche L\u00f6sung f\u00fcr die Verbindung zu Hause und im B\u00fcro ben\u00f6tigen. Tragestil: Leichtes Stereo-Headset mit passiver Ger\u00e4uschisolierung, damit Sie immer\u2026","rel":"","context":"Similar post","img":{"alt_text":"","src":"https:\/\/i0.wp.com\/anythingtechnicallc.com\/wp-content\/uploads\/2025\/09\/81AZutdwNpL._AC_SL1500_.jpg?fit=817%2C1200&ssl=1&resize=350%2C200","width":350,"height":200},"classes":[]},{"id":9488,"url":"https:\/\/anythingtechnicallc.com\/index.php\/de\/product\/alienware-aw610m-tri-mode-kabellose-gaming-maus-2-4ghz-kabellos-lunar-light\/","url_meta":{"origin":9536,"position":2},"title":"Alienware AW610M Tri-Mode kabellose Gaming-Maus &#8211; 2.4GHz kabellos &#8211; Lunar Light","date":"March 21, 2026","format":false,"excerpt":"Entfesseln Sie maximale Pr\u00e4zision: Genie\u00dfen Sie au\u00dfergew\u00f6hnliche Leistung mit 26.000 DPI, einer Abtastung von bis zu 650 IPS und Sensoren, die eine maximale Beschleunigung von bis zu 50 G bew\u00e4ltigen k\u00f6nnen. Marathon-Gaming ist willkommen: Schlie\u00dfen Sie das Ger\u00e4t \u00fcber einen USB-C Wireless Dongle an und genie\u00dfen Sie bis zu 140\u2026","rel":"","context":"Similar post","img":{"alt_text":"","src":"https:\/\/i0.wp.com\/anythingtechnicallc.com\/wp-content\/uploads\/2025\/08\/61iBGToBJuL._AC_SL1500_.jpg?fit=738%2C1200&ssl=1&resize=350%2C200","width":350,"height":200},"classes":[]},{"id":9861,"url":"https:\/\/anythingtechnicallc.com\/index.php\/de\/product\/gebrauchte-bose-quietcomfort-earbuds-true-wireless-bluetooth-earbuds-mit-aktiver-geraeuschunterdrueckung-und-mikrofon-usb-c-aufladung-ipx4-bewertung-bis-zu-85-stunden-spielzeit-schwarz\/","url_meta":{"origin":9536,"position":3},"title":"Gebrauchte Bose QuietComfort Earbuds &#8211; True Wireless Bluetooth Earbuds mit aktiver Ger\u00e4uschunterdr\u00fcckung und Mikrofon, USB-C Aufladung, IPX4 Bewertung, bis zu 8,5 Stunden Spielzeit, Schwarz","date":"April 8, 2026","format":false,"excerpt":"KLANG OHNE KOMPROMISS: Nutzen Sie den Tag auf Ihre Weise und trotzen Sie Ablenkungen mit diesen kabellosen Ohrh\u00f6rern mit weltbekannter Ger\u00e4uschunterdr\u00fcckung f\u00fcr ein H\u00f6rerlebnis, das den Alltag episch erscheinen l\u00e4sst. SEIZE-THE-DAY STAYING POWER: Diese Ohrh\u00f6rer mit Ger\u00e4uschunterdr\u00fcckung lassen sich kabellos aufladen und erm\u00f6glichen Ihnen eine H\u00f6rdauer von bis zu 8,5\u2026","rel":"","context":"Similar post","img":{"alt_text":"","src":"https:\/\/i0.wp.com\/anythingtechnicallc.com\/wp-content\/uploads\/2026\/03\/Bose-QuietComfort-Earbuds.jpg?fit=1200%2C900&ssl=1&resize=350%2C200","width":350,"height":200},"classes":[]},{"id":9641,"url":"https:\/\/anythingtechnicallc.com\/index.php\/de\/product\/erneuerte-apple-airpods-max-wireless-over-ear-kopfhoerer-pro-level-aktive-geraeuschunterdrueckung-transparenz-modus-personalisiertes-raeumliches-audio-usb-c-aufladung-bluetooth-kopfhoerer-fuer-ip\/","url_meta":{"origin":9536,"position":4},"title":"Erneuerte Apple AirPods Max Wireless Over-Ear-Kopfh\u00f6rer, Pro-Level aktive Ger\u00e4uschunterdr\u00fcckung, Transparenz-Modus, personalisiertes r\u00e4umliches Audio, USB-C Aufladung, Bluetooth-Kopfh\u00f6rer f\u00fcr iPhone &#8211; Mitternacht","date":"March 24, 2026","format":false,"excerpt":"PERS\u00d6NLICHES RAUMAKUSTIK-AUDIO - Mit einem Klang, der sich Ihrer einzigartigen Ohrform anpasst, und einer dynamischen Kopfst\u00fctze bieten die AirPods Max ein beeindruckendes H\u00f6rerlebnis, bei dem der Klang rund um Sie herum zu h\u00f6ren ist.* Au\u00dferdem k\u00f6nnen Sie ausgew\u00e4hlte Songs, Shows und Filme in Dolby Atmos h\u00f6ren. F\u00dcNF FRISCHE FARBEN -\u2026","rel":"","context":"Similar post","img":{"alt_text":"","src":"https:\/\/i0.wp.com\/anythingtechnicallc.com\/wp-content\/uploads\/2025\/10\/716QjZYRBAL._AC_SL1500_.jpg?fit=913%2C1200&ssl=1&resize=350%2C200","width":350,"height":200},"classes":[]},{"id":9209,"url":"https:\/\/anythingtechnicallc.com\/index.php\/de\/product\/erneuert-shure-aonic-40-over-ear-wireless-bluetooth-noise-cancelling-kopfhoerer-mit-mikrofon-klang-in-studioqualitaet-25-stunden-akkulaufzeit-fingertip-bedienung-kompatibel-mit-iphone-und-android\/","url_meta":{"origin":9536,"position":5},"title":"Erneuert Shure AONIC 40 Over Ear Wireless Bluetooth Noise Cancelling Kopfh\u00f6rer mit Mikrofon, Klang in Studioqualit\u00e4t, 25 Stunden Akkulaufzeit, Fingertip-Bedienung, kompatibel mit iPhone und Android &#8211; Schwarz","date":"March 19, 2026","format":false,"excerpt":"PREMIUM-KLANG IN STUDIOQUALIT\u00c4T: Klarer Klang in Studioqualit\u00e4t, der auf jahrzehntelanger Erfahrung in der Entwicklung von Produkten f\u00fcr Musiklegenden und K\u00fcnstler aller Art beruht. EINSTELLBARE GER\u00c4USCHUNTERDR\u00dcCKUNG & UMGEBUNGSMODUS: Die anpassbare Ger\u00e4uschunterdr\u00fcckung unterdr\u00fcckt St\u00f6rger\u00e4usche f\u00fcr ein wirklich intensives H\u00f6rerlebnis. Drei digitale ANC-Einstellungen f\u00fcr erweiterte Unterdr\u00fcckung niedriger Frequenzen und ein nat\u00fcrliches H\u00f6rerlebnis. LANGER\u2026","rel":"","context":"Similar post","img":{"alt_text":"","src":"https:\/\/i0.wp.com\/anythingtechnicallc.com\/wp-content\/uploads\/2025\/02\/8161xyfr9bL._AC_SL1500_.jpg?fit=926%2C1200&ssl=1&resize=350%2C200","width":350,"height":200},"classes":[]}],"pll_sync_post":[],"lang":"de","translations":{"de":9536,"en":7820},"_links":{"self":[{"href":"https:\/\/anythingtechnicallc.com\/index.php\/wp-json\/wp\/v2\/product\/9536","targetHints":{"allow":["GET"]}}],"collection":[{"href":"https:\/\/anythingtechnicallc.com\/index.php\/wp-json\/wp\/v2\/product"}],"about":[{"href":"https:\/\/anythingtechnicallc.com\/index.php\/wp-json\/wp\/v2\/types\/product"}],"replies":[{"embeddable":true,"href":"https:\/\/anythingtechnicallc.com\/index.php\/wp-json\/wp\/v2\/comments?post=9536"}],"wp:featuredmedia":[{"embeddable":true,"href":"https:\/\/anythingtechnicallc.com\/index.php\/wp-json\/wp\/v2\/media\/9535"}],"wp:attachment":[{"href":"https:\/\/anythingtechnicallc.com\/index.php\/wp-json\/wp\/v2\/media?parent=9536"}],"wp:term":[{"taxonomy":"product_brand","embeddable":true,"href":"https:\/\/anythingtechnicallc.com\/index.php\/wp-json\/wp\/v2\/product_brand?post=9536"},{"taxonomy":"product_cat","embeddable":true,"href":"https:\/\/anythingtechnicallc.com\/index.php\/wp-json\/wp\/v2\/product_cat?post=9536"},{"taxonomy":"product_tag","embeddable":true,"href":"https:\/\/anythingtechnicallc.com\/index.php\/wp-json\/wp\/v2\/product_tag?post=9536"}],"curies":[{"name":"wp","href":"https:\/\/api.w.org\/{rel}","templated":true}]}}