{"id":9558,"date":"2026-03-21T12:48:44","date_gmt":"2026-03-21T12:48:44","guid":{"rendered":"https:\/\/anythingtechnicallc.com\/?post_type=product&#038;p=9558"},"modified":"2026-03-21T12:48:44","modified_gmt":"2026-03-21T12:48:44","slug":"renewed-poly-voyager-4320-uc-wireless-headset-plantronics-kopfhoerer-mit-buegelmikrofon-anschluss-an-pc-mac-ueber-usb-a-bluetooth-adapter-mobiltelefon-ueber-bluetooth-funktioniert-mit-teams","status":"publish","type":"product","link":"https:\/\/anythingtechnicallc.com\/index.php\/de\/product\/renewed-poly-voyager-4320-uc-wireless-headset-plantronics-kopfhoerer-mit-buegelmikrofon-anschluss-an-pc-mac-ueber-usb-a-bluetooth-adapter-mobiltelefon-ueber-bluetooth-funktioniert-mit-teams\/","title":{"rendered":"Renewed Poly &#8211; Voyager 4320 UC Wireless Headset (Plantronics) &#8211; Kopfh\u00f6rer mit B\u00fcgelmikrofon &#8211; Anschluss an PC\/Mac \u00fcber USB-A Bluetooth-Adapter, Mobiltelefon \u00fcber Bluetooth &#8211; Funktioniert mit Teams, Zoom &#038; mehr"},"content":{"rendered":"<ul class=\"a-unordered-list a-vertical a-spacing-mini\">\n<li class=\"a-spacing-mini\"><span class=\"a-list-item\">Audioqualit\u00e4t: Anrufer h\u00f6ren Sie &#8211; und nicht Ihre Umgebung. Das Dual-Mikrofon mit Ger\u00e4uschunterdr\u00fcckung und Acoustic Fence-Technologie blendet Hintergrundger\u00e4usche in einem flexiblen Mikrofonarm aus. <\/span><\/li>\n<li class=\"a-spacing-mini\"><span class=\"a-list-item\">Ideal f\u00fcr: Hybridarbeiter, die eine erschwingliche L\u00f6sung f\u00fcr die Verbindung zu Hause und im B\u00fcro ben\u00f6tigen. <\/span><\/li>\n<li class=\"a-spacing-mini\"><span class=\"a-list-item\">Tragestil: Leichtes Stereo-Headset mit passiver Ger\u00e4uschisolierung, damit Sie immer in der richtigen Stimmung sind. Dank des bequemen und verstellbaren gepolsterten Kopfb\u00fcgels k\u00f6nnen Sie das Headset den ganzen Tag \u00fcber tragen. <\/span><\/li>\n<li class=\"a-spacing-mini\"><span class=\"a-list-item\">Vielseitigkeit: Verwenden Sie das Headset kabellos (bis zu 24 Stunden Sprechzeit) mit dem mitgelieferten Bluetooth-Adapter oder als kabelgebundenes Headset mit Audio-\u00fcber-USB-Kabel-Modus. Funktioniert mit Teams, Zoom und mehr. <\/span><\/li>\n<li class=\"a-spacing-mini\"><span class=\"a-list-item\">Konnektivit\u00e4t und Mobilit\u00e4t: Verbinden Sie sich mit einem Computer \u00fcber den BT700 Bluetooth-Adapter, Intel Evo-kompatibles Zubeh\u00f6r f\u00fcr native Bluetooth-Verbindungen auf unterst\u00fctzten Laptops* oder mobil \u00fcber Bluetooth 5.2. Bewegen Sie sich frei mit einer drahtlosen Bluetooth-Reichweite von bis zu 50 m\/164 ft (mit dem mitgelieferten BT700 USB-Adapter). * Intel, das Intel Logo und Intel Evo sind Marken der Intel Corporation oder ihrer Tochtergesellschaften. Intel-Technologien erfordern m\u00f6glicherweise aktivierte Hardware, Software oder Betriebssystemunterst\u00fctzung. <\/span><\/li>\n<\/ul>\n","protected":false},"excerpt":{"rendered":"<ul class=\"a-unordered-list a-vertical a-spacing-mini\">\n<li class=\"a-spacing-mini\"><span class=\"a-list-item\">Audioqualit\u00e4t: Anrufer h\u00f6ren Sie &#8211; und nicht Ihre Umgebung &#8211; mit einem Dual-Mikrofon mit Ger\u00e4uschunterdr\u00fcckung und Acoustic Fence-Technologie, die Hintergrundger\u00e4usche in einem flexiblen Mikrofonarm ausblendet. <\/span><\/li>\n<li class=\"a-spacing-mini\"><span class=\"a-list-item\">Ideal f\u00fcr: Hybridarbeiter, die eine erschwingliche L\u00f6sung f\u00fcr die Verbindung zu Hause und im B\u00fcro ben\u00f6tigen. <\/span><\/li>\n<li class=\"a-spacing-mini\"><span class=\"a-list-item\">Tragestil: Leichtes Stereo-Headset mit passiver Ger\u00e4uschisolierung, damit Sie immer in der richtigen Stimmung sind. Dank des bequemen und verstellbaren gepolsterten Kopfb\u00fcgels k\u00f6nnen Sie das Headset den ganzen Tag \u00fcber tragen. <\/span><\/li>\n<li class=\"a-spacing-mini\"><span class=\"a-list-item\">Vielseitigkeit: Verwenden Sie das Headset kabellos (bis zu 24 Stunden Sprechzeit) mit dem mitgelieferten Bluetooth-Adapter oder als kabelgebundenes Headset mit Audio-\u00fcber-USB-Kabel-Modus. Funktioniert mit Teams, Zoom und mehr. <\/span><\/li>\n<li class=\"a-spacing-mini\"><span class=\"a-list-item\">Konnektivit\u00e4t und Mobilit\u00e4t: Verbinden Sie sich mit einem Computer \u00fcber den BT700 Bluetooth-Adapter, Intel Evo-kompatibles Zubeh\u00f6r f\u00fcr native Bluetooth-Verbindungen auf unterst\u00fctzten Laptops* oder mobil \u00fcber Bluetooth 5.2. Bewegen Sie sich frei mit einer drahtlosen Bluetooth-Reichweite von bis zu 50 m\/164 ft (mit dem mitgelieferten BT700 USB-Adapter). * Intel, das Intel Logo und Intel Evo sind Marken der Intel Corporation oder ihrer Tochtergesellschaften. Intel-Technologien erfordern m\u00f6glicherweise aktivierte Hardware, Software oder Betriebssystemunterst\u00fctzung. <\/span><\/li>\n<\/ul>\n","protected":false},"featured_media":9557,"comment_status":"open","ping_status":"closed","template":"","meta":{"_et_pb_use_builder":"","_et_pb_old_content":"","_et_gb_content_width":""},"product_brand":[],"product_cat":[703],"product_tag":[],"class_list":{"0":"post-9558","1":"product","2":"type-product","3":"status-publish","4":"has-post-thumbnail","6":"product_cat-uncategorized-de","8":"first","9":"instock","10":"sale","11":"taxable","12":"shipping-taxable","13":"purchasable","14":"product-type-simple"},"exclude_global_add_ons":[],"addons":[],"jetpack-related-posts":[{"id":9530,"url":"https:\/\/anythingtechnicallc.com\/index.php\/de\/product\/poly-voyager-4310-uc-wireless-headset-plantronics-einohr-bluetooth-headset-mit-mikrofon-zur-geraeuschunterdrueckung-verbindung-mit-pc-mac-mobiltelefon-ueber-bluetooth-funktioniert-mit-teams-z\/","url_meta":{"origin":9558,"position":0},"title":"Poly Voyager 4310 UC Wireless Headset (Plantronics) &#8211; Einohr-Bluetooth-Headset mit Mikrofon zur Ger\u00e4uschunterdr\u00fcckung &#8211; Verbindung mit PC\/Mac\/Mobiltelefon \u00fcber Bluetooth &#8211; Funktioniert mit Teams, Zoom und mehr &#8211; Amazon Exclusive","date":"March 21, 2026","format":false,"excerpt":"KLARE AUDIOQUALIT\u00c4T: Die Ger\u00e4uschunterdr\u00fcckung mit Acoustic Fence Technologie in einem flexiblen B\u00fcgelmikrofon blendet Hintergrundger\u00e4usche aus, so dass Ihre Gespr\u00e4chspartner nur Sie h\u00f6ren. Mit der Stummschalttaste am B\u00fcgelmikrofon k\u00f6nnen Sie Ihr Mikrofon schnell stummschalten, w\u00e4hrend ein dynamischer Stummschaltungsalarm Sie darauf hinweist, dass Sie stummgeschaltet sind. KONNEKTIVIT\u00c4T & MOBILIT\u00c4T: Verbinden Sie sich\u2026","rel":"","context":"Similar post","img":{"alt_text":"","src":"https:\/\/i0.wp.com\/anythingtechnicallc.com\/wp-content\/uploads\/2025\/09\/81zIcuCc9L._AC_SL1500_.jpg?fit=921%2C1200&ssl=1&resize=350%2C200","width":350,"height":200},"classes":[]},{"id":9588,"url":"https:\/\/anythingtechnicallc.com\/index.php\/de\/product\/hyperx-cloud-iii-s-kabelloses-gaming-headset-fuer-mehrere-plattformen-2-4ghz-bluetooth-akkulaufzeit-bis-zu-120-stunden-2-4ghz-200-stunden-bluetooth-53mm-abgewinkelte-treiber-abnehmbares-mikro\/","url_meta":{"origin":9558,"position":1},"title":"HyperX Cloud III S &#8211; Kabelloses Gaming-Headset f\u00fcr mehrere Plattformen, 2.4GHz, Bluetooth, Akkulaufzeit bis zu 120 Stunden 2.4GHz \/ 200 Stunden Bluetooth, 53mm abgewinkelte Treiber, abnehmbares Mikrofon &#8211; Schwarz","date":"March 21, 2026","format":false,"excerpt":"Bis zu 120 Stunden Spielzeit im 2.4GHz-Modus. Erweitern Sie die Grenzen mit bis zu 200 Stunden im Bluetooth-Modus. Die abgewinkelten 53-mm-Treiber wurden von den HyperX-Audioingenieuren so abgestimmt, dass sie ein optimales H\u00f6rerlebnis bieten, das die dynamischen Kl\u00e4nge des Spiels unterstreicht. Der f\u00fcr HyperX charakteristische Memory-Schaumstoff im Kopfb\u00fcgel und die mit\u2026","rel":"","context":"Similar post","img":{"alt_text":"","src":"https:\/\/i0.wp.com\/anythingtechnicallc.com\/wp-content\/uploads\/2025\/10\/HyperX-Cloud-III-S-Black.jpg?fit=1200%2C1121&ssl=1&resize=350%2C200","width":350,"height":200},"classes":[]},{"id":9482,"url":"https:\/\/anythingtechnicallc.com\/index.php\/de\/product\/alienware-pro-wireless-gaming-headset-kabelgebunden-drahtlos-bluetooth-5-3-15-minuten-schnelles-aufladen-audioausgang-20-hz-akku-gespraechszeit-anc-eingeschaltet-bis-zu-24-stunden-bluetooth\/","url_meta":{"origin":9558,"position":2},"title":"Alienware Pro Wireless Gaming Headset &#8211; kabelgebunden\/drahtlos, Bluetooth 5.3, 15 Minuten schnelles Aufladen, Audioausgang 20 Hz, Akku-Gespr\u00e4chszeit (ANC eingeschaltet) bis zu 24 Stunden (Bluetooth), Dark Side of The Moon","date":"March 21, 2026","format":false,"excerpt":"Bef\u00fcrwortet von Champions. Entwickelt von Experten. Ein professionelles Gaming-Headset, das mit dem Input und der Expertise von Team Liquid und mehr als 100 anderen esports-Athleten entwickelt wurde. 50-mm-Treiber mit Graphen-Beschichtung: High-Fidelity-Audio, das auf Gaming abgestimmt ist, sorgt f\u00fcr ein noch intensiveres Klangerlebnis. Aktive Ger\u00e4uschunterdr\u00fcckung: Blockieren Sie Au\u00dfenger\u00e4usche und konzentrieren Sie\u2026","rel":"","context":"Similar post","img":{"alt_text":"","src":"https:\/\/i0.wp.com\/anythingtechnicallc.com\/wp-content\/uploads\/2025\/08\/61sbnsp-jSL._AC_SL1500_.jpg?fit=993%2C1200&ssl=1&resize=350%2C200","width":350,"height":200},"classes":[]},{"id":9834,"url":"https:\/\/anythingtechnicallc.com\/index.php\/de\/product\/shokz-openrun-pro-bone-conduction-kopfhoerer-offener-bluetooth-kopfhoerer-fuer-laufen-und-training-schweissresistent-lange-akkulaufzeit-premium-deep-bass-mikrofon-mit-haarband-schwarz\/","url_meta":{"origin":9558,"position":3},"title":"SHOKZ OpenRun Pro-Bone Conduction Kopfh\u00f6rer, Offener Bluetooth-Kopfh\u00f6rer f\u00fcr Laufen und Training, schwei\u00dfresistent, lange Akkulaufzeit, Premium Deep Bass, Mikrofon, mit Haarband, Schwarz","date":"April 8, 2026","format":false,"excerpt":"Open-Ear-Komfort - Der OpenRun Pro bietet unsere bisher beste Passform. Vermeiden Sie die Unannehmlichkeiten von In-Ear-Kopfh\u00f6rern mit unserem knopflosen Design. Diese Kopfh\u00f6rer bleiben bei jedem Workout an Ort und Stelle. Inklusive Shokz-Stirnband. Sicherheit und Verbindung - OpenRun Pro sorgt daf\u00fcr, dass Sie Ihre Lieblingsmusik genie\u00dfen k\u00f6nnen, ohne Ihre Umgebung zu\u2026","rel":"","context":"Similar post","img":{"alt_text":"","src":"https:\/\/i0.wp.com\/anythingtechnicallc.com\/wp-content\/uploads\/2026\/03\/41HKPiu-O-L._AC_SL1500_.jpg?fit=1114%2C499&ssl=1&resize=350%2C200","width":350,"height":200},"classes":[]},{"id":9714,"url":"https:\/\/anythingtechnicallc.com\/index.php\/de\/product\/bose-quietcomfort-35-serie-i-kabellose-kopfhoerer-geraeuschunterdrueckung-schwarz-erneuert\/","url_meta":{"origin":9558,"position":4},"title":"Bose QuietComfort 35 (Serie I) Kabellose Kopfh\u00f6rer, Ger\u00e4uschunterdr\u00fcckung &#8211; Schwarz (Erneuert)","date":"March 24, 2026","format":false,"excerpt":"Die kabellosen Kopfh\u00f6rer Quiet Comfort 35 sind mit einer erstklassigen Ger\u00e4uschunterdr\u00fcckung ausgestattet, die daf\u00fcr sorgt, dass leise Ger\u00e4usche leiser und Musik besser klingt. Befreien Sie sich von Kabeln und verbinden Sie sich ganz einfach mit Ihren Ger\u00e4ten per Bluetooth und NFC-Kopplung. Der volumenoptimierte Equalizer sorgt f\u00fcr eine ausgewogene Audiowiedergabe bei\u2026","rel":"","context":"Similar post","img":{"alt_text":"","src":"https:\/\/i0.wp.com\/anythingtechnicallc.com\/wp-content\/uploads\/2026\/02\/Bose-QuietComfort-35.jpg?fit=1200%2C900&ssl=1&resize=350%2C200","width":350,"height":200},"classes":[]},{"id":9582,"url":"https:\/\/anythingtechnicallc.com\/index.php\/de\/product\/hyperx-cloudx-stinger-core-kabelloses-gaming-headset-fuer-xbox-serie-xs-und-xbox-one-memory-schaumstoff-premium-kunstleder-ohrpolster-geraeuschunterdrueckung-schwarz\/","url_meta":{"origin":9558,"position":5},"title":"HyperX CloudX Stinger Core &#8211; Kabelloses Gaming-Headset, f\u00fcr Xbox Serie X|S und Xbox One, Memory-Schaumstoff &#038; Premium-Kunstleder-Ohrpolster, Ger\u00e4uschunterdr\u00fcckung, Schwarz","date":"March 21, 2026","format":false,"excerpt":"Offiziell lizenziertes Xbox Headset: Entwickelt f\u00fcr nahtlose Kompatibilit\u00e4t mit Xbox Series X|S und Xbox One Konsolen. Direkte drahtlose Xbox-Verbindung: Hochwertige kabellose Audioqualit\u00e4t auf Tastendruck. Sie ben\u00f6tigen keine zus\u00e4tzlichen drahtlosen Adapter. Eingebauter Headset-Chat-Mixer: Passen Sie die Balance zwischen Spiel- und Chat-Audiopegeln mit den Chat-Mix-Reglern an der Headset-H\u00f6rmuschel an. Immersiver Klang mit\u2026","rel":"","context":"Similar post","img":{"alt_text":"","src":"https:\/\/i0.wp.com\/anythingtechnicallc.com\/wp-content\/uploads\/2025\/10\/HyperX-CloudX-Stinger-Core-Black.jpg?fit=1200%2C1064&ssl=1&resize=350%2C200","width":350,"height":200},"classes":[]}],"pll_sync_post":[],"lang":"de","translations":{"de":9558,"en":7835},"_links":{"self":[{"href":"https:\/\/anythingtechnicallc.com\/index.php\/wp-json\/wp\/v2\/product\/9558","targetHints":{"allow":["GET"]}}],"collection":[{"href":"https:\/\/anythingtechnicallc.com\/index.php\/wp-json\/wp\/v2\/product"}],"about":[{"href":"https:\/\/anythingtechnicallc.com\/index.php\/wp-json\/wp\/v2\/types\/product"}],"replies":[{"embeddable":true,"href":"https:\/\/anythingtechnicallc.com\/index.php\/wp-json\/wp\/v2\/comments?post=9558"}],"wp:featuredmedia":[{"embeddable":true,"href":"https:\/\/anythingtechnicallc.com\/index.php\/wp-json\/wp\/v2\/media\/9557"}],"wp:attachment":[{"href":"https:\/\/anythingtechnicallc.com\/index.php\/wp-json\/wp\/v2\/media?parent=9558"}],"wp:term":[{"taxonomy":"product_brand","embeddable":true,"href":"https:\/\/anythingtechnicallc.com\/index.php\/wp-json\/wp\/v2\/product_brand?post=9558"},{"taxonomy":"product_cat","embeddable":true,"href":"https:\/\/anythingtechnicallc.com\/index.php\/wp-json\/wp\/v2\/product_cat?post=9558"},{"taxonomy":"product_tag","embeddable":true,"href":"https:\/\/anythingtechnicallc.com\/index.php\/wp-json\/wp\/v2\/product_tag?post=9558"}],"curies":[{"name":"wp","href":"https:\/\/api.w.org\/{rel}","templated":true}]}}