{"id":9611,"date":"2026-03-24T10:13:54","date_gmt":"2026-03-24T10:13:54","guid":{"rendered":"https:\/\/anythingtechnicallc.com\/?post_type=product&#038;p=9611"},"modified":"2026-03-24T10:13:54","modified_gmt":"2026-03-24T10:13:54","slug":"gebrauchte-elgato-hd60-s-externe-capture-karte-streamen-und-aufnehmen-in-1080p60-mit-ultra-niedriger-latenz-auf-ps5-ps4-pro-xbox-series-x-s-xbox-one-x-s-in-obs-twitch-youtube-funktioniert-mit","status":"publish","type":"product","link":"https:\/\/anythingtechnicallc.com\/index.php\/de\/product\/gebrauchte-elgato-hd60-s-externe-capture-karte-streamen-und-aufnehmen-in-1080p60-mit-ultra-niedriger-latenz-auf-ps5-ps4-pro-xbox-series-x-s-xbox-one-x-s-in-obs-twitch-youtube-funktioniert-mit\/","title":{"rendered":"Gebrauchte Elgato HD60 S, Externe Capture Karte, Streamen und Aufnehmen in 1080p60 mit ultra-niedriger Latenz auf PS5, PS4\/Pro, Xbox Series X\/S, Xbox One X\/S, in OBS, Twitch, YouTube, funktioniert mit PC\/Mac"},"content":{"rendered":"<ul class=\"a-unordered-list a-vertical a-spacing-mini\">\n<li class=\"a-spacing-mini\"><span class=\"a-list-item\">1080p60 Capture: Teilen Sie Ihr Gameplay in hervorragender Qualit\u00e4t.<\/span><\/li>\n<li class=\"a-spacing-mini\"><span class=\"a-list-item\">True Passthrough: Spielen Sie Ihre Konsolenspiele ohne Verz\u00f6gerung.<\/span><\/li>\n<li class=\"a-spacing-mini\"><span class=\"a-list-item\">Instant Gameview: Beschleunigen Sie Ihren Arbeitsablauf mit der Technologie f\u00fcr extrem niedrige Latenzzeiten.<\/span><\/li>\n<li class=\"a-spacing-mini\"><span class=\"a-list-item\">Unbegrenzte Aufnahme: Zeichnen Sie stundenlanges Filmmaterial direkt auf Ihrer Festplatte auf.<\/span><\/li>\n<li class=\"a-spacing-mini\"><span class=\"a-list-item\">Flashback-Aufnahme: Spulen Sie in der Zeit zur\u00fcck, um epische Momente r\u00fcckwirkend zu speichern.<\/span><\/li>\n<\/ul>\n","protected":false},"excerpt":{"rendered":"<ul class=\"a-unordered-list a-vertical a-spacing-mini\">\n<li class=\"a-spacing-mini\"><span class=\"a-list-item\">1080p60 Capture: Teilen Sie Ihr Gameplay in hervorragender Qualit\u00e4t.<\/span><\/li>\n<li class=\"a-spacing-mini\"><span class=\"a-list-item\">True Passthrough: Spielen Sie Ihre Konsolenspiele ohne Verz\u00f6gerung.<\/span><\/li>\n<li class=\"a-spacing-mini\"><span class=\"a-list-item\">Instant Gameview: Beschleunigen Sie Ihren Arbeitsablauf mit der Technologie f\u00fcr extrem niedrige Latenzzeiten.<\/span><\/li>\n<li class=\"a-spacing-mini\"><span class=\"a-list-item\">Unbegrenzte Aufnahme: Zeichnen Sie stundenlanges Filmmaterial direkt auf Ihrer Festplatte auf.<\/span><\/li>\n<li class=\"a-spacing-mini\"><span class=\"a-list-item\">Flashback-Aufnahme: Spulen Sie in der Zeit zur\u00fcck, um epische Momente r\u00fcckwirkend zu speichern.<\/span><\/li>\n<\/ul>\n","protected":false},"featured_media":9610,"comment_status":"open","ping_status":"closed","template":"","meta":{"_et_pb_use_builder":"","_et_pb_old_content":"","_et_gb_content_width":""},"product_brand":[],"product_cat":[703],"product_tag":[],"class_list":{"0":"post-9611","1":"product","2":"type-product","3":"status-publish","4":"has-post-thumbnail","6":"product_cat-uncategorized-de","8":"first","9":"instock","10":"sale","11":"taxable","12":"shipping-taxable","13":"purchasable","14":"product-type-simple"},"exclude_global_add_ons":[],"addons":[],"jetpack-related-posts":[{"id":8970,"url":"https:\/\/anythingtechnicallc.com\/index.php\/de\/product\/philips-over-ear-open-back-stereo-kopfhoerer-mit-abnehmbarem-audioanschluss-studio-monitor-kopfhoerer-fuer-die-aufnahme-von-podcasts-dj-musik-klavier-gitarre-shp9600\/","url_meta":{"origin":9611,"position":0},"title":"PHILIPS Over Ear Open Back Stereo-Kopfh\u00f6rer mit abnehmbarem Audioanschluss, Studio-Monitor-Kopfh\u00f6rer f\u00fcr die Aufnahme von Podcasts DJ Musik Klavier Gitarre (SHP9600)","date":"March 18, 2026","format":false,"excerpt":"Eine hochwertige Leistung: Philips SHP9600 Kopfh\u00f6rer. Suchen Sie nach der perfekten Mischung aus Leistung, Komfort und Qualit\u00e4t? Diese offenen Over-Ear-Kopfh\u00f6rer sind so konzipiert, dass sie Ihren H\u00f6rgenuss zu Hause noch steigern. Sie erhalten gro\u00dfartigen Klang, eine hochwertige Konstruktion und vergoldete Kabelanschl\u00fcsse. Offenes Design. Gro\u00dfz\u00fcgiger Klang: Sp\u00fcren Sie die Musik. Perfekt\u2026","rel":"","context":"Similar post","img":{"alt_text":"","src":"https:\/\/i0.wp.com\/anythingtechnicallc.com\/wp-content\/uploads\/2024\/09\/81TO4oBag7L._AC_SL1500_.jpg?fit=705%2C1200&ssl=1&resize=350%2C200","width":350,"height":200},"classes":[]},{"id":9110,"url":"https:\/\/anythingtechnicallc.com\/index.php\/de\/product\/logitech-mx-brio-ultra-hd-4k-webcam-fuer-zusammenarbeit-und-streaming-1080p-bei-60-fps-zwei-geraeuschreduzierende-mikrofone-show-modus-usb-c-webcam-abdeckung-kompatibel-mit-microsoft-teams-zoom\/","url_meta":{"origin":9611,"position":1},"title":"Logitech MX Brio Ultra HD 4K-Webcam f\u00fcr Zusammenarbeit und Streaming, 1080p bei 60 FPS, zwei ger\u00e4uschreduzierende Mikrofone, Show-Modus, USB-C, Webcam-Abdeckung, kompatibel mit Microsoft Teams, Zoom, Google Meet &#8211; Graphit","date":"March 19, 2026","format":false,"excerpt":"Treffen Sie sich, streamen Sie, meistern Sie mit der scharfen Ultra HD 4k-Aufl\u00f6sung der MX Brio. Mit 2x besserer Gesichtserkennung und 2x feineren Bilddetails bei schwierigen Lichtverh\u00e4ltnissen(2), KI-Verbesserungen, einem von Logi entwickelten Objektiv, 70% gr\u00f6\u00dferen Pixeln(1) und unserem bisher gr\u00f6\u00dften Webcam-Sensor. Mit den Feineinstellungen(3) k\u00f6nnen Sie Beleuchtung, Wei\u00dfabgleich mit ISO,\u2026","rel":"","context":"Similar post","img":{"alt_text":"","src":"https:\/\/i0.wp.com\/anythingtechnicallc.com\/wp-content\/uploads\/2025\/02\/61WQr6U3mwL._AC_SL1500_.jpg?fit=1200%2C1069&ssl=1&resize=350%2C200","width":350,"height":200},"classes":[]},{"id":9506,"url":"https:\/\/anythingtechnicallc.com\/index.php\/de\/product\/sony-zv-1f-vlog-kamera-fuer-content-creators-und-vlogger\/","url_meta":{"origin":9611,"position":2},"title":"Sony ZV-1F Vlog Kamera f\u00fcr Content Creators und Vlogger","date":"March 21, 2026","format":false,"excerpt":"Mit der ZV-1F k\u00f6nnen Sie alles festhalten - sie erm\u00f6glicht es Ihnen, ein Gruppen-Selfie zusammen mit einem weitl\u00e4ufigen Blick auf die Hintergrundkulisse aufzunehmen. Da das Ultraweitwinkelobjektiv der Kamera mit 20 mm1 ein gr\u00f6\u00dferes Sichtfeld als das menschliche Gesichtsfeld erfasst, k\u00f6nnen Sie Bilder mit beeindruckender Tiefe und Perspektive aufnehmen. Machen Sie\u2026","rel":"","context":"Similar post","img":{"alt_text":"","src":"https:\/\/i0.wp.com\/anythingtechnicallc.com\/wp-content\/uploads\/2025\/08\/81lRtfnLuiL._AC_SL1500_.jpg?fit=1200%2C1085&ssl=1&resize=350%2C200","width":350,"height":200},"classes":[]},{"id":9573,"url":"https:\/\/anythingtechnicallc.com\/index.php\/de\/product\/hyperx-cloud-ii-gaming-headset-7-1-surround-sound-memory-foam-ear-pads-robuster-aluminiumrahmen-abnehmbares-mikrofon-kompatibel-mit-pc-ps5-ps4-xbox-series-xs-xbox-one-rot\/","url_meta":{"origin":9611,"position":3},"title":"HyperX Cloud II &#8211; Gaming Headset, 7.1 Surround Sound, Memory Foam Ear Pads, robuster Aluminiumrahmen, abnehmbares Mikrofon, kompatibel mit PC, PS5, PS4, Xbox Series X|S, Xbox One &#8211; Rot","date":"March 21, 2026","format":false,"excerpt":"15-25kKhz Frequenzgang.Kopfh\u00f6rertyp:Over-Ear.Hinweis : Wenn die Gr\u00f6\u00dfe der Ohrst\u00f6psel nicht mit der Gr\u00f6\u00dfe Ihrer Geh\u00f6rg\u00e4nge \u00fcbereinstimmt oder das Headset nicht richtig in Ihren Ohren getragen wird, erhalten Sie m\u00f6glicherweise nicht die richtige Klangqualit\u00e4t oder Gespr\u00e4chsleistung. Tauschen Sie die Ohrst\u00f6psel gegen solche aus, die besser in Ihr Ohr passen. Entwickelt f\u00fcr Komfort:\u2026","rel":"","context":"Similar post","img":{"alt_text":"","src":"https:\/\/i0.wp.com\/anythingtechnicallc.com\/wp-content\/uploads\/2025\/10\/HyperX-Cloud-II-Gaming-Headset-Red.jpg?fit=1070%2C1200&ssl=1&resize=350%2C200","width":350,"height":200},"classes":[]},{"id":8962,"url":"https:\/\/anythingtechnicallc.com\/index.php\/de\/product\/jbl-tune-720bt-kabellose-over-ear-kopfhoerer-mit-jbl-pure-bass-sound-bluetooth-5-3-bis-zu-76-stunden-akkulaufzeit-und-schnellladefunktion-leichtes-komfortables-und-faltbares-design-schwarz\/","url_meta":{"origin":9611,"position":4},"title":"JBL Tune 720BT &#8211; Kabellose Over-Ear-Kopfh\u00f6rer mit JBL Pure Bass Sound, Bluetooth 5.3, bis zu 76 Stunden Akkulaufzeit und Schnellladefunktion, leichtes, komfortables und faltbares Design (Schwarz)","date":"March 18, 2026","format":false,"excerpt":"JBL Pure Bass Sound: Der JBL Tune 720BT verf\u00fcgt \u00fcber den renommierten JBL Pure Bass Sound, dieselbe Technologie, die in den ber\u00fchmtesten Veranstaltungsorten auf der ganzen Welt zum Einsatz kommt. Kabellose Bluetooth 5.3 Technologie: \u00dcbertragen Sie mit Hilfe der neuesten Bluetooth-Technologie kabellos und ohne l\u00e4stige Kabel hochwertigen Sound von Ihrem\u2026","rel":"","context":"Similar post","img":{"alt_text":"","src":"https:\/\/i0.wp.com\/anythingtechnicallc.com\/wp-content\/uploads\/2024\/09\/61EL2AKKcBL._AC_SL1500_.jpg?fit=1056%2C1200&ssl=1&resize=350%2C200","width":350,"height":200},"classes":[]},{"id":9548,"url":"https:\/\/anythingtechnicallc.com\/index.php\/de\/product\/hp-officejet-200-serie-akku-m9l89a\/","url_meta":{"origin":9611,"position":5},"title":"HP OfficeJet 200 Serie Akku (M9L89A)","date":"March 21, 2026","format":false,"excerpt":"UNUNTERBROCHENER DRUCK - Der HP Officejet 200 Series Lithium-Ionen-Akku sorgt daf\u00fcr, dass Ihr mobiler Drucker f\u00fcr wichtige Aufgaben unterwegs mit Strom versorgt wird, und erh\u00f6ht so die Zuverl\u00e4ssigkeit. Nahtlose Kompatibilit\u00e4t - Dieser Akku wurde speziell f\u00fcr die mobilen HP OfficeJet 200 und 250 Drucker (CZ993A, CZ992A) entwickelt und garantiert optimale\u2026","rel":"","context":"Similar post","img":{"alt_text":"","src":"https:\/\/i0.wp.com\/anythingtechnicallc.com\/wp-content\/uploads\/2025\/09\/battery-series-200_bottom_L_M1754879.png?fit=800%2C600&ssl=1&resize=350%2C200","width":350,"height":200},"classes":[]}],"pll_sync_post":[],"lang":"de","translations":{"de":9611,"en":8527},"_links":{"self":[{"href":"https:\/\/anythingtechnicallc.com\/index.php\/wp-json\/wp\/v2\/product\/9611","targetHints":{"allow":["GET"]}}],"collection":[{"href":"https:\/\/anythingtechnicallc.com\/index.php\/wp-json\/wp\/v2\/product"}],"about":[{"href":"https:\/\/anythingtechnicallc.com\/index.php\/wp-json\/wp\/v2\/types\/product"}],"replies":[{"embeddable":true,"href":"https:\/\/anythingtechnicallc.com\/index.php\/wp-json\/wp\/v2\/comments?post=9611"}],"wp:featuredmedia":[{"embeddable":true,"href":"https:\/\/anythingtechnicallc.com\/index.php\/wp-json\/wp\/v2\/media\/9610"}],"wp:attachment":[{"href":"https:\/\/anythingtechnicallc.com\/index.php\/wp-json\/wp\/v2\/media?parent=9611"}],"wp:term":[{"taxonomy":"product_brand","embeddable":true,"href":"https:\/\/anythingtechnicallc.com\/index.php\/wp-json\/wp\/v2\/product_brand?post=9611"},{"taxonomy":"product_cat","embeddable":true,"href":"https:\/\/anythingtechnicallc.com\/index.php\/wp-json\/wp\/v2\/product_cat?post=9611"},{"taxonomy":"product_tag","embeddable":true,"href":"https:\/\/anythingtechnicallc.com\/index.php\/wp-json\/wp\/v2\/product_tag?post=9611"}],"curies":[{"name":"wp","href":"https:\/\/api.w.org\/{rel}","templated":true}]}}