{"id":9638,"date":"2026-03-24T10:26:58","date_gmt":"2026-03-24T10:26:58","guid":{"rendered":"https:\/\/anythingtechnicallc.com\/?post_type=product&#038;p=9638"},"modified":"2026-03-24T10:26:58","modified_gmt":"2026-03-24T10:26:58","slug":"gebrauchter-kindle-paperwhite-4-vorherige-generation-2018-release-wasserdicht-wi-fi-8-gb-schwarz","status":"publish","type":"product","link":"https:\/\/anythingtechnicallc.com\/index.php\/de\/product\/gebrauchter-kindle-paperwhite-4-vorherige-generation-2018-release-wasserdicht-wi-fi-8-gb-schwarz\/","title":{"rendered":"Gebrauchter Kindle Paperwhite 4 (vorherige Generation &#8211; 2018 release) Wasserdicht Wi-Fi 8 GB Schwarz"},"content":{"rendered":"<ul class=\"a-unordered-list a-vertical a-spacing-mini\">\n<li class=\"a-spacing-mini\"><span class=\"a-list-item\">Der bisher d\u00fcnnste und leichteste Kindle Paperwhite &#8211; mit einer b\u00fcndigen Front und einem blendfreien 300 ppi-Display, das sich selbst bei hellem Sonnenlicht wie echtes Papier liest.<\/span><\/li>\n<li class=\"a-spacing-mini\"><span class=\"a-list-item\">Jetzt wasserdicht, damit Sie auch am Strand, am Pool oder in der Badewanne lesen und entspannen k\u00f6nnen. Ihr Kindle wurde getestet, um versehentliches Eintauchen in Wasser zu \u00fcberstehen.<\/span><\/li>\n<li class=\"a-spacing-mini\"><span class=\"a-list-item\">Genie\u00dfen Sie den doppelten Speicherplatz mit 8 GB. Oder w\u00e4hlen Sie 32 GB, um mehr Zeitschriften, Comics und H\u00f6rb\u00fccher zu speichern.<\/span><\/li>\n<li class=\"a-spacing-mini\"><span class=\"a-list-item\">Jetzt mit Audible. Verbinden Sie es mit Bluetooth-Kopfh\u00f6rern oder Lautsprechern, um Ihre Geschichte zu h\u00f6ren.<\/span><\/li>\n<li class=\"a-spacing-mini\"><span class=\"a-list-item\">Eine einzige Akkuladung reicht f\u00fcr Wochen, nicht f\u00fcr Stunden.<\/span><\/li>\n<li class=\"a-spacing-mini\"><span class=\"a-list-item\">Dank der integrierten, einstellbaren Beleuchtung k\u00f6nnen Sie drinnen und drau\u00dfen, bei Tag und bei Nacht lesen.<\/span><\/li>\n<li class=\"a-spacing-mini\"><span class=\"a-list-item\">Erhalten Sie sofortigen Zugang zu Neuerscheinungen und Bestsellern sowie zu \u00fcber einer Million Titeln f\u00fcr $2,99 oder weniger.<\/span><\/li>\n<\/ul>\n","protected":false},"excerpt":{"rendered":"<ul class=\"a-unordered-list a-vertical a-spacing-mini\">\n<li class=\"a-spacing-mini\"><span class=\"a-list-item\">Der bisher d\u00fcnnste und leichteste Kindle Paperwhite &#8211; mit einer b\u00fcndigen Front und einem blendfreien 300 ppi-Display, das sich selbst bei hellem Sonnenlicht wie echtes Papier liest.<\/span><\/li>\n<li class=\"a-spacing-mini\"><span class=\"a-list-item\">Jetzt wasserdicht, damit Sie auch am Strand, am Pool oder in der Badewanne lesen und entspannen k\u00f6nnen. Ihr Kindle wurde getestet, um versehentliches Eintauchen in Wasser zu \u00fcberstehen.<\/span><\/li>\n<li class=\"a-spacing-mini\"><span class=\"a-list-item\">Genie\u00dfen Sie den doppelten Speicherplatz mit 8 GB. Oder w\u00e4hlen Sie 32 GB, um mehr Zeitschriften, Comics und H\u00f6rb\u00fccher zu speichern.<\/span><\/li>\n<li class=\"a-spacing-mini\"><span class=\"a-list-item\">Jetzt mit Audible. Verbinden Sie es mit Bluetooth-Kopfh\u00f6rern oder Lautsprechern, um Ihre Geschichte zu h\u00f6ren.<\/span><\/li>\n<li class=\"a-spacing-mini\"><span class=\"a-list-item\">Eine einzige Akkuladung reicht f\u00fcr Wochen, nicht f\u00fcr Stunden.<\/span><\/li>\n<li class=\"a-spacing-mini\"><span class=\"a-list-item\">Dank der integrierten, einstellbaren Beleuchtung k\u00f6nnen Sie drinnen und drau\u00dfen, bei Tag und bei Nacht lesen.<\/span><\/li>\n<li class=\"a-spacing-mini\"><span class=\"a-list-item\">Erhalten Sie sofortigen Zugang zu Neuerscheinungen und Bestsellern sowie zu \u00fcber einer Million Titeln f\u00fcr $2,99 oder weniger.<\/span><\/li>\n<\/ul>\n","protected":false},"featured_media":9637,"comment_status":"open","ping_status":"closed","template":"","meta":{"_et_pb_use_builder":"","_et_pb_old_content":"","_et_gb_content_width":""},"product_brand":[],"product_cat":[1562,1574],"product_tag":[],"class_list":{"0":"post-9638","1":"product","2":"type-product","3":"status-publish","4":"has-post-thumbnail","6":"product_cat-bueroelektronik","7":"product_cat-generalueberholtes-tablet-laptop","9":"first","10":"instock","11":"taxable","12":"shipping-taxable","13":"purchasable","14":"product-type-simple"},"exclude_global_add_ons":[],"addons":[],"jetpack-related-posts":[{"id":9509,"url":"https:\/\/anythingtechnicallc.com\/index.php\/de\/product\/insta360-go-3s-128-gb-weiss-4k-winzige-tragbare-vlogging-kamera-freihaendige-povs-ueberall-montierbar-stabilisierung-140-min-akkulaufzeit-10m-wasserdicht-apple-find-my-pet-pov\/","url_meta":{"origin":9638,"position":0},"title":"Insta360 GO 3S &#8211; 128 GB Wei\u00df 4K Winzige tragbare Vlogging-Kamera, freih\u00e4ndige POVs, \u00fcberall montierbar, Stabilisierung, 140 Min. Akkulaufzeit, 10m wasserdicht, Apple Find My, Pet POV","date":"March 21, 2026","format":false,"excerpt":"1.4OZ (39G) & Daumengro\u00df- Erschlie\u00dfen Sie sich grenzenlose Kreativit\u00e4t mit der Insta360 GO 3S, einer winzigen, leistungsstarken 4K-Kamera mit einem Gewicht von nur 1.4oz (39g). Hochwertige Aufnahmen in einem winzigen, aber m\u00e4chtigen Paket. 4K HANDS-FREE POVS - Ein leistungsstarker Chip f\u00fcr hochwertiges Filmmaterial und ein neues Weitwinkelobjektiv. Nehmen Sie 4K-Freihand-POVs\u2026","rel":"","context":"Similar post","img":{"alt_text":"","src":"https:\/\/i0.wp.com\/anythingtechnicallc.com\/wp-content\/uploads\/2025\/08\/71ti3cYFEwL._AC_SL1500_.jpg?fit=1122%2C1200&ssl=1&resize=350%2C200","width":350,"height":200},"classes":[]},{"id":9647,"url":"https:\/\/anythingtechnicallc.com\/index.php\/de\/product\/erneuert-gopro-hero9-black-wasserdichte-action-kamera-mit-front-lcd-und-touch-rueckseite-5k-ultra-hd-video-20mp-fotos-1080p-live-streaming-webcam-stabilisierung\/","url_meta":{"origin":9638,"position":1},"title":"Erneuert GoPro HERO9 Black &#8211; Wasserdichte Action-Kamera mit Front-LCD und Touch-R\u00fcckseite, 5K Ultra HD Video, 20MP Fotos, 1080p Live-Streaming, Webcam, Stabilisierung","date":"March 24, 2026","format":false,"excerpt":"5K Video - Nehmen Sie atemberaubende Videos mit einer Aufl\u00f6sung von bis zu 5K auf, so dass auch beim Zoomen keine Details verloren gehen. 20MP Foto mit SuperPhoto: Nehmen Sie gestochen scharfe Fotos in Profiqualit\u00e4t mit 20MP auf. Und mit SuperPhoto kann die HERO9 Black automatisch die beste Bildverarbeitung f\u00fcr\u2026","rel":"","context":"Similar post","img":{"alt_text":"","src":"https:\/\/i0.wp.com\/anythingtechnicallc.com\/wp-content\/uploads\/2025\/10\/518PGIaxCPL._AC_SL1200_.jpg?fit=1200%2C697&ssl=1&resize=350%2C200","width":350,"height":200},"classes":[]},{"id":9445,"url":"https:\/\/anythingtechnicallc.com\/index.php\/de\/product\/flexsolar-40w-tragbares-solar-ladegeraet-faltbar-qc3-0-usb-c-dc-output-ports-solar-panel-ladegeraet-fuer-camping-ip67-wasserdicht-kompatibel-mit-iphone-13-12-11-xs-x-8-7ipadsamsung-galaxy-lg-etc\/","url_meta":{"origin":9638,"position":2},"title":"FlexSolar 40W Tragbares Solar-Ladeger\u00e4t, faltbar QC3.0 USB-C DC Output Ports Solar Panel Ladeger\u00e4t f\u00fcr Camping IP67 Wasserdicht Kompatibel mit iPhone 13\/12\/11\/Xs\/X\/8\/7,iPad,Samsung Galaxy LG etc","date":"March 19, 2026","format":false,"excerpt":"\ud83d\udcbc\u3010PORTABLE & FOLDABLE\u3011Mit einer kleinen Gr\u00f6\u00dfe von 8,0x 11,1x 1,8 Zoll (wenn gefaltet) und einem leichten Design von 2,86lbs (1,3kg), das leicht in Ihren Rucksack gequetscht werden kann, bietet die Wanderschnalle Portabilit\u00e4t und Einfachheit und ist ideal, um sie beim Wandern oder einem Spaziergang in der Stadt an Ihrem Rucksack\u2026","rel":"","context":"Similar post","img":{"alt_text":"","src":"https:\/\/i0.wp.com\/anythingtechnicallc.com\/wp-content\/uploads\/2022\/09\/FlexSolar-40W-Portable-Solar-Charger-Foldable-QC30-USB-C-DC-Output-Ports-Solar-Panel-Charger-for-Camping-IP67-Waterproof-Compatible-with-iPhone-131211XsX87iPadSamsung-Galaxy-LG-etc-0.jpg?fit=500%2C500&ssl=1&resize=350%2C200","width":350,"height":200},"classes":[]},{"id":9831,"url":"https:\/\/anythingtechnicallc.com\/index.php\/de\/product\/apple-ipad-11-zoll-a16-chip-11-zoll-modell-liquid-retina-display-128gb-wi-fi-6-12mp-front-12mp-rueckkamera-touch-id-ganztaegige-batterielaufzeit-blau\/","url_meta":{"origin":9638,"position":3},"title":"Apple iPad 11-Zoll: A16 Chip, 11-Zoll Modell, Liquid Retina Display, 128GB, Wi-Fi 6, 12MP Front-\/12MP R\u00fcckkamera, Touch ID, Ganzt\u00e4gige Batterielaufzeit &#8211; Blau","date":"April 8, 2026","format":false,"excerpt":"WARUM IPAD - Das 11-Zoll-iPad ist jetzt leistungsf\u00e4higer denn je mit dem superschnellen A16-Chip, einem atemberaubenden Liquid Retina-Display, fortschrittlichen Kameras, schnellem Wi-Fi, USB-C-Anschluss und vier pr\u00e4chtigen Farben.* Das iPad bietet eine leistungsstarke M\u00f6glichkeit, zu kreieren, in Verbindung zu bleiben und Dinge zu erledigen. LEISTUNG UND SPEICHER - Der superschnelle A16\u2026","rel":"","context":"Similar post","img":{"alt_text":"","src":"https:\/\/i0.wp.com\/anythingtechnicallc.com\/wp-content\/uploads\/2026\/03\/61aPY8odPSL._AC_SL1500_.jpg?fit=1061%2C1200&ssl=1&resize=350%2C200","width":350,"height":200},"classes":[]},{"id":9438,"url":"https:\/\/anythingtechnicallc.com\/index.php\/de\/product\/bigblue-3-usb-a-28w-solar-ladegeraet-5v-4-8a-max-tragbares-sunpower-solarpanel-ladegeraet-fuer-camping-ipx4-wasserdicht-kompatibel-mit-iphone-11-xs-xs-max-xr-x-8-7-ipad-samsung-galaxy-lg-etc\/","url_meta":{"origin":9638,"position":4},"title":"[BigBlue 3 USB-A 28W Solar Ladeger\u00e4t (5V\/4.8A Max), tragbares SunPower Solarpanel Ladeger\u00e4t f\u00fcr Camping, IPX4 Wasserdicht, Kompatibel mit iPhone 11\/XS\/XS Max\/XR\/X\/8\/7, iPad, Samsung Galaxy LG etc.","date":"March 19, 2026","format":false,"excerpt":"\u3010Upgraded Triple USB-A Ports\u3011Jeder maximale Ausgang ist 5V\/2.4A und der gesamte maximale Strom von 3 USB ist 5V\/4.8A. Mit dem BigBlue 28W Solarladeger\u00e4t k\u00f6nnen Sie mehrere Ger\u00e4te gleichzeitig aufladen. Es ist mit einer intelligenten Ladetechnologie ausgestattet, die Ihr Ger\u00e4t erkennt und je nach Ger\u00e4t die optimale Ladegeschwindigkeit bietet. BigBlue gew\u00e4hrleistet\u2026","rel":"","context":"Similar post","img":{"alt_text":"","src":"https:\/\/i0.wp.com\/anythingtechnicallc.com\/wp-content\/uploads\/2022\/09\/UpgradedBigBlue-3-USB-A-28W-Solar-Charger5V48A-Max-Portable-SunPower-Solar-Panel-Charger-for-Camping-IPX4-Waterproof-Compatible-with-iPhone-11XSXS-MaxXRX87-iPad-Samsung-Galaxy-LG-etc-0.jpg?fit=500%2C500&ssl=1&resize=350%2C200","width":350,"height":200},"classes":[]},{"id":9849,"url":"https:\/\/anythingtechnicallc.com\/index.php\/de\/product\/shokz-new-openfit-2-open-ear-headphones-dolby-audio-enabled-bequeme-ohrhoerer-mit-weichen-ohrbuegeln-48-stunden-spielzeit-ip55-wasserdicht-usb-c-schnellladung-drahtlose-aufladung-tragetasche\/","url_meta":{"origin":9638,"position":5},"title":"SHOKZ New OpenFit 2+ Open-Ear Headphones, Dolby Audio Enabled, bequeme Ohrh\u00f6rer mit weichen Ohrb\u00fcgeln, 48 Stunden Spielzeit, IP55 wasserdicht, USB-C Schnellladung, drahtlose Aufladung, Tragetasche, Grau","date":"April 8, 2026","format":false,"excerpt":"Detailreicher Klang, Dolby Audio Optimiert Mit Shokz DualBoost sorgt der OpenFit 2+ f\u00fcr helle H\u00f6hen und tiefe B\u00e4sse. Ein 17,3-mm-Tieft\u00f6ner sorgt f\u00fcr satte B\u00e4sse, w\u00e4hrend ein unabh\u00e4ngiger Hocht\u00f6ner knackige H\u00f6hen und unseren KI-Algorithmus OpenBass 2.0 hervorbringt. Aktivieren Sie Dolby Audio f\u00fcr zus\u00e4tzliche Klarheit und Dimension in der Shokz App. Ganzt\u00e4gig\u2026","rel":"","context":"Similar post","img":{"alt_text":"","src":"https:\/\/i0.wp.com\/anythingtechnicallc.com\/wp-content\/uploads\/2026\/03\/61tW4F8ZYTL._AC_SL1500_.jpg?fit=974%2C1200&ssl=1&resize=350%2C200","width":350,"height":200},"classes":[]}],"pll_sync_post":[],"lang":"de","translations":{"de":9638,"en":8549},"_links":{"self":[{"href":"https:\/\/anythingtechnicallc.com\/index.php\/wp-json\/wp\/v2\/product\/9638","targetHints":{"allow":["GET"]}}],"collection":[{"href":"https:\/\/anythingtechnicallc.com\/index.php\/wp-json\/wp\/v2\/product"}],"about":[{"href":"https:\/\/anythingtechnicallc.com\/index.php\/wp-json\/wp\/v2\/types\/product"}],"replies":[{"embeddable":true,"href":"https:\/\/anythingtechnicallc.com\/index.php\/wp-json\/wp\/v2\/comments?post=9638"}],"wp:featuredmedia":[{"embeddable":true,"href":"https:\/\/anythingtechnicallc.com\/index.php\/wp-json\/wp\/v2\/media\/9637"}],"wp:attachment":[{"href":"https:\/\/anythingtechnicallc.com\/index.php\/wp-json\/wp\/v2\/media?parent=9638"}],"wp:term":[{"taxonomy":"product_brand","embeddable":true,"href":"https:\/\/anythingtechnicallc.com\/index.php\/wp-json\/wp\/v2\/product_brand?post=9638"},{"taxonomy":"product_cat","embeddable":true,"href":"https:\/\/anythingtechnicallc.com\/index.php\/wp-json\/wp\/v2\/product_cat?post=9638"},{"taxonomy":"product_tag","embeddable":true,"href":"https:\/\/anythingtechnicallc.com\/index.php\/wp-json\/wp\/v2\/product_tag?post=9638"}],"curies":[{"name":"wp","href":"https:\/\/api.w.org\/{rel}","templated":true}]}}