{"id":9647,"date":"2026-03-24T10:29:18","date_gmt":"2026-03-24T10:29:18","guid":{"rendered":"https:\/\/anythingtechnicallc.com\/?post_type=product&#038;p=9647"},"modified":"2026-03-24T10:29:18","modified_gmt":"2026-03-24T10:29:18","slug":"erneuert-gopro-hero9-black-wasserdichte-action-kamera-mit-front-lcd-und-touch-rueckseite-5k-ultra-hd-video-20mp-fotos-1080p-live-streaming-webcam-stabilisierung","status":"publish","type":"product","link":"https:\/\/anythingtechnicallc.com\/index.php\/de\/product\/erneuert-gopro-hero9-black-wasserdichte-action-kamera-mit-front-lcd-und-touch-rueckseite-5k-ultra-hd-video-20mp-fotos-1080p-live-streaming-webcam-stabilisierung\/","title":{"rendered":"Erneuert GoPro HERO9 Black &#8211; Wasserdichte Action-Kamera mit Front-LCD und Touch-R\u00fcckseite, 5K Ultra HD Video, 20MP Fotos, 1080p Live-Streaming, Webcam, Stabilisierung"},"content":{"rendered":"<ul class=\"a-unordered-list a-vertical a-spacing-mini\">\n<li class=\"a-spacing-mini\"><span class=\"a-list-item\">5K Video &#8211; Nehmen Sie atemberaubende Videos mit einer Aufl\u00f6sung von bis zu 5K auf, so dass auch beim Zoomen keine Details verloren gehen. <\/span><\/li>\n<li class=\"a-spacing-mini\"><span class=\"a-list-item\">20MP Foto mit SuperPhoto: Nehmen Sie gestochen scharfe Fotos in Profiqualit\u00e4t mit 20MP auf. Und mit SuperPhoto kann die HERO9 Black automatisch die beste Bildverarbeitung f\u00fcr Sie ausw\u00e4hlen. <\/span><\/li>\n<li class=\"a-spacing-mini\"><span class=\"a-list-item\">Vorderes Display plus hinterer Touchscreen: Ein neuer, gr\u00f6\u00dferer r\u00fcckseitiger Touchscreen mit Touch-Zoom auf der HERO9 Black und ein umwerfendes neues Display auf der Vorderseite erm\u00f6glichen eine einfache Bildgestaltung und intuitive Kamerasteuerung. <\/span><\/li>\n<li class=\"a-spacing-mini\"><span class=\"a-list-item\">Live-Streaming und Webcam: Live-Streaming in 1080p auf sozialen Netzwerken, HyperSmooth-Stabilisierung w\u00e4hrend der \u00dcbertragung. <\/span><\/li>\n<li class=\"a-spacing-mini\"><span class=\"a-list-item\">HyperSmooth 3.0: Erleben Sie die ultimative Geschmeidigkeit mit unserer fortschrittlichsten Videostabilisierung aller Zeiten.TimeWarp 3.0: Nehmen Sie faszinierende Zeitrafferszenen auf, w\u00e4hrend Sie sich auf der Stra\u00dfe, zu Fu\u00df oder anderswo bewegen.Robust und wasserdicht: Nehmen Sie unter den schwierigsten Bedingungen auf, die Sie sich vorstellen k\u00f6nnen. Die HERO9 Black h\u00e4lt das aus. Sie ist knallhart und bis zu einer Tiefe von 33 Fu\u00df wasserdicht. <\/span><\/li>\n<\/ul>\n","protected":false},"excerpt":{"rendered":"<ul class=\"a-unordered-list a-vertical a-spacing-mini\">\n<li class=\"a-spacing-mini\"><span class=\"a-list-item\">5K Video &#8211; Nehmen Sie atemberaubende Videos mit einer Aufl\u00f6sung von bis zu 5K auf, so dass auch beim Zoomen keine Details verloren gehen. <\/span><\/li>\n<li class=\"a-spacing-mini\"><span class=\"a-list-item\">20MP Foto mit SuperPhoto: Nehmen Sie gestochen scharfe Fotos in Profiqualit\u00e4t mit 20MP auf. Und mit SuperPhoto kann die HERO9 Black automatisch die beste Bildverarbeitung f\u00fcr Sie ausw\u00e4hlen. <\/span><\/li>\n<li class=\"a-spacing-mini\"><span class=\"a-list-item\">Vorderes Display plus hinterer Touchscreen: Ein neuer, gr\u00f6\u00dferer r\u00fcckseitiger Touchscreen mit Touch-Zoom auf der HERO9 Black und ein umwerfendes neues Display auf der Vorderseite erm\u00f6glichen eine einfache Bildgestaltung und intuitive Kamerasteuerung. <\/span><\/li>\n<li class=\"a-spacing-mini\"><span class=\"a-list-item\">Live-Streaming und Webcam: Live-Streaming in 1080p auf sozialen Netzwerken, HyperSmooth-Stabilisierung w\u00e4hrend der \u00dcbertragung. <\/span><\/li>\n<li class=\"a-spacing-mini\"><span class=\"a-list-item\">HyperSmooth 3.0: Erleben Sie die ultimative Geschmeidigkeit mit unserer fortschrittlichsten Videostabilisierung aller Zeiten.TimeWarp 3.0: Nehmen Sie faszinierende Zeitrafferszenen auf, w\u00e4hrend Sie sich auf der Stra\u00dfe, zu Fu\u00df oder anderswo bewegen.Robust und wasserdicht: Nehmen Sie unter den schwierigsten Bedingungen auf, die Sie sich vorstellen k\u00f6nnen. Die HERO9 Black h\u00e4lt das aus. Sie ist knallhart und bis zu einer Tiefe von 33 Fu\u00df wasserdicht. <\/span><\/li>\n<\/ul>\n","protected":false},"featured_media":9646,"comment_status":"open","ping_status":"closed","template":"","meta":{"_et_pb_use_builder":"","_et_pb_old_content":"","_et_gb_content_width":""},"product_brand":[],"product_cat":[1576],"product_tag":[],"class_list":{"0":"post-9647","1":"product","2":"type-product","3":"status-publish","4":"has-post-thumbnail","6":"product_cat-kamerazubehoer","8":"first","9":"instock","10":"sale","11":"taxable","12":"shipping-taxable","13":"purchasable","14":"product-type-simple"},"exclude_global_add_ons":[],"addons":[],"jetpack-related-posts":[{"id":9650,"url":"https:\/\/anythingtechnicallc.com\/index.php\/de\/product\/erneuert-gopro-hero10-black-wasserdichte-action-kamera-mit-front-lcd-und-touch-rueckseite-5-3k60-ultra-hd-video-23mp-fotos-1080p-live-streaming-webcam-stabilisierung\/","url_meta":{"origin":9647,"position":0},"title":"Erneuert GoPro HERO10 Black &#8211; Wasserdichte Action-Kamera mit Front-LCD und Touch-R\u00fcckseite, 5.3K60 Ultra HD Video, 23MP Fotos, 1080p Live Streaming, Webcam, Stabilisierung","date":"March 24, 2026","format":false,"excerpt":"Revolution\u00e4rer Prozessor: Schneller. Reibungsloser. Besser. Die leistungsstarke neue GP2-Engine ver\u00e4ndert das Spiel - rasante Leistung, reaktionsschnelle Touch-Bedienelemente und eine doppelt so hohe Bildrate f\u00fcr erstaunlich fl\u00fcssige Aufnahmen. Das GP2 \"System auf einem Chip\" wurde speziell f\u00fcr die anspruchsvollen Anforderungen der GoPro entwickelt und ist mit Abstand das schnellste, das wir\u2026","rel":"","context":"Similar post","img":{"alt_text":"","src":"https:\/\/i0.wp.com\/anythingtechnicallc.com\/wp-content\/uploads\/2025\/10\/51FG4RKwpL._AC_SL1200_.jpg?fit=1200%2C821&ssl=1&resize=350%2C200","width":350,"height":200},"classes":[]},{"id":9110,"url":"https:\/\/anythingtechnicallc.com\/index.php\/de\/product\/logitech-mx-brio-ultra-hd-4k-webcam-fuer-zusammenarbeit-und-streaming-1080p-bei-60-fps-zwei-geraeuschreduzierende-mikrofone-show-modus-usb-c-webcam-abdeckung-kompatibel-mit-microsoft-teams-zoom\/","url_meta":{"origin":9647,"position":1},"title":"Logitech MX Brio Ultra HD 4K-Webcam f\u00fcr Zusammenarbeit und Streaming, 1080p bei 60 FPS, zwei ger\u00e4uschreduzierende Mikrofone, Show-Modus, USB-C, Webcam-Abdeckung, kompatibel mit Microsoft Teams, Zoom, Google Meet &#8211; Graphit","date":"March 19, 2026","format":false,"excerpt":"Treffen Sie sich, streamen Sie, meistern Sie mit der scharfen Ultra HD 4k-Aufl\u00f6sung der MX Brio. Mit 2x besserer Gesichtserkennung und 2x feineren Bilddetails bei schwierigen Lichtverh\u00e4ltnissen(2), KI-Verbesserungen, einem von Logi entwickelten Objektiv, 70% gr\u00f6\u00dferen Pixeln(1) und unserem bisher gr\u00f6\u00dften Webcam-Sensor. Mit den Feineinstellungen(3) k\u00f6nnen Sie Beleuchtung, Wei\u00dfabgleich mit ISO,\u2026","rel":"","context":"Similar post","img":{"alt_text":"","src":"https:\/\/i0.wp.com\/anythingtechnicallc.com\/wp-content\/uploads\/2025\/02\/61WQr6U3mwL._AC_SL1500_.jpg?fit=1200%2C1069&ssl=1&resize=350%2C200","width":350,"height":200},"classes":[]},{"id":9509,"url":"https:\/\/anythingtechnicallc.com\/index.php\/de\/product\/insta360-go-3s-128-gb-weiss-4k-winzige-tragbare-vlogging-kamera-freihaendige-povs-ueberall-montierbar-stabilisierung-140-min-akkulaufzeit-10m-wasserdicht-apple-find-my-pet-pov\/","url_meta":{"origin":9647,"position":2},"title":"Insta360 GO 3S &#8211; 128 GB Wei\u00df 4K Winzige tragbare Vlogging-Kamera, freih\u00e4ndige POVs, \u00fcberall montierbar, Stabilisierung, 140 Min. Akkulaufzeit, 10m wasserdicht, Apple Find My, Pet POV","date":"March 21, 2026","format":false,"excerpt":"1.4OZ (39G) & Daumengro\u00df- Erschlie\u00dfen Sie sich grenzenlose Kreativit\u00e4t mit der Insta360 GO 3S, einer winzigen, leistungsstarken 4K-Kamera mit einem Gewicht von nur 1.4oz (39g). Hochwertige Aufnahmen in einem winzigen, aber m\u00e4chtigen Paket. 4K HANDS-FREE POVS - Ein leistungsstarker Chip f\u00fcr hochwertiges Filmmaterial und ein neues Weitwinkelobjektiv. Nehmen Sie 4K-Freihand-POVs\u2026","rel":"","context":"Similar post","img":{"alt_text":"","src":"https:\/\/i0.wp.com\/anythingtechnicallc.com\/wp-content\/uploads\/2025\/08\/71ti3cYFEwL._AC_SL1500_.jpg?fit=1122%2C1200&ssl=1&resize=350%2C200","width":350,"height":200},"classes":[]},{"id":9185,"url":"https:\/\/anythingtechnicallc.com\/index.php\/de\/product\/google-chromecast-streaming-geraet-mit-hdmi-kabel-streamen-sie-shows-musik-fotos-und-sport-von-ihrem-telefon-auf-ihren-fernseher-inklusive-tasche-und-reinigungstuch-japan-version-kompatibel\/","url_meta":{"origin":9647,"position":3},"title":"Google Chromecast &#8211; Streaming-Ger\u00e4t mit HDMI-Kabel &#8211; Streamen Sie Shows, Musik, Fotos und Sport von Ihrem Telefon auf Ihren Fernseher, inklusive Tasche und Reinigungstuch (Japan Version) &#8211; Kompatibel mit US","date":"March 19, 2026","format":false,"excerpt":"JAPANISCHE VERSION - Passt sich automatisch an die Sprache der Region des Benutzers an. Kompatibel mit US-Kunden Erweitern Sie Ihr Home-Entertainment-Angebot, ohne einen neuen Fernseher kaufen zu m\u00fcssen. Mit Google Chromecast k\u00f6nnen Sie Ihre Lieblingssendungen von Ihrem Telefon, Tablet oder Laptop aus streamen - eine Fernbedienung ist nicht erforderlich. Funktioniert\u2026","rel":"","context":"Similar post","img":{"alt_text":"","src":"https:\/\/i0.wp.com\/anythingtechnicallc.com\/wp-content\/uploads\/2025\/02\/71NwcH4sdYL._AC_SL1500_.jpg?fit=1200%2C999&ssl=1&resize=350%2C200","width":350,"height":200},"classes":[]},{"id":9500,"url":"https:\/\/anythingtechnicallc.com\/index.php\/de\/product\/die-erneuerte-sony-zv-1-digitalkamera-fuer-content-creators-vlogging-und-youtube-mit-flip-screen-integriertem-mikrofon-4k-hdr-video-touchscreen-display-live-video-streaming-webcam\/","url_meta":{"origin":9647,"position":4},"title":"Die erneuerte Sony ZV-1 Digitalkamera f\u00fcr Content Creators, Vlogging und YouTube mit Flip Screen, integriertem Mikrofon, 4K HDR Video, Touchscreen Display, Live Video Streaming, Webcam","date":"March 21, 2026","format":false,"excerpt":"20,1MP gestapelter, hintergrundbeleuchteter 1\" Exmor RS CMOS Sensor mit DRAM. ZEISS Vario-Sonnar T Objektiv 24-70mm1 F1.8-2.8 mit gro\u00dfer Blenden\u00f6ffnung.Bluetooth : Ja (Bluetooth Standard Ver. 4.1 (2.4 GHz Band)). Betriebstemperatur : 0 Grad C. - +40 Grad C. \/ 32 Grad F. - 104 Grad F. Schneller Hybrid-Autofokus und Echtzeit-Augen-Autofokus und\u2026","rel":"","context":"Similar post","img":{"alt_text":"","src":"https:\/\/i0.wp.com\/anythingtechnicallc.com\/wp-content\/uploads\/2025\/08\/51Zj4waDDiS._AC_SL1000_.jpg?fit=1000%2C655&ssl=1&resize=350%2C200","width":350,"height":200},"classes":[]},{"id":9497,"url":"https:\/\/anythingtechnicallc.com\/index.php\/de\/product\/dji-osmo-pocket-3-vlogging-kamera-mit-1-cmos-4k-120fps-vlog-kamera-3-achsen-stabilisierung-schnelle-fokussierung-gesichts-objektverfolgung-digitale-vlogging-kamera-fuer-youtube\/","url_meta":{"origin":9647,"position":5},"title":"DJI Osmo Pocket 3, Vlogging-Kamera mit 1&#8221; CMOS &#038; 4K\/120fps Vlog-Kamera, 3-Achsen-Stabilisierung, schnelle Fokussierung, Gesichts-\/Objektverfolgung, digitale Vlogging-Kamera f\u00fcr YouTube","date":"March 21, 2026","format":false,"excerpt":"Ob auf Reisen, bei einem Nachmittag im Park mit der Familie oder beim Vloggen Ihres t\u00e4glichen Lebens - mit dem Osmo Pocket 3 k\u00f6nnen Sie unterwegs atemberaubend fl\u00fcssige Aufnahmen machen. Bitte aktualisieren Sie die Firmware auf die neueste Version f\u00fcr ein besseres Benutzererlebnis. * Aufgrund von Kompatibilit\u00e4tsproblemen mit der Plattform\u2026","rel":"","context":"Similar post","img":{"alt_text":"","src":"https:\/\/i0.wp.com\/anythingtechnicallc.com\/wp-content\/uploads\/2025\/08\/61tukvVUMiL._AC_SL1500_.jpg?fit=476%2C1200&ssl=1&resize=350%2C200","width":350,"height":200},"classes":[]}],"pll_sync_post":[],"lang":"de","translations":{"de":9647,"en":8557},"_links":{"self":[{"href":"https:\/\/anythingtechnicallc.com\/index.php\/wp-json\/wp\/v2\/product\/9647","targetHints":{"allow":["GET"]}}],"collection":[{"href":"https:\/\/anythingtechnicallc.com\/index.php\/wp-json\/wp\/v2\/product"}],"about":[{"href":"https:\/\/anythingtechnicallc.com\/index.php\/wp-json\/wp\/v2\/types\/product"}],"replies":[{"embeddable":true,"href":"https:\/\/anythingtechnicallc.com\/index.php\/wp-json\/wp\/v2\/comments?post=9647"}],"wp:featuredmedia":[{"embeddable":true,"href":"https:\/\/anythingtechnicallc.com\/index.php\/wp-json\/wp\/v2\/media\/9646"}],"wp:attachment":[{"href":"https:\/\/anythingtechnicallc.com\/index.php\/wp-json\/wp\/v2\/media?parent=9647"}],"wp:term":[{"taxonomy":"product_brand","embeddable":true,"href":"https:\/\/anythingtechnicallc.com\/index.php\/wp-json\/wp\/v2\/product_brand?post=9647"},{"taxonomy":"product_cat","embeddable":true,"href":"https:\/\/anythingtechnicallc.com\/index.php\/wp-json\/wp\/v2\/product_cat?post=9647"},{"taxonomy":"product_tag","embeddable":true,"href":"https:\/\/anythingtechnicallc.com\/index.php\/wp-json\/wp\/v2\/product_tag?post=9647"}],"curies":[{"name":"wp","href":"https:\/\/api.w.org\/{rel}","templated":true}]}}