{"id":9656,"date":"2026-03-24T10:31:26","date_gmt":"2026-03-24T10:31:26","guid":{"rendered":"https:\/\/anythingtechnicallc.com\/?post_type=product&#038;p=9656"},"modified":"2026-03-24T10:31:26","modified_gmt":"2026-03-24T10:31:26","slug":"skullcandy-air-raid-tragbarer-bluetooth-lautsprecher-air-raid-bt-tragbarer-lautsprecher","status":"publish","type":"product","link":"https:\/\/anythingtechnicallc.com\/index.php\/de\/product\/skullcandy-air-raid-tragbarer-bluetooth-lautsprecher-air-raid-bt-tragbarer-lautsprecher\/","title":{"rendered":"Skullcandy Air Raid Tragbarer Bluetooth-Lautsprecher Air Raid BT Tragbarer Lautsprecher"},"content":{"rendered":"<ul>\n<li><b>Track-Funktionalit\u00e4t<\/b><br \/>\nWechseln Sie die Tracks direkt vom Air Raid-Ger\u00e4t aus und genie\u00dfen Sie die ultimative Funktionalit\u00e4t. Mit einem einzigen Druck auf + zusammen mit der mittleren Taste k\u00f6nnen Sie vorw\u00e4rts spulen und mit einem einzigen Druck auf &#8211; zusammen mit der mittleren Taste r\u00fcckw\u00e4rts spulen.<\/li>\n<li><b>360-Grad-Klang<\/b><br \/>\nStellen Sie den Air Raid mit den Lautsprechern nach oben auf, um einen 360-Grad-Sound zu erleben. Zwei 50-mm-Treiber liefern mit 88 dB einen intensiven Sound mit hoher Lautst\u00e4rke, ohne dass die Qualit\u00e4t darunter leidet. Mit dem Air Raid erleben Sie 360-Grad-Sound in einer ganz neuen Lautst\u00e4rke.<\/li>\n<li><b>14 Stunden Musik<\/b><br \/>\nMehr Leistung, mehr Zeit. Mit dem Air Raid k\u00f6nnen Sie bis zu 14 Stunden maximale Akkulaufzeit bei mittlerer Lautst\u00e4rke, 10 Stunden bei mittlerer bis hoher Lautst\u00e4rke und 5 Stunden bei maximaler Lautst\u00e4rke erwarten. Um die Akkulaufzeit zu \u00fcberpr\u00fcfen, dr\u00fccken Sie zweimal auf die mittlere Taste des Air Raid, um die gr\u00fcnen Akkustatus-LEDs an der Seite des Lautsprechers zu sehen.<\/li>\n<li><b>Sturzsicher<\/b><br \/>\nAuf geht&#8217;s! Der Air Raid ist mit einer Stahlfrontplatte und einer sto\u00dffesten, abnehmbaren Silikonh\u00fclle gesch\u00fctzt und wurde als unersch\u00fctterlicher Begleiter f\u00fcr abenteuerlustige Menschen entwickelt. Kratzer werden als Abzeichen des Stolzes getragen und Schlammflecken verleihen ihm Charakter. Der Air Raid wurde von Grund auf f\u00fcr den unnachgiebigen und robusten Einsatz ohne Kompromisse entwickelt.<\/li>\n<li><b>Wasserfest<\/b><br \/>\nAir Raid ist selbst gegen das h\u00e4rteste aller Elemente resistent: Fl\u00fcssigkeit. Air Raid wurde entwickelt, um sowohl starkem Regen als auch leichten Spritzern standzuhalten. Air Raid ist naturbest\u00e4ndig und erm\u00f6glicht es Ihnen, selbst den gr\u00f6\u00dften Sturm zu \u00fcberstehen. Partytauglich, Air Raid ist Ihr bierfreundlicher Lautsprecher f\u00fcr die ganze Nacht. Air Raid ist strandtauglich und macht auch bei Flut keine Anstalten. Mit der abnehmbaren H\u00fclle k\u00f6nnen Sie unerw\u00fcnschte Fl\u00fcssigkeitsspritzer abwischen.<\/li>\n<li><b>Bluetooth<\/b><br \/>\nDer Air Raid verbindet sich drahtlos mit jedem Bluetooth-f\u00e4higen Ger\u00e4t in einer Entfernung von bis zu 30 Metern ohne Interferenzen. F\u00fcr nahtlose \u00dcberg\u00e4nge zwischen den Wiedergaben verbindet Air Raid bis zu 2 Bluetooth-f\u00e4hige Ger\u00e4te gleichzeitig. Dabei ist immer nur der Ton eines Ger\u00e4ts \u00fcber den Lautsprecher zu h\u00f6ren.<\/li>\n<\/ul>\n","protected":false},"excerpt":{"rendered":"<ul>\n<li><b>Track-Funktionalit\u00e4t<\/b><br \/>\nWechseln Sie die Tracks direkt vom Air Raid-Ger\u00e4t aus und genie\u00dfen Sie die ultimative Funktionalit\u00e4t. Mit einem einzigen Druck auf + zusammen mit der mittleren Taste k\u00f6nnen Sie vorw\u00e4rts spulen und mit einem einzigen Druck auf &#8211; zusammen mit der mittleren Taste r\u00fcckw\u00e4rts spulen.<\/li>\n<li><b>360-Grad-Klang<\/b><br \/>\nStellen Sie den Air Raid mit den Lautsprechern nach oben auf, um einen 360-Grad-Sound zu erleben. Zwei 50-mm-Treiber liefern mit 88 dB einen intensiven Sound mit hoher Lautst\u00e4rke, ohne dass die Qualit\u00e4t darunter leidet. Mit dem Air Raid erleben Sie 360-Grad-Sound in einer ganz neuen Lautst\u00e4rke.<\/li>\n<li><b>14 Stunden Musik<\/b><br \/>\nMehr Leistung, mehr Zeit. Mit dem Air Raid k\u00f6nnen Sie bis zu 14 Stunden maximale Akkulaufzeit bei mittlerer Lautst\u00e4rke, 10 Stunden bei mittlerer bis hoher Lautst\u00e4rke und 5 Stunden bei maximaler Lautst\u00e4rke erwarten. Um die Akkulaufzeit zu \u00fcberpr\u00fcfen, dr\u00fccken Sie zweimal auf die mittlere Taste des Air Raid, um die gr\u00fcnen Akkustatus-LEDs an der Seite des Lautsprechers zu sehen.<\/li>\n<li><b>Sturzsicher<\/b><br \/>\nAuf geht&#8217;s! Der Air Raid ist mit einer Stahlfrontplatte und einer sto\u00dffesten, abnehmbaren Silikonh\u00fclle gesch\u00fctzt und wurde als unersch\u00fctterlicher Begleiter f\u00fcr abenteuerlustige Menschen entwickelt. Kratzer werden als Abzeichen des Stolzes getragen und Schlammflecken verleihen ihm Charakter. Der Air Raid wurde von Grund auf f\u00fcr den unnachgiebigen und robusten Einsatz ohne Kompromisse entwickelt.<\/li>\n<li><b>Wasserfest<\/b><br \/>\nAir Raid ist selbst gegen das h\u00e4rteste aller Elemente resistent: Fl\u00fcssigkeit. Air Raid wurde entwickelt, um sowohl starkem Regen als auch leichten Spritzern standzuhalten. Air Raid ist naturbest\u00e4ndig und erm\u00f6glicht es Ihnen, selbst den gr\u00f6\u00dften Sturm zu \u00fcberstehen. Partytauglich, Air Raid ist Ihr bierfreundlicher Lautsprecher f\u00fcr die ganze Nacht. Air Raid ist strandtauglich und macht auch bei Flut keine Anstalten. Mit der abnehmbaren H\u00fclle k\u00f6nnen Sie unerw\u00fcnschte Fl\u00fcssigkeitsspritzer abwischen.<\/li>\n<li><b>Bluetooth<\/b><br \/>\nDer Air Raid verbindet sich drahtlos mit jedem Bluetooth-f\u00e4higen Ger\u00e4t in einer Entfernung von bis zu 30 Metern ohne Interferenzen. F\u00fcr nahtlose \u00dcberg\u00e4nge zwischen den Wiedergaben verbindet Air Raid bis zu 2 Bluetooth-f\u00e4hige Ger\u00e4te gleichzeitig. Dabei ist immer nur der Ton eines Ger\u00e4ts \u00fcber den Lautsprecher zu h\u00f6ren.<\/li>\n<\/ul>\n","protected":false},"featured_media":9655,"comment_status":"open","ping_status":"closed","template":"","meta":{"_et_pb_use_builder":"","_et_pb_old_content":"","_et_gb_content_width":""},"product_brand":[2238],"product_cat":[1578],"product_tag":[],"class_list":{"0":"post-9656","1":"product","2":"type-product","3":"status-publish","4":"has-post-thumbnail","6":"product_brand-skullcandy","7":"product_cat-headset","9":"first","10":"instock","11":"taxable","12":"shipping-taxable","13":"purchasable","14":"product-type-simple"},"exclude_global_add_ons":[],"addons":[],"jetpack-related-posts":[{"id":9605,"url":"https:\/\/anythingtechnicallc.com\/index.php\/de\/product\/erneuert-bose-the-soundlink-revolve-der-tragbare-bluetooth-lautsprecher-mit-360-wireless-surround-sound-triple-black\/","url_meta":{"origin":9656,"position":0},"title":"Erneuert Bose The SoundLink Revolve, der tragbare Bluetooth-Lautsprecher mit 360 Wireless Surround Sound, Triple Black","date":"March 24, 2026","format":false,"excerpt":"Erleben Sie mit dem SoundLink Revolve Bluetooth-Lautsprecher einen beeindruckenden 360-Grad-Sound. Das nahtlose Aluminiumgeh\u00e4use ist langlebig und wasserfest (IPX4), so dass er sowohl f\u00fcr den Innen- als auch f\u00fcr den Au\u00dfenbereich geeignet ist. Die Bose Connects App hilft Ihnen au\u00dferdem bei der Verwaltung Ihrer Ger\u00e4te, w\u00e4hrend das konisch zulaufende zylindrische Design\u2026","rel":"","context":"Similar post","img":{"alt_text":"","src":"https:\/\/i0.wp.com\/anythingtechnicallc.com\/wp-content\/uploads\/2025\/10\/514juzcbNCL._AC_SL1000_.jpg?fit=748%2C1000&ssl=1&resize=350%2C200","width":350,"height":200},"classes":[]},{"id":9683,"url":"https:\/\/anythingtechnicallc.com\/index.php\/de\/product\/bose-quietcomfort-ultra-wireless-noise-cancelling-headphones-mit-spatial-audio-over-the-ear-kopfhoerer-mit-mikrofon-bis-zu-24-stunden-akkulaufzeit-white-smoke-renewed\/","url_meta":{"origin":9656,"position":1},"title":"Bose QuietComfort Ultra Wireless Noise Cancelling Headphones mit Spatial Audio, Over-The-Ear-Kopfh\u00f6rer mit Mikrofon, bis zu 24 Stunden Akkulaufzeit, White Smoke (Renewed)","date":"March 24, 2026","format":false,"excerpt":"LEVELED-UP LISTENING: Die Bose QuietComfort Ultra Headphones mit Spatial Audio bieten Ihnen ein immersives Erlebnis, bei dem sich Musik noch realer anf\u00fchlt; die CustomTune Technologie bietet Ihnen einen personalisierten, auf Sie zugeschnittenen Klang. GER\u00c4USCHUNTERDR\u00dcCKUNG DER WELTKLASSE: Diese Kopfh\u00f6rer mit Ger\u00e4uschunterdr\u00fcckung verf\u00fcgen \u00fcber den Quiet Mode, den Aware Mode und den\u2026","rel":"","context":"Similar post","img":{"alt_text":"","src":"https:\/\/i0.wp.com\/anythingtechnicallc.com\/wp-content\/uploads\/2026\/01\/Bose-QuietComfort-Ultra-White-Smoke.jpg?fit=1200%2C1200&ssl=1&resize=350%2C200","width":350,"height":200},"classes":[]},{"id":9717,"url":"https:\/\/anythingtechnicallc.com\/index.php\/de\/product\/bose-quietcomfort-45-bluetooth-kopfhoerer-mit-drahtloser-geraeuschunterdrueckung-triple-black-erneuert\/","url_meta":{"origin":9656,"position":2},"title":"Bose QuietComfort 45 Bluetooth Kopfh\u00f6rer mit drahtloser Ger\u00e4uschunterdr\u00fcckung &#8211; Triple Black (Erneuert)","date":"March 24, 2026","format":false,"excerpt":"Kabellose Kopfh\u00f6rer mit Ger\u00e4uschunterdr\u00fcckung - Die perfekte Balance aus Ruhe, Komfort und Klang. Bose verwendet winzige Mikrofone, um Au\u00dfenger\u00e4usche zu messen, zu vergleichen und darauf zu reagieren, indem sie sie mit entgegengesetzten Signalen ausl\u00f6schen. High-Fidelity-Audio - Die akustische TriPort-Architektur bietet Tiefe und F\u00fclle. Der f\u00fcr die Lautst\u00e4rke optimierte Active EQ\u2026","rel":"","context":"Similar post","img":{"alt_text":"","src":"https:\/\/i0.wp.com\/anythingtechnicallc.com\/wp-content\/uploads\/2026\/02\/Bose-QuietComfort-45.jpg?fit=900%2C1200&ssl=1&resize=350%2C200","width":350,"height":200},"classes":[]},{"id":9870,"url":"https:\/\/anythingtechnicallc.com\/index.php\/de\/product\/bose-soundlink-home-speaker-premium-tragbarer-und-kabelloser-bluetooth-regal-lautsprecher-bis-zu-9-stunden-akkulaufzeit-cool-grey\/","url_meta":{"origin":9656,"position":3},"title":"Bose SoundLink Home Speaker, Premium, tragbarer und kabelloser Bluetooth Regal-Lautsprecher, bis zu 9 Stunden Akkulaufzeit, Cool Grey","date":"April 8, 2026","format":false,"excerpt":"BEW\u00c4HRTE PREMIUM-AUDIO: Dieser kleine, kabellose Lautsprecher liefert einen klaren, scharfen Sound und hat genug tiefe B\u00e4sse, um jeden Raum zu f\u00fcllen. STEREO, WOHIN SIE AUCH GEHEN: Verst\u00e4rken Sie die Energie, wenn Sie zwei SoundLink Home Speakers f\u00fcr den linken und rechten Kanal koppeln. Verbinden Sie die beiden Lautsprecher einfach \u00fcber\u2026","rel":"","context":"Similar post","img":{"alt_text":"","src":"https:\/\/i0.wp.com\/anythingtechnicallc.com\/wp-content\/uploads\/2026\/03\/Bose-SoundLink-Home-Speaker.jpg?fit=1200%2C1200&ssl=1&resize=350%2C200","width":350,"height":200},"classes":[]},{"id":9858,"url":"https:\/\/anythingtechnicallc.com\/index.php\/de\/product\/shokz-openmove-offene-bluetooth-sport-kopfhoerer-kabellose-kopfhoerer-mit-knochenleitung-schweissfest-zum-laufen-und-trainieren-mit-sticker-pack-grau\/","url_meta":{"origin":9656,"position":4},"title":"SHOKZ OpenMove &#8211; Offene Bluetooth-Sport-Kopfh\u00f6rer, kabellose Kopfh\u00f6rer mit Knochenleitung, schwei\u00dffest zum Laufen und Trainieren, mit Sticker-Pack, grau","date":"April 8, 2026","format":false,"excerpt":"Offene Kopfh\u00f6rer - Erleben Sie un\u00fcbertroffenen Komfort mit unserem leichten, sicher sitzenden und ohrst\u00f6pselfreien Design f\u00fcr ganzt\u00e4giges H\u00f6ren ohne Erm\u00fcdung der Ohren. (Rebranded Version von AfterShokz OpenMove). Sicherer Sitz - Vom leichten Joggen bis zum t\u00e4glichen Pendeln - ein umlaufender Titanrahmen sorgt daf\u00fcr, dass Ihre Knochenleitungs-Kopfh\u00f6rer bei einer Reihe von\u2026","rel":"","context":"Similar post","img":{"alt_text":"","src":"https:\/\/i0.wp.com\/anythingtechnicallc.com\/wp-content\/uploads\/2026\/03\/514DHeZb-UL._AC_SL1500_.jpg?fit=1200%2C664&ssl=1&resize=350%2C200","width":350,"height":200},"classes":[]},{"id":9118,"url":"https:\/\/anythingtechnicallc.com\/index.php\/de\/product\/bose-700-noise-cancelling-bluetooth-kopfhoerer-triple-black-erneuert\/","url_meta":{"origin":9656,"position":5},"title":"Bose 700 Noise-Cancelling Bluetooth Kopfh\u00f6rer (Triple Black) (Erneuert)","date":"March 19, 2026","format":false,"excerpt":"Leistungsstarke Kopfh\u00f6rer mit Ger\u00e4uschunterdr\u00fcckung: Mit 11 Stufen aktiver Ger\u00e4uschunterdr\u00fcckung k\u00f6nnen Sie Musik, Podcasts, Videos und Anrufe ohne Ablenkung genie\u00dfen. Erstaunlicher Klang: Gestochen scharfe, klare Details. Tiefe, volle B\u00e4sse. Diese kabellosen Kopfh\u00f6rer erzeugen einen aufregenden, lebensechten Klang, der bei jeder Lautst\u00e4rke voll und ausgewogen ist. Un\u00fcbertroffene Sprachaufnahme: Ein revolution\u00e4res Mikrofonsystem passt\u2026","rel":"","context":"Similar post","img":{"alt_text":"","src":"https:\/\/i0.wp.com\/anythingtechnicallc.com\/wp-content\/uploads\/2025\/02\/51nAMlff9dL._AC_SL1000_.jpg?fit=565%2C889&ssl=1&resize=350%2C200","width":350,"height":200},"classes":[]}],"pll_sync_post":[],"lang":"de","translations":{"de":9656,"en":8636},"_links":{"self":[{"href":"https:\/\/anythingtechnicallc.com\/index.php\/wp-json\/wp\/v2\/product\/9656","targetHints":{"allow":["GET"]}}],"collection":[{"href":"https:\/\/anythingtechnicallc.com\/index.php\/wp-json\/wp\/v2\/product"}],"about":[{"href":"https:\/\/anythingtechnicallc.com\/index.php\/wp-json\/wp\/v2\/types\/product"}],"replies":[{"embeddable":true,"href":"https:\/\/anythingtechnicallc.com\/index.php\/wp-json\/wp\/v2\/comments?post=9656"}],"wp:featuredmedia":[{"embeddable":true,"href":"https:\/\/anythingtechnicallc.com\/index.php\/wp-json\/wp\/v2\/media\/9655"}],"wp:attachment":[{"href":"https:\/\/anythingtechnicallc.com\/index.php\/wp-json\/wp\/v2\/media?parent=9656"}],"wp:term":[{"taxonomy":"product_brand","embeddable":true,"href":"https:\/\/anythingtechnicallc.com\/index.php\/wp-json\/wp\/v2\/product_brand?post=9656"},{"taxonomy":"product_cat","embeddable":true,"href":"https:\/\/anythingtechnicallc.com\/index.php\/wp-json\/wp\/v2\/product_cat?post=9656"},{"taxonomy":"product_tag","embeddable":true,"href":"https:\/\/anythingtechnicallc.com\/index.php\/wp-json\/wp\/v2\/product_tag?post=9656"}],"curies":[{"name":"wp","href":"https:\/\/api.w.org\/{rel}","templated":true}]}}