{"id":9671,"date":"2026-03-24T10:38:35","date_gmt":"2026-03-24T10:38:35","guid":{"rendered":"https:\/\/anythingtechnicallc.com\/?post_type=product&#038;p=9671"},"modified":"2026-03-24T10:38:35","modified_gmt":"2026-03-24T10:38:35","slug":"refurbished-bose-ultra-open-earbuds-offene-bluetooth-ohrhoerer-mit-openaudio-fuer-mehr-aufmerksamkeit-clip-on-design-fuer-mehr-komfort-wasserfest-bis-zu-48-stunden-spielzeit-schwarz","status":"publish","type":"product","link":"https:\/\/anythingtechnicallc.com\/index.php\/de\/product\/refurbished-bose-ultra-open-earbuds-offene-bluetooth-ohrhoerer-mit-openaudio-fuer-mehr-aufmerksamkeit-clip-on-design-fuer-mehr-komfort-wasserfest-bis-zu-48-stunden-spielzeit-schwarz\/","title":{"rendered":"Refurbished Bose Ultra Open Earbuds &#8211; Offene Bluetooth-Ohrh\u00f6rer mit OpenAudio f\u00fcr mehr Aufmerksamkeit, Clip-On-Design f\u00fcr mehr Komfort, wasserfest, bis zu 48 Stunden Spielzeit, Schwarz"},"content":{"rendered":"<ul class=\"a-unordered-list a-vertical a-spacing-mini\">\n<li class=\"a-spacing-mini\"><span class=\"a-list-item\">\u00d6FFNEN SIE IHRE OHREN F\u00dcR DIE WELT: H\u00f6ren Sie alles, was um Sie herum passiert, und genie\u00dfen Sie gleichzeitig einen satten, privaten Klang. Das Design dieser offenen Ohrh\u00f6rer sagt: &#8220;Ich kann Sie immer noch h\u00f6ren&#8221;, w\u00e4hrend die OpenAudio-Technologie Ihnen einen hochwertigen, privaten Klang bietet. <\/span><\/li>\n<li class=\"a-spacing-mini\"><span class=\"a-list-item\">SEIEN SIE IN DER MUSIK, \u00dcBERALL UND JEDERZEIT: Dank des r\u00e4umlichen Bose Immersive Audio-Klangs f\u00fchlen sich diese kabellosen Ohrh\u00f6rer gut an, sehen gut aus und bringen Sie n\u00e4her an Ihre Musik heran, so dass Sie nicht nur zuh\u00f6ren, sondern in ihr drin sind. <\/span><\/li>\n<li class=\"a-spacing-mini\"><span class=\"a-list-item\">F\u00dcHLT SICH GUT AN, BLEIBT AN ORT UND STELLE: Diese Over-the-Ear-Kopfh\u00f6rer verf\u00fcgen \u00fcber ein flexibles Gelenk und einen luftig-leichten Griff. Haken Sie sie einfach sanft um die R\u00fcckseite Ihres Ohrs und Sie bleiben mit diesen bequemen Kopfh\u00f6rern auch beim Laufen offen f\u00fcr die Welt um Sie herum. <\/span><\/li>\n<li class=\"a-spacing-mini\"><span class=\"a-list-item\">WASSERBEST\u00c4NDIGKEIT MIT IPX4: Sie werden bespritzt, betropft, bespr\u00fcht. Machen Sie sich keine Sorgen. Diese schwei\u00dfresistenten offenen Kopfh\u00f6rer halten das aus. Das akustische Netz h\u00e4lt Feuchtigkeit und Schmutz ab, so dass Sie weiter h\u00f6ren k\u00f6nnen. <\/span><\/li>\n<li class=\"a-spacing-mini\"><span class=\"a-list-item\">NIEMALS EINE SCHLAGZEIT VERPASST: Bis zu 7 Stunden Spielzeit (bis zu 4 Stunden mit Immersive Audio)* und bis zu 48 Stunden Standby***, mit dem mitgelieferten Ladeetui, das bis zu 2,5 volle Ladungen Energie liefert**. USB-C-Kabel zum Aufladen des Geh\u00e4uses im Lieferumfang enthalten. <\/span><\/li>\n<li class=\"a-spacing-mini\"><span class=\"a-list-item\">NEUE VERBESSERTE BLUETOOTH-ANSCHLUSSF\u00c4HIGKEIT: Bluetooth-Multipoint bietet nahtlosen, ununterbrochenen Musikgenuss. Wechseln Sie m\u00fchelos zwischen Ihrem Telefon, Ihrem Laptop und anderen Ger\u00e4ten &#8211; ohne einen Moment zu verpassen. <\/span><\/li>\n<li class=\"a-spacing-mini\"><span class=\"a-list-item\">DR\u00dcCKEN, ABSPIELEN, GENIESSEN: Mit diesen Ohrh\u00f6rern mit Mikrofon k\u00f6nnen Sie ganz einfach zwischen dem Stereo- und dem immersiven Modus umschalten und haben so sofort die Kontrolle. Mit nur einem Tastendruck k\u00f6nnen Sie m\u00fchelos Ihre Musik steuern und Anrufe annehmen. <\/span><\/li>\n<\/ul>\n<div class=\"a-row a-expander-container a-expander-inline-container\">\n<div class=\"a-expander-content a-expander-extend-content a-expander-content-expanded\" data-expanded=\"true\">\n<ul class=\"a-unordered-list a-vertical a-spacing-none\">\n<li class=\"a-spacing-mini\"><span class=\"a-list-item\">L\u00c4SST SICH GUT MIT ANDEREN BOSE PRODUKTEN KOMBINIEREN: Dank der Bose SimpleSync Technologie k\u00f6nnen Sie Ihre kabellosen Ohrh\u00f6rer mit Bose Smart Soundbars und Lautsprechern koppeln, um ein pers\u00f6nliches TV-H\u00f6rerlebnis mit unabh\u00e4ngiger Lautst\u00e4rkeregelung zu erhalten. <\/span><\/li>\n<li class=\"a-spacing-mini\"><span class=\"a-list-item\">NEUE EINFACHERE, SCHNELLERE EINRICHTUNG: Laden Sie die Bose App herunter, um die neuesten Software-Updates zu erhalten. Stellen Sie die optimale Funktionalit\u00e4t sicher und erhalten Sie Zugang zu den neuesten Funktionen und modernster Technologie. <\/span><\/li>\n<li><div style=\"width: 720px;\" class=\"wp-video\"><video class=\"wp-video-shortcode\" id=\"video-9671-1\" width=\"720\" height=\"1280\" preload=\"metadata\" controls=\"controls\"><source type=\"video\/mp4\" src=\"https:\/\/anythingtechnicallc.com\/wp-content\/uploads\/2026\/01\/20260102_a6bf8d64921ad1f0_548508302283_381519159524860_published_mp4_264_fs_0_xianyu_taobao.mp4?_=1\" \/><a href=\"https:\/\/anythingtechnicallc.com\/wp-content\/uploads\/2026\/01\/20260102_a6bf8d64921ad1f0_548508302283_381519159524860_published_mp4_264_fs_0_xianyu_taobao.mp4\">https:\/\/anythingtechnicallc.com\/wp-content\/uploads\/2026\/01\/20260102_a6bf8d64921ad1f0_548508302283_381519159524860_published_mp4_264_fs_0_xianyu_taobao.mp4<\/a><\/video><\/div><\/li>\n<\/ul>\n<\/div>\n<\/div>\n","protected":false},"excerpt":{"rendered":"<ul class=\"a-unordered-list a-vertical a-spacing-mini\">\n<li class=\"a-spacing-mini\"><span class=\"a-list-item\">\u00d6FFNEN SIE IHRE OHREN F\u00dcR DIE WELT: H\u00f6ren Sie alles, was um Sie herum passiert, und genie\u00dfen Sie gleichzeitig einen satten, privaten Klang. Das Design dieser offenen Ohrh\u00f6rer sagt: &#8220;Ich kann Sie immer noch h\u00f6ren&#8221;, w\u00e4hrend die OpenAudio-Technologie Ihnen einen hochwertigen, privaten Klang bietet. <\/span><\/li>\n<li class=\"a-spacing-mini\"><span class=\"a-list-item\">SEIEN SIE MITTEN IN DER MUSIK, \u00dcBERALL UND JEDERZEIT: Mit dem r\u00e4umlichen Klang von Bose Immersive Audio f\u00fchlen sich diese kabellosen Ohrh\u00f6rer gut an, sehen gut aus und bringen Sie n\u00e4her an Ihre Musik heran, so dass Sie nicht nur zuh\u00f6ren, sondern mittendrin sind. <\/span><\/li>\n<li class=\"a-spacing-mini\"><span class=\"a-list-item\">F\u00dcHLT SICH GUT AN, BLEIBT AN ORT UND STELLE: Diese Over-the-Ear-Kopfh\u00f6rer verf\u00fcgen \u00fcber ein flexibles Gelenk und einen luftig-leichten Griff. Haken Sie sie einfach sanft um die R\u00fcckseite Ihres Ohrs und Sie bleiben mit diesen bequemen Kopfh\u00f6rern selbst beim Laufen offen f\u00fcr die Welt um Sie herum. <\/span><\/li>\n<li class=\"a-spacing-mini\"><span class=\"a-list-item\">WASSERBEST\u00c4NDIGKEIT MIT IPX4: Sie werden bespritzt, betropft, bespr\u00fcht. Machen Sie sich keine Sorgen. Diese schwei\u00dfresistenten offenen Kopfh\u00f6rer halten das aus. Das akustische Netz h\u00e4lt Feuchtigkeit und Schmutz ab, damit Sie weiter h\u00f6ren k\u00f6nnen. <\/span><\/li>\n<li class=\"a-spacing-mini\"><span class=\"a-list-item\">NIEMALS EINE SCHLAGZEIT VERPASST: Bis zu 7 Stunden Spielzeit (bis zu 4 Stunden mit Immersive Audio)* und bis zu 48 Stunden Standby***, mit dem mitgelieferten Ladeetui, das bis zu 2,5 volle Ladungen Energie liefert**. USB-C-Kabel zum Aufladen des Geh\u00e4uses im Lieferumfang enthalten. <\/span><\/li>\n<li class=\"a-spacing-mini\"><span class=\"a-list-item\">NEUE VERBESSERTE BLUETOOTH-ANSCHLUSSF\u00c4HIGKEIT: Bluetooth-Multipoint bietet nahtlosen, ununterbrochenen Musikgenuss. Wechseln Sie m\u00fchelos zwischen Ihrem Telefon, Ihrem Laptop und anderen Ger\u00e4ten &#8211; ohne einen Moment zu verpassen. <\/span><\/li>\n<li class=\"a-spacing-mini\"><span class=\"a-list-item\">DR\u00dcCKEN, ABSPIELEN, GENIESSEN: Mit diesen Ohrh\u00f6rern mit Mikrofon k\u00f6nnen Sie ganz einfach zwischen dem Stereo- und dem immersiven Modus umschalten und haben so sofort die Kontrolle. Mit nur einem Tastendruck k\u00f6nnen Sie m\u00fchelos Ihre Musik steuern und Anrufe annehmen. <\/span><\/li>\n<\/ul>\n<div class=\"a-row a-expander-container a-expander-inline-container\">\n<div class=\"a-expander-content a-expander-extend-content a-expander-content-expanded\" data-expanded=\"true\">\n<ul class=\"a-unordered-list a-vertical a-spacing-none\">\n<li class=\"a-spacing-mini\"><span class=\"a-list-item\">L\u00c4SST SICH GUT MIT ANDEREN BOSE PRODUKTEN KOMBINIEREN: Dank der Bose SimpleSync Technologie k\u00f6nnen Sie Ihre kabellosen Ohrh\u00f6rer mit Bose Smart Soundbars und Lautsprechern koppeln, um ein pers\u00f6nliches TV-H\u00f6rerlebnis mit unabh\u00e4ngiger Lautst\u00e4rkeregelung zu erhalten. <\/span><\/li>\n<li class=\"a-spacing-mini\"><span class=\"a-list-item\">NEUE EINFACHERE, SCHNELLERE EINRICHTUNG: Laden Sie die Bose App herunter, um die neuesten Software-Updates zu erhalten. Stellen Sie die optimale Funktionalit\u00e4t sicher und erhalten Sie Zugang zu den neuesten Funktionen und modernster Technologie. <\/span><\/li>\n<\/ul>\n<\/div>\n<\/div>\n","protected":false},"featured_media":9670,"comment_status":"open","ping_status":"closed","template":"","meta":{"_et_pb_use_builder":"","_et_pb_old_content":"","_et_gb_content_width":""},"product_brand":[],"product_cat":[1578],"product_tag":[],"class_list":{"0":"post-9671","1":"product","2":"type-product","3":"status-publish","4":"has-post-thumbnail","6":"product_cat-headset","8":"first","9":"instock","10":"sale","11":"taxable","12":"shipping-taxable","13":"purchasable","14":"product-type-simple"},"exclude_global_add_ons":[],"addons":[],"jetpack-related-posts":[{"id":9916,"url":"https:\/\/anythingtechnicallc.com\/index.php\/de\/product\/bose-quietcomfort-noise-cancelling-earbuds-bluetooth-wireless-earphones-triple-black-erneuert\/","url_meta":{"origin":9671,"position":0},"title":"Bose QuietComfort Noise Cancelling Earbuds-Bluetooth Wireless Earphones, Triple Black (Erneuert)","date":"April 15, 2026","format":false,"excerpt":"Besserer Klang beginnt mit besserer Stille. Deshalb hat Bose die QuietComfort Earbuds mit der effektivsten Ger\u00e4uschunterdr\u00fcckung der Welt und High-Fidelity-Audio entwickelt. Denn wenn Sie Ablenkungen ausschalten, steigt die Musik und damit auch die Leidenschaft. Backen. Programmieren. Klettern. Und alles andere, was Sie ausmacht - Sie selbst. Unsere steuerbare Ger\u00e4uschunterdr\u00fcckung erm\u00f6glicht\u2026","rel":"","context":"Similar post","img":{"alt_text":"","src":"https:\/\/i0.wp.com\/anythingtechnicallc.com\/wp-content\/uploads\/2026\/04\/Bose-QuietComfort-Noise-Cancelling-Earbuds-Bluetooth-Wireless-Earphones-Triple-Black-Renewed.jpg?fit=900%2C1200&ssl=1&resize=350%2C200","width":350,"height":200},"classes":[]},{"id":9677,"url":"https:\/\/anythingtechnicallc.com\/index.php\/de\/product\/bose-quietcomfort-earbuds-ii-drahtlos-bluetooth-weltbeste-in-ear-kopfhoerer-mit-personalisierter-geraeuschunterdrueckung-sound-triple-black-erneuert\/","url_meta":{"origin":9671,"position":1},"title":"Bose QuietComfort Earbuds II, drahtlos, Bluetooth, weltbeste In-Ear-Kopfh\u00f6rer mit personalisierter Ger\u00e4uschunterdr\u00fcckung &#038; Sound, Triple Black (Erneuert)","date":"March 24, 2026","format":false,"excerpt":"QUIETCOMFORT EARBUDS II: Diese neuen kabellosen Bluetooth-Ohrh\u00f6rer mit Ger\u00e4uschunterdr\u00fcckung von BOSE wurden nicht nach einem Einheitsschema entwickelt. Diese kabellosen Ohrh\u00f6rer der n\u00e4chsten Generation sind so konzipiert, dass sie zu Ihnen passen. Sie passen die Ger\u00e4uschunterdr\u00fcckung und die Klangleistung intelligent an, damit Sie ungest\u00f6rt und mitrei\u00dfend h\u00f6ren k\u00f6nnen, wo immer Sie\u2026","rel":"","context":"Similar post","img":{"alt_text":"","src":"https:\/\/i0.wp.com\/anythingtechnicallc.com\/wp-content\/uploads\/2026\/01\/Bose-QuietComfort-Earbuds-II-Black.jpg?fit=1200%2C1200&ssl=1&resize=350%2C200","width":350,"height":200},"classes":[]},{"id":9602,"url":"https:\/\/anythingtechnicallc.com\/index.php\/de\/product\/bose-quietcomfort-earbuds-ii-drahtlos-bluetooth-die-weltbesten-in-ear-kopfhoerer-mit-personalisierter-geraeuschunterdrueckung-sound-speckstein-erneuert\/","url_meta":{"origin":9671,"position":2},"title":"Bose QuietComfort Earbuds II, drahtlos, Bluetooth, die weltbesten In-Ear-Kopfh\u00f6rer mit personalisierter Ger\u00e4uschunterdr\u00fcckung &#038; Sound, Speckstein (erneuert)","date":"March 24, 2026","format":false,"excerpt":"QUIETCOMFORT EARBUDS II: Diese neuen kabellosen Bluetooth-Ohrh\u00f6rer mit Ger\u00e4uschunterdr\u00fcckung von Bose wurden nicht nach einem Einheitsschema entwickelt. Diese kabellosen Ohrh\u00f6rer der n\u00e4chsten Generation sind so konzipiert, dass sie zu Ihnen passen. Sie passen die Ger\u00e4uschunterdr\u00fcckung und die Klangleistung intelligent an, damit Sie ungest\u00f6rt und mitrei\u00dfend h\u00f6ren k\u00f6nnen, wo immer Sie\u2026","rel":"","context":"Similar post","img":{"alt_text":"","src":"https:\/\/i0.wp.com\/anythingtechnicallc.com\/wp-content\/uploads\/2025\/10\/41EDZfsEA4L._AC_SL1500_.jpg?fit=1026%2C1129&ssl=1&resize=350%2C200","width":350,"height":200},"classes":[]},{"id":9720,"url":"https:\/\/anythingtechnicallc.com\/index.php\/de\/product\/erneuerte-bose-ultra-open-earbuds-mit-immersive-audio-linkes-rechtes-ohr-schwarz\/","url_meta":{"origin":9671,"position":3},"title":"Erneuerte Bose Ultra Open Earbuds mit Immersive Audio, linkes \/ rechtes Ohr Schwarz","date":"March 24, 2026","format":false,"excerpt":"Einzelner Ersatz-Ohrh\u00f6rer (links oder rechts w\u00e4hlbar) Stellen Sie Ihr H\u00f6rerlebnis mit diesem erneuerten Bose Ultra Open Earbud wieder her, der als perfekter Ersatz f\u00fcr ein verlorenes oder besch\u00e4digtes Ger\u00e4t entwickelt wurde. Ausgestattet mit der fortschrittlichen Immersive Audio Technologie von Bose liefern diese offenen Ohrh\u00f6rer einen satten, r\u00e4umlichen Klang, ohne dass\u2026","rel":"","context":"Similar post","img":{"alt_text":"","src":"https:\/\/i0.wp.com\/anythingtechnicallc.com\/wp-content\/uploads\/2026\/02\/Bose-Ultra-Open-One-Ear.jpg?fit=900%2C1200&ssl=1&resize=350%2C200","width":350,"height":200},"classes":[]},{"id":9970,"url":"https:\/\/anythingtechnicallc.com\/index.php\/de\/product\/bose-quietcomfort-noise-cancelling-earbuds-bluetooth-wireless-earphones-triple-black-erneuert-2\/","url_meta":{"origin":9671,"position":4},"title":"Bose QuietComfort Noise Cancelling Earbuds-Bluetooth Wireless Earphones, Triple Black (Erneuert)","date":"April 16, 2026","format":false,"excerpt":"Ohrh\u00f6rer mit Ger\u00e4uschunterdr\u00fcckung - Entwickelt mit der effektivsten Ger\u00e4uschunterdr\u00fcckung der Welt. Die steuerbare Ger\u00e4uschunterdr\u00fcckung von Bose und der vollst\u00e4ndige Transparenzmodus erm\u00f6glichen es Ihnen, Ablenkungen zu eliminieren, Ihre Umgebung hereinzulassen oder ein bisschen von allem. High-Fidelity-Audio - Eine exklusive akustische Architektur erweckt Ihre Musik, Podcasts und Videos zum Leben, w\u00e4hrend der\u2026","rel":"","context":"Similar post","img":{"alt_text":"","src":"https:\/\/i0.wp.com\/anythingtechnicallc.com\/wp-content\/uploads\/2026\/03\/Bose-QuietComfort-Earbuds.jpg?fit=1200%2C900&ssl=1&resize=350%2C200","width":350,"height":200},"classes":[]},{"id":9864,"url":"https:\/\/anythingtechnicallc.com\/index.php\/de\/product\/gebrauchte-bose-quietcomfort-25-akustische-geraeuschunterdrueckung-kopfhoerer-verkabelt-schwarz\/","url_meta":{"origin":9671,"position":5},"title":"Gebrauchte Bose QuietComfort 25 Akustische Ger\u00e4uschunterdr\u00fcckung Kopfh\u00f6rer (verkabelt, Schwarz)","date":"April 8, 2026","format":false,"excerpt":"Die QuietComfort 25 Acoustic Noise Cancelling Kopfh\u00f6rer sind die leistungsst\u00e4rksten Around-Ear-Kopfh\u00f6rer von Bose. Sie bieten Ihnen einen klaren, kraftvollen Klang und eine Ruhe, mit der Sie Ihre Musik besser h\u00f6ren k\u00f6nnen. Bose entwickelt seine branchenf\u00fchrenden Kopfh\u00f6rer mit der neuesten Bose Active EQ- und TriPort-Technologie weiter und sorgt so f\u00fcr einen\u2026","rel":"","context":"Similar post","img":{"alt_text":"","src":"https:\/\/i0.wp.com\/anythingtechnicallc.com\/wp-content\/uploads\/2026\/03\/Bose-QuietComfort-25.jpg?fit=900%2C1200&ssl=1&resize=350%2C200","width":350,"height":200},"classes":[]}],"pll_sync_post":[],"lang":"de","translations":{"de":9671,"en":8651},"_links":{"self":[{"href":"https:\/\/anythingtechnicallc.com\/index.php\/wp-json\/wp\/v2\/product\/9671","targetHints":{"allow":["GET"]}}],"collection":[{"href":"https:\/\/anythingtechnicallc.com\/index.php\/wp-json\/wp\/v2\/product"}],"about":[{"href":"https:\/\/anythingtechnicallc.com\/index.php\/wp-json\/wp\/v2\/types\/product"}],"replies":[{"embeddable":true,"href":"https:\/\/anythingtechnicallc.com\/index.php\/wp-json\/wp\/v2\/comments?post=9671"}],"wp:featuredmedia":[{"embeddable":true,"href":"https:\/\/anythingtechnicallc.com\/index.php\/wp-json\/wp\/v2\/media\/9670"}],"wp:attachment":[{"href":"https:\/\/anythingtechnicallc.com\/index.php\/wp-json\/wp\/v2\/media?parent=9671"}],"wp:term":[{"taxonomy":"product_brand","embeddable":true,"href":"https:\/\/anythingtechnicallc.com\/index.php\/wp-json\/wp\/v2\/product_brand?post=9671"},{"taxonomy":"product_cat","embeddable":true,"href":"https:\/\/anythingtechnicallc.com\/index.php\/wp-json\/wp\/v2\/product_cat?post=9671"},{"taxonomy":"product_tag","embeddable":true,"href":"https:\/\/anythingtechnicallc.com\/index.php\/wp-json\/wp\/v2\/product_tag?post=9671"}],"curies":[{"name":"wp","href":"https:\/\/api.w.org\/{rel}","templated":true}]}}