{"id":9674,"date":"2026-03-24T10:39:41","date_gmt":"2026-03-24T10:39:41","guid":{"rendered":"https:\/\/anythingtechnicallc.com\/?post_type=product&#038;p=9674"},"modified":"2026-03-24T10:39:41","modified_gmt":"2026-03-24T10:39:41","slug":"bose-noise-cancelling-wireless-bluetooth-kopfhoerer-700-mit-alexa-sprachsteuerung-silber-erneuert","status":"publish","type":"product","link":"https:\/\/anythingtechnicallc.com\/index.php\/de\/product\/bose-noise-cancelling-wireless-bluetooth-kopfhoerer-700-mit-alexa-sprachsteuerung-silber-erneuert\/","title":{"rendered":"Bose Noise Cancelling Wireless Bluetooth Kopfh\u00f6rer 700, mit Alexa Sprachsteuerung, Silber (erneuert)"},"content":{"rendered":"<ul class=\"a-unordered-list a-vertical a-spacing-mini\">\n<li class=\"a-spacing-mini\"><span class=\"a-list-item\">Behalten Sie Ihr Telefon in der Tasche und den Kopf frei f\u00fcr die Welt mit einfachem Zugang zu Sprachassistenten f\u00fcr Musik, Navigation, Wetter und mehr.<\/span><\/li>\n<li class=\"a-spacing-mini\"><span class=\"a-list-item\">Dank des einzigartigen adaptiven Vier-Mikrofon-Systems, das Ihre Stimme von Umgebungsger\u00e4uschen isoliert, k\u00f6nnen Sie in jeder Umgebung selbstbewusst einen Anruf entgegennehmen oder mit Alexa sprechen.<\/span><\/li>\n<li class=\"a-spacing-mini\"><span class=\"a-list-item\">Passen Sie Ihre Umgebung mit 11 Stufen der Ger\u00e4uschunterdr\u00fcckung an &#8211; kontrollieren Sie Ablenkungen oder lassen Sie Umgebungsger\u00e4usche herein.<\/span><\/li>\n<li class=\"a-spacing-mini\"><span class=\"a-list-item\">Greifen Sie mit einem Tastendruck auf Alexa zu, oder verwenden Sie das Weckwort.<\/span><\/li>\n<li class=\"a-spacing-mini\"><span class=\"a-list-item\">Optimiert f\u00fcr den Google Assistant. Erreichen Sie Ihren Sprachassistenten mit einem einfachen Tastendruck.<\/span><\/li>\n<\/ul>\n","protected":false},"excerpt":{"rendered":"<ul class=\"a-unordered-list a-vertical a-spacing-mini\">\n<li class=\"a-spacing-mini\"><span class=\"a-list-item\">Behalten Sie Ihr Telefon in der Tasche und den Kopf frei f\u00fcr die Welt mit einfachem Zugang zu Sprachassistenten f\u00fcr Musik, Navigation, Wetter und mehr.<\/span><\/li>\n<li class=\"a-spacing-mini\"><span class=\"a-list-item\">Dank des einzigartigen adaptiven Vier-Mikrofon-Systems, das Ihre Stimme von Umgebungsger\u00e4uschen isoliert, k\u00f6nnen Sie in jeder Umgebung selbstbewusst einen Anruf entgegennehmen oder mit Alexa sprechen.<\/span><\/li>\n<li class=\"a-spacing-mini\"><span class=\"a-list-item\">Passen Sie Ihre Umgebung mit 11 Stufen der Ger\u00e4uschunterdr\u00fcckung an &#8211; kontrollieren Sie Ablenkungen oder lassen Sie Umgebungsger\u00e4usche herein.<\/span><\/li>\n<li class=\"a-spacing-mini\"><span class=\"a-list-item\">Greifen Sie mit einem Tastendruck auf Alexa zu, oder verwenden Sie das Weckwort.<\/span><\/li>\n<li class=\"a-spacing-mini\"><span class=\"a-list-item\">Optimiert f\u00fcr den Google Assistant. Erreichen Sie Ihren Sprachassistenten mit einem einfachen Tastendruck.<\/span><\/li>\n<\/ul>\n","protected":false},"featured_media":9673,"comment_status":"open","ping_status":"closed","template":"","meta":{"_et_pb_use_builder":"","_et_pb_old_content":"","_et_gb_content_width":""},"product_brand":[],"product_cat":[1578],"product_tag":[],"class_list":{"0":"post-9674","1":"product","2":"type-product","3":"status-publish","4":"has-post-thumbnail","6":"product_cat-headset","8":"first","9":"instock","10":"sale","11":"taxable","12":"shipping-taxable","13":"purchasable","14":"product-type-simple"},"exclude_global_add_ons":[],"addons":[],"jetpack-related-posts":[{"id":9118,"url":"https:\/\/anythingtechnicallc.com\/index.php\/de\/product\/bose-700-noise-cancelling-bluetooth-kopfhoerer-triple-black-erneuert\/","url_meta":{"origin":9674,"position":0},"title":"Bose 700 Noise-Cancelling Bluetooth Kopfh\u00f6rer (Triple Black) (Erneuert)","date":"March 19, 2026","format":false,"excerpt":"Leistungsstarke Kopfh\u00f6rer mit Ger\u00e4uschunterdr\u00fcckung: Mit 11 Stufen aktiver Ger\u00e4uschunterdr\u00fcckung k\u00f6nnen Sie Musik, Podcasts, Videos und Anrufe ohne Ablenkung genie\u00dfen. Erstaunlicher Klang: Gestochen scharfe, klare Details. Tiefe, volle B\u00e4sse. Diese kabellosen Kopfh\u00f6rer erzeugen einen aufregenden, lebensechten Klang, der bei jeder Lautst\u00e4rke voll und ausgewogen ist. Un\u00fcbertroffene Sprachaufnahme: Ein revolution\u00e4res Mikrofonsystem passt\u2026","rel":"","context":"Similar post","img":{"alt_text":"","src":"https:\/\/i0.wp.com\/anythingtechnicallc.com\/wp-content\/uploads\/2025\/02\/51nAMlff9dL._AC_SL1000_.jpg?fit=565%2C889&ssl=1&resize=350%2C200","width":350,"height":200},"classes":[]},{"id":8967,"url":"https:\/\/anythingtechnicallc.com\/index.php\/de\/product\/jbl-live-660nc-kabelloser-over-ear-kopfhoerer-mit-geraeuschunterdrueckung-ausdauerndem-akku-und-sprachassistent-schwarz-medium\/","url_meta":{"origin":9674,"position":1},"title":"JBL Live 660NC &#8211; Kabelloser Over-Ear-Kopfh\u00f6rer mit Ger\u00e4uschunterdr\u00fcckung, ausdauerndem Akku und Sprachassistent &#8211; Schwarz, Medium","date":"March 18, 2026","format":false,"excerpt":"Der kabellose Kopfh\u00f6rer JBL Live 660NC verf\u00fcgt \u00fcber 40-mm-Treiber und eine Klangsignatur, die in den ber\u00fchmtesten Veranstaltungsorten auf der ganzen Welt zu finden ist. Halten Sie den L\u00e4rm fern und konzentrieren Sie sich auf die Musik mit der adaptiven Ger\u00e4uschunterdr\u00fcckung dieser Bluetooth-Kopfh\u00f6rer. Die Ambient Aware Technologie erm\u00f6glicht es Ihnen, sicher\u2026","rel":"","context":"Similar post","img":{"alt_text":"","src":"https:\/\/i0.wp.com\/anythingtechnicallc.com\/wp-content\/uploads\/2024\/09\/61cjF3Y4pwL._AC_SL1500_.jpg?fit=981%2C1164&ssl=1&resize=350%2C200","width":350,"height":200},"classes":[]},{"id":9294,"url":"https:\/\/anythingtechnicallc.com\/index.php\/de\/product\/erneuerte-bose-frames-alto-audio-sonnenbrille-mit-offenen-kopfhoerern-schwarz-mit-bluetooth-konnektivitaet\/","url_meta":{"origin":9674,"position":2},"title":"Erneuerte Bose Frames Alto &#8211; Audio-Sonnenbrille mit offenen Kopfh\u00f6rern, Schwarz, mit Bluetooth-Konnektivit\u00e4t","date":"March 19, 2026","format":false,"excerpt":"Sonnenbrillen mit eingebauten Bose-Lautsprechern, die f\u00fcr Sie einen satten, beeindruckenden Klang erzeugen, w\u00e4hrend andere praktisch nichts h\u00f6ren. Dank der offenen Ohrmuscheln k\u00f6nnen Sie Ihre Umgebung wahrnehmen, w\u00e4hrend Sie Ihre Musik genie\u00dfen. Bose Frames Alto hat eine klassische eckige Form und beeindruckende Gl\u00e4ser in 2 Gr\u00f6\u00dfen. Bose Frames S\/M Scheibenbreite: 53\u2026","rel":"","context":"Similar post","img":{"alt_text":"","src":"https:\/\/i0.wp.com\/anythingtechnicallc.com\/wp-content\/uploads\/2025\/06\/51V3DcEmmL._AC_SX679_.jpg?fit=679%2C351&ssl=1&resize=350%2C200","width":350,"height":200},"classes":[]},{"id":9671,"url":"https:\/\/anythingtechnicallc.com\/index.php\/de\/product\/refurbished-bose-ultra-open-earbuds-offene-bluetooth-ohrhoerer-mit-openaudio-fuer-mehr-aufmerksamkeit-clip-on-design-fuer-mehr-komfort-wasserfest-bis-zu-48-stunden-spielzeit-schwarz\/","url_meta":{"origin":9674,"position":3},"title":"Refurbished Bose Ultra Open Earbuds &#8211; Offene Bluetooth-Ohrh\u00f6rer mit OpenAudio f\u00fcr mehr Aufmerksamkeit, Clip-On-Design f\u00fcr mehr Komfort, wasserfest, bis zu 48 Stunden Spielzeit, Schwarz","date":"March 24, 2026","format":false,"excerpt":"\u00d6FFNEN SIE IHRE OHREN F\u00dcR DIE WELT: H\u00f6ren Sie alles, was um Sie herum passiert, und genie\u00dfen Sie gleichzeitig einen satten, privaten Klang. Das Design dieser offenen Ohrh\u00f6rer sagt: \"Ich kann Sie immer noch h\u00f6ren\", w\u00e4hrend die OpenAudio-Technologie Ihnen einen hochwertigen, privaten Klang bietet. SEIEN SIE MITTEN IN DER MUSIK,\u2026","rel":"","context":"Similar post","img":{"alt_text":"","src":"https:\/\/i0.wp.com\/anythingtechnicallc.com\/wp-content\/uploads\/2026\/01\/Bose-Ultra-Open-Earbuds-Black.jpg?fit=900%2C1200&ssl=1&resize=350%2C200","width":350,"height":200},"classes":[]},{"id":8953,"url":"https:\/\/anythingtechnicallc.com\/index.php\/de\/product\/skullcandy-push-active-in-ear-wireless-earbuds-43-std-akku-skull-iq-alexa-faehig-mikrofon-funktioniert-mit-iphone-android-und-bluetooth-geraeten-true-black-orange\/","url_meta":{"origin":9674,"position":4},"title":"Skullcandy Push Active In-Ear Wireless Earbuds, 43 Std. Akku, Skull-iQ, Alexa-f\u00e4hig, Mikrofon, funktioniert mit iPhone, Android und Bluetooth-Ger\u00e4ten &#8211; True Black\/Orange","date":"March 18, 2026","format":false,"excerpt":"Skull-iQ Smart Feature Technology - Aktivieren Sie die freih\u00e4ndige Sprachsteuerung oder andere Sprachassistenten wie Alexa, indem Sie die Skull-iQ App herunterladen. Sorglos kabellos - Wir haben die Tile Finding Technologie eingebaut, damit Sie die Ohrh\u00f6rer leicht wiederfinden, wenn Sie sie einmal verlegt haben. Laden Sie einfach die Tile App herunter\u2026","rel":"","context":"Similar post","img":{"alt_text":"","src":"https:\/\/i0.wp.com\/anythingtechnicallc.com\/wp-content\/uploads\/2024\/09\/717CyBc08DL._AC_SL1500_.jpg?fit=1128%2C1200&ssl=1&resize=350%2C200","width":350,"height":200},"classes":[]},{"id":9191,"url":"https:\/\/anythingtechnicallc.com\/index.php\/de\/product\/bose-home-speaker-500-intelligenter-bluetooth-lautsprecher-mit-integrierter-alexa-sprachsteuerung-schwarz-erneuert\/","url_meta":{"origin":9674,"position":5},"title":"Bose Home Speaker 500: Intelligenter Bluetooth-Lautsprecher mit integrierter Alexa-Sprachsteuerung, Schwarz (erneuert)","date":"March 19, 2026","format":false,"excerpt":"SOUND PERFORMANCE: F\u00fcllen Sie jeden Raum mit beeindruckendem Stereosound von Wand zu Wand aus einem einzigen Lautsprecher. BUILT-IN-ALEXA: Amazon Alexa und Google Assistant sind in diesen intelligenten Lautsprecher integriert und erm\u00f6glichen eine freih\u00e4ndige Sprachsteuerung. Und ein ger\u00e4uschunterdr\u00fcckendes Mikrofonsystem lauscht in alle Richtungen auf Ihre Stimme. KONNEKTIVIT\u00c4T: Koppeln Sie Ihr Ger\u00e4t\u2026","rel":"","context":"Similar post","img":{"alt_text":"","src":"https:\/\/i0.wp.com\/anythingtechnicallc.com\/wp-content\/uploads\/2025\/02\/A1xlwUXvbCL._AC_SL1500_.jpg?fit=983%2C1200&ssl=1&resize=350%2C200","width":350,"height":200},"classes":[]}],"pll_sync_post":[],"lang":"de","translations":{"de":9674,"en":8665},"_links":{"self":[{"href":"https:\/\/anythingtechnicallc.com\/index.php\/wp-json\/wp\/v2\/product\/9674","targetHints":{"allow":["GET"]}}],"collection":[{"href":"https:\/\/anythingtechnicallc.com\/index.php\/wp-json\/wp\/v2\/product"}],"about":[{"href":"https:\/\/anythingtechnicallc.com\/index.php\/wp-json\/wp\/v2\/types\/product"}],"replies":[{"embeddable":true,"href":"https:\/\/anythingtechnicallc.com\/index.php\/wp-json\/wp\/v2\/comments?post=9674"}],"wp:featuredmedia":[{"embeddable":true,"href":"https:\/\/anythingtechnicallc.com\/index.php\/wp-json\/wp\/v2\/media\/9673"}],"wp:attachment":[{"href":"https:\/\/anythingtechnicallc.com\/index.php\/wp-json\/wp\/v2\/media?parent=9674"}],"wp:term":[{"taxonomy":"product_brand","embeddable":true,"href":"https:\/\/anythingtechnicallc.com\/index.php\/wp-json\/wp\/v2\/product_brand?post=9674"},{"taxonomy":"product_cat","embeddable":true,"href":"https:\/\/anythingtechnicallc.com\/index.php\/wp-json\/wp\/v2\/product_cat?post=9674"},{"taxonomy":"product_tag","embeddable":true,"href":"https:\/\/anythingtechnicallc.com\/index.php\/wp-json\/wp\/v2\/product_tag?post=9674"}],"curies":[{"name":"wp","href":"https:\/\/api.w.org\/{rel}","templated":true}]}}