{"id":9886,"date":"2026-04-15T06:45:43","date_gmt":"2026-04-15T06:45:43","guid":{"rendered":"https:\/\/anythingtechnicallc.com\/?post_type=product&#038;p=9886"},"modified":"2026-04-15T06:45:43","modified_gmt":"2026-04-15T06:45:43","slug":"sony-ecm-vg1-short-shotgun-mikrofon-gebraucht-wie-neu","status":"publish","type":"product","link":"https:\/\/anythingtechnicallc.com\/index.php\/de\/product\/sony-ecm-vg1-short-shotgun-mikrofon-gebraucht-wie-neu\/","title":{"rendered":"Sony ECM-VG1 Short Shotgun Mikrofon Gebraucht Wie Neu"},"content":{"rendered":"<p>Mit seinem ultraleichten Geh\u00e4use und dem weichen Klang bietet das Richtrohrmikrofon <b>ECM-VG1 von Sony<\/b> ein starkes, sauberes Ausgangssignal f\u00fcr Event-Videodrehs, Indie-Filmproduktionen, Fernseh- und Dokumentarfilme, Gerichtsverhandlungen und vieles mehr. Mit einem Gewicht von nur 2,3 Unzen kann es auf einem Camcorder platziert oder an einer Galgenstange befestigt werden, ohne dass das Gewicht der Ausr\u00fcstung darunter leidet.<\/p>\n<p>Das ECM-VG1 verf\u00fcgt \u00fcber eine Supernieren-Richtcharakteristik f\u00fcr eine hervorragende Richtwirkung und minimales Rauschen in den au\u00dfermittigen Bereichen der Kapsel, so dass die Stimme auch in lauten Umgebungen gut zu verstehen ist. Der breite, flache Frequenzgang des Mikrofons sorgt f\u00fcr eine nat\u00fcrliche, pr\u00e4zise Signalwiedergabe mit klaren Details und minimaler Verf\u00e4rbung.<\/p>\n<p>Das ECM-VG1 wird mit einer Phantomspeisung von 40 bis 52 VDC betrieben und ist somit mit einer Vielzahl von professionellen Camcordern, Mehrspur-Fieldrecordern und tragbaren Audiorecordern kompatibel. Der mitgelieferte pelzbesetzte Windschutz reduziert Windger\u00e4usche um bis zu 20 dB und sorgt so f\u00fcr hochwertige Audioaufnahmen im Freien. Im Lieferumfang enthalten sind au\u00dferdem Mikrofonabstandshalter und ein Mikrofonhalter f\u00fcr die Montage an der Kamera oder am Stativ bzw. an der Stange.<\/p>\n","protected":false},"excerpt":{"rendered":"<p>Mit seinem ultraleichten Geh\u00e4use und dem weichen Klang bietet das Richtrohrmikrofon <b>ECM-VG1 von Sony<\/b> ein starkes, sauberes Ausgangssignal f\u00fcr Event-Videodrehs, Indie-Filmproduktionen, Fernseh- und Dokumentarfilme, Gerichtsverhandlungen und vieles mehr. Mit einem Gewicht von nur 2,3 Unzen kann es auf einem Camcorder platziert oder an einer Galgenstange befestigt werden, ohne dass das Gewicht der Ausr\u00fcstung darunter leidet.<\/p>\n<p>Das ECM-VG1 verf\u00fcgt \u00fcber eine Supernieren-Richtcharakteristik f\u00fcr eine hervorragende Richtwirkung und minimales Rauschen in den au\u00dfermittigen Bereichen der Kapsel, so dass die Stimme auch in lauten Umgebungen gut zu verstehen ist. Der breite, flache Frequenzgang des Mikrofons sorgt f\u00fcr eine nat\u00fcrliche, pr\u00e4zise Signalwiedergabe mit klaren Details und minimaler Verf\u00e4rbung.<\/p>\n<p>Das ECM-VG1 wird mit einer Phantomspeisung von 40 bis 52 VDC betrieben und ist somit mit einer Vielzahl von professionellen Camcordern, Mehrspur-Fieldrecordern und tragbaren Audiorecordern kompatibel. Der mitgelieferte pelzbesetzte Windschutz reduziert Windger\u00e4usche um bis zu 20 dB und sorgt so f\u00fcr hochwertige Audioaufnahmen im Freien. Im Lieferumfang enthalten sind au\u00dferdem Mikrofonabstandshalter und ein Mikrofonhalter f\u00fcr die Montage an der Kamera oder am Stativ bzw. an der Stange.<\/p>\n","protected":false},"featured_media":9885,"comment_status":"open","ping_status":"closed","template":"","meta":{"_et_pb_use_builder":"","_et_pb_old_content":"","_et_gb_content_width":""},"product_brand":[],"product_cat":[1578],"product_tag":[],"class_list":{"0":"post-9886","1":"product","2":"type-product","3":"status-publish","4":"has-post-thumbnail","6":"product_cat-headset","8":"first","9":"instock","10":"sale","11":"taxable","12":"shipping-taxable","13":"purchasable","14":"product-type-simple"},"exclude_global_add_ons":[],"addons":[],"jetpack-related-posts":[{"id":9883,"url":"https:\/\/anythingtechnicallc.com\/index.php\/de\/product\/gebrauchte-sony-utx-b2-uhf-sender-urx-p2-uhf-diversity-tuner-mikrofon-mikrofon\/","url_meta":{"origin":9886,"position":0},"title":"Gebrauchte Sony UTX-B2 UHF Sender &#038; URX-P2 UHF Diversity Tuner Mikrofon \/ Mikrofon","date":"April 15, 2026","format":false,"excerpt":"Der Sony UTX-B2 ist ein drahtloser Taschensender f\u00fcr das drahtlose Mikrofonsystem der UWP-Serie. Sie haben die Wahl zwischen einer Ausgangsleistung von 5 mW, die f\u00fcr den gleichzeitigen Mehrkanalbetrieb geeignet ist, und einer Ausgangsleistung von 30 mW f\u00fcr die \u00dcbertragung \u00fcber gro\u00dfe Entfernungen. Der Sender verf\u00fcgt \u00fcber einen w\u00e4hlbaren HF-Ausgangspegel, der\u2026","rel":"","context":"Similar post","img":{"alt_text":"","src":"https:\/\/i0.wp.com\/anythingtechnicallc.com\/wp-content\/uploads\/2026\/03\/Sony-UTX-B2-UHF-Transmitter-URX-P2-UHF.jpg?fit=900%2C1200&ssl=1&resize=350%2C200","width":350,"height":200},"classes":[]},{"id":9362,"url":"https:\/\/anythingtechnicallc.com\/index.php\/de\/product\/sony-mdr-m1-professioneller-geschlossener-referenz-monitor-kopfhoerer-grosspackung\/","url_meta":{"origin":9886,"position":1},"title":"Sony MDR-M1 Professioneller geschlossener Referenz-Monitor-Kopfh\u00f6rer &#8211; Gro\u00dfpackung","date":"March 19, 2026","format":false,"excerpt":"STUDIO SOUND, UNLEASHED: Ultra-Breitband-Wiedergabe und eine geschlossene akustische Struktur mit hoher Schallisolierung erm\u00f6glichen ein detailliertes und pr\u00e4zises Monitoring f\u00fcr eine breite Palette von Audioproduktions-Workflows. ULTRA-BREITBAND-WIEDERGABE: Die einzigartig konzipierte Treibereinheit sorgt f\u00fcr ein Gleichgewicht zwischen geringer Verzerrung und der Wiedergabe von tiefen bis hohen Frequenzen f\u00fcr eine Ultra-Breitband-Wiedergabe und eine pr\u00e4zise\u2026","rel":"","context":"Similar post","img":{"alt_text":"","src":"https:\/\/i0.wp.com\/anythingtechnicallc.com\/wp-content\/uploads\/2025\/08\/519hVWS5TCL._AC_SL1000_.jpg?fit=540%2C944&ssl=1&resize=350%2C200","width":350,"height":200},"classes":[]},{"id":9506,"url":"https:\/\/anythingtechnicallc.com\/index.php\/de\/product\/sony-zv-1f-vlog-kamera-fuer-content-creators-und-vlogger\/","url_meta":{"origin":9886,"position":2},"title":"Sony ZV-1F Vlog Kamera f\u00fcr Content Creators und Vlogger","date":"March 21, 2026","format":false,"excerpt":"Mit der ZV-1F k\u00f6nnen Sie alles festhalten - sie erm\u00f6glicht es Ihnen, ein Gruppen-Selfie zusammen mit einem weitl\u00e4ufigen Blick auf die Hintergrundkulisse aufzunehmen. Da das Ultraweitwinkelobjektiv der Kamera mit 20 mm1 ein gr\u00f6\u00dferes Sichtfeld als das menschliche Gesichtsfeld erfasst, k\u00f6nnen Sie Bilder mit beeindruckender Tiefe und Perspektive aufnehmen. Machen Sie\u2026","rel":"","context":"Similar post","img":{"alt_text":"","src":"https:\/\/i0.wp.com\/anythingtechnicallc.com\/wp-content\/uploads\/2025\/08\/81lRtfnLuiL._AC_SL1500_.jpg?fit=1200%2C1085&ssl=1&resize=350%2C200","width":350,"height":200},"classes":[]},{"id":9937,"url":"https:\/\/anythingtechnicallc.com\/index.php\/de\/product\/audio-technica-at2020-kondensator-studiomikrofon-mit-nierencharakteristik-schwarz-erneuert\/","url_meta":{"origin":9886,"position":3},"title":"Audio-Technica AT2020 Kondensator-Studiomikrofon mit Nierencharakteristik, Schwarz (Erneuert)","date":"April 15, 2026","format":false,"excerpt":"Das Audio Technica AT2020 Kondensatormikrofon mit Nieren-Richtcharakteristik verf\u00fcgt \u00fcber ein v\u00f6llig neues, patentiertes Design mit der bew\u00e4hrten Zuverl\u00e4ssigkeit von Audio-Technica's moderner Technik und Fertigungsexpertise. Das AT2020 ist ideal f\u00fcr Projekt-\/Heimstudioanwendungen und verf\u00fcgt \u00fcber eine speziell entwickelte, massearme Membran, die einen erweiterten Frequenzgang und die F\u00e4higkeit bietet, extrem hohe Schalldruckpegel zu\u2026","rel":"","context":"Similar post","img":{"alt_text":"","src":"https:\/\/i0.wp.com\/anythingtechnicallc.com\/wp-content\/uploads\/2026\/04\/Audio-Technica-AT2020-Cardioid-Condenser-Studio-Microphone-Black-Renewed.jpg?fit=900%2C1200&ssl=1&resize=350%2C200","width":350,"height":200},"classes":[]},{"id":9711,"url":"https:\/\/anythingtechnicallc.com\/index.php\/de\/product\/renewed-anker-737-power-bank-140w-max-3-port-laptop-portable-charger-24000mah-smart-display-kompatibel-mit-iphone-16-15-14-serie-vision-pro-samsung-macbook-und-mehr\/","url_meta":{"origin":9886,"position":4},"title":"Renewed Anker 737 Power Bank, 140W Max 3-Port Laptop Portable Charger, 24,000mAh, Smart Display, Kompatibel mit iPhone 16 \/ 15 \/ 14 Serie, Vision Pro, Samsung, MacBook, und mehr","date":"March 24, 2026","format":false,"excerpt":"Energie f\u00fcr Ihren Tag: Mit einer Kapazit\u00e4t von 24.000 mAh kann diese Laptop-Powerbank ein iPhone 16 Pro 4,13-mal oder ein 2024 13-Zoll iPad Pro 1,33-mal aufladen, damit Ihre Ger\u00e4te auch auf langen Reisen oder bei intensiver Nutzung mit Strom versorgt sind. Intelligente \u00dcberwachung des Ladevorgangs: Die intelligente digitale Anzeige dieser\u2026","rel":"","context":"Similar post","img":{"alt_text":"","src":"https:\/\/i0.wp.com\/anythingtechnicallc.com\/wp-content\/uploads\/2026\/02\/71QrhaWkAL._AC_SL1500_.jpg?fit=960%2C1200&ssl=1&resize=350%2C200","width":350,"height":200},"classes":[]},{"id":9509,"url":"https:\/\/anythingtechnicallc.com\/index.php\/de\/product\/insta360-go-3s-128-gb-weiss-4k-winzige-tragbare-vlogging-kamera-freihaendige-povs-ueberall-montierbar-stabilisierung-140-min-akkulaufzeit-10m-wasserdicht-apple-find-my-pet-pov\/","url_meta":{"origin":9886,"position":5},"title":"Insta360 GO 3S &#8211; 128 GB Wei\u00df 4K Winzige tragbare Vlogging-Kamera, freih\u00e4ndige POVs, \u00fcberall montierbar, Stabilisierung, 140 Min. Akkulaufzeit, 10m wasserdicht, Apple Find My, Pet POV","date":"March 21, 2026","format":false,"excerpt":"1.4OZ (39G) & Daumengro\u00df- Erschlie\u00dfen Sie sich grenzenlose Kreativit\u00e4t mit der Insta360 GO 3S, einer winzigen, leistungsstarken 4K-Kamera mit einem Gewicht von nur 1.4oz (39g). Hochwertige Aufnahmen in einem winzigen, aber m\u00e4chtigen Paket. 4K HANDS-FREE POVS - Ein leistungsstarker Chip f\u00fcr hochwertiges Filmmaterial und ein neues Weitwinkelobjektiv. Nehmen Sie 4K-Freihand-POVs\u2026","rel":"","context":"Similar post","img":{"alt_text":"","src":"https:\/\/i0.wp.com\/anythingtechnicallc.com\/wp-content\/uploads\/2025\/08\/71ti3cYFEwL._AC_SL1500_.jpg?fit=1122%2C1200&ssl=1&resize=350%2C200","width":350,"height":200},"classes":[]}],"pll_sync_post":[],"lang":"de","translations":{"de":9886,"en":9474},"_links":{"self":[{"href":"https:\/\/anythingtechnicallc.com\/index.php\/wp-json\/wp\/v2\/product\/9886","targetHints":{"allow":["GET"]}}],"collection":[{"href":"https:\/\/anythingtechnicallc.com\/index.php\/wp-json\/wp\/v2\/product"}],"about":[{"href":"https:\/\/anythingtechnicallc.com\/index.php\/wp-json\/wp\/v2\/types\/product"}],"replies":[{"embeddable":true,"href":"https:\/\/anythingtechnicallc.com\/index.php\/wp-json\/wp\/v2\/comments?post=9886"}],"wp:featuredmedia":[{"embeddable":true,"href":"https:\/\/anythingtechnicallc.com\/index.php\/wp-json\/wp\/v2\/media\/9885"}],"wp:attachment":[{"href":"https:\/\/anythingtechnicallc.com\/index.php\/wp-json\/wp\/v2\/media?parent=9886"}],"wp:term":[{"taxonomy":"product_brand","embeddable":true,"href":"https:\/\/anythingtechnicallc.com\/index.php\/wp-json\/wp\/v2\/product_brand?post=9886"},{"taxonomy":"product_cat","embeddable":true,"href":"https:\/\/anythingtechnicallc.com\/index.php\/wp-json\/wp\/v2\/product_cat?post=9886"},{"taxonomy":"product_tag","embeddable":true,"href":"https:\/\/anythingtechnicallc.com\/index.php\/wp-json\/wp\/v2\/product_tag?post=9886"}],"curies":[{"name":"wp","href":"https:\/\/api.w.org\/{rel}","templated":true}]}}