{"id":9961,"date":"2026-04-15T07:19:09","date_gmt":"2026-04-15T07:19:09","guid":{"rendered":"https:\/\/anythingtechnicallc.com\/?post_type=product&#038;p=9961"},"modified":"2026-04-15T07:19:09","modified_gmt":"2026-04-15T07:19:09","slug":"epson-tm-u220b-653-epson-pos-drucker-c31c514653-modell-m188b-miniprinter-epson-tm-u220b-653-matricialnegra-serieller-anschluss-erneuert","status":"publish","type":"product","link":"https:\/\/anythingtechnicallc.com\/index.php\/de\/product\/epson-tm-u220b-653-epson-pos-drucker-c31c514653-modell-m188b-miniprinter-epson-tm-u220b-653-matricialnegra-serieller-anschluss-erneuert\/","title":{"rendered":"EPSON TM-U220B-653 Epson POS Drucker C31C514653 Modell M188B MINIPRINTER EPSON TM-U220B-653, MATRICIAL,Negra, Serieller Anschluss (Erneuert)"},"content":{"rendered":"<p><strong>Die TM-U220<\/strong> Impact-Drucker <strong>von Epson<\/strong> sind kompakt, zuverl\u00e4ssig und f\u00fcr hohen Durchsatz optimiert. Sie bieten alle benutzerfreundlichen Funktionen, die f\u00fcr den Einzelhandel, die Gastronomie und das Hotel- und Gastst\u00e4ttengewerbe wichtig sind, und drucken auf Sonderangebote, K\u00fcchenbestellungen und auff\u00e4llige Logos. Dar\u00fcber hinaus wurden die <strong>TM-U220B-Drucker<\/strong> so konzipiert, dass sie zu 100 % mit bestehenden Systemen kompatibel sind, die derzeit einen <strong>Epson TM-U200-Drucker<\/strong> verwenden.<\/p>\n<ul class=\"a-unordered-list a-vertical a-spacing-mini\">\n<li class=\"a-spacing-mini\"><span class=\"a-list-item\">Serielle RS232-Schnittstelle, 25-polig.<\/span><\/li>\n<li class=\"a-spacing-mini\"><span class=\"a-list-item\">Inklusive Netzteil.<\/span><\/li>\n<\/ul>\n","protected":false},"excerpt":{"rendered":"<p><strong>Die TM-U220<\/strong> Impact-Drucker <strong>von Epson<\/strong> sind kompakt, zuverl\u00e4ssig und f\u00fcr hohen Durchsatz optimiert. Sie bieten alle benutzerfreundlichen Funktionen, die f\u00fcr den Einzelhandel, die Gastronomie und das Hotel- und Gastst\u00e4ttengewerbe wichtig sind, und drucken auf Sonderangebote, K\u00fcchenbestellungen und auff\u00e4llige Logos. Dar\u00fcber hinaus wurden die <strong>TM-U220B-Drucker<\/strong> so konzipiert, dass sie zu 100 % mit bestehenden Systemen kompatibel sind, die derzeit einen <strong>Epson TM-U200-Drucker<\/strong> verwenden.<\/p>\n<ul class=\"a-unordered-list a-vertical a-spacing-mini\">\n<li class=\"a-spacing-mini\"><span class=\"a-list-item\">Serielle RS232-Schnittstelle, 25-polig.<\/span><\/li>\n<li class=\"a-spacing-mini\"><span class=\"a-list-item\">Inklusive Netzteil.<\/span><\/li>\n<\/ul>\n","protected":false},"featured_media":9960,"comment_status":"open","ping_status":"closed","template":"","meta":{"_et_pb_use_builder":"","_et_pb_old_content":"","_et_gb_content_width":""},"product_brand":[],"product_cat":[1564],"product_tag":[],"class_list":{"0":"post-9961","1":"product","2":"type-product","3":"status-publish","4":"has-post-thumbnail","6":"product_cat-drucker-zubehoer","8":"first","9":"instock","10":"sale","11":"taxable","12":"shipping-taxable","13":"purchasable","14":"product-type-simple"},"exclude_global_add_ons":[],"addons":[],"jetpack-related-posts":[{"id":9949,"url":"https:\/\/anythingtechnicallc.com\/index.php\/de\/product\/epson-tm-t88vi-thermo-bondrucker-ethernet-usb-und-serielle-schnittstellen-schwarz-netzteil-ps-180-und-netzkabel-erneuert\/","url_meta":{"origin":9961,"position":0},"title":"Epson TM-T88VI Thermo-Bondrucker &#8211; Ethernet-, USB- und serielle Schnittstellen, Schwarz, Netzteil Ps-180 und Netzkabel (erneuert)","date":"April 15, 2026","format":false,"excerpt":"Epson, tm-t88vi, Thermo-Bondrucker, Epson schwarz, s01, Ethernet, usb & serielle Schnittstellen, ps-180 Netzteil und Netzkabel. Betriebssystem: Microsoft Windows (APD OPOS OPOS f\u00fcr .NET JavaPOS) Mac OS X Linux (CUPS JavaPOS)|Microsoft Windows 8.1 \/ iOS \/ Android (ePOS-Print SDK); Stromverbrauch: Betrieb: Ca. 1,8A (durchschnittlich)|Stand-by: 0,5W; Konnektivit\u00e4tstechnologien: Eingebauter USB Eingebautes Ethernet (10\/100Base-T\/TX)\u2026","rel":"","context":"Similar post","img":{"alt_text":"","src":"https:\/\/i0.wp.com\/anythingtechnicallc.com\/wp-content\/uploads\/2026\/04\/Epson-TM-T88VI-Thermal-Receipt-Printer.jpg?fit=1200%2C900&ssl=1&resize=350%2C200","width":350,"height":200},"classes":[]},{"id":9548,"url":"https:\/\/anythingtechnicallc.com\/index.php\/de\/product\/hp-officejet-200-serie-akku-m9l89a\/","url_meta":{"origin":9961,"position":1},"title":"HP OfficeJet 200 Serie Akku (M9L89A)","date":"March 21, 2026","format":false,"excerpt":"UNUNTERBROCHENER DRUCK - Der HP Officejet 200 Series Lithium-Ionen-Akku sorgt daf\u00fcr, dass Ihr mobiler Drucker f\u00fcr wichtige Aufgaben unterwegs mit Strom versorgt wird, und erh\u00f6ht so die Zuverl\u00e4ssigkeit. Nahtlose Kompatibilit\u00e4t - Dieser Akku wurde speziell f\u00fcr die mobilen HP OfficeJet 200 und 250 Drucker (CZ993A, CZ992A) entwickelt und garantiert optimale\u2026","rel":"","context":"Similar post","img":{"alt_text":"","src":"https:\/\/i0.wp.com\/anythingtechnicallc.com\/wp-content\/uploads\/2025\/09\/battery-series-200_bottom_L_M1754879.png?fit=800%2C600&ssl=1&resize=350%2C200","width":350,"height":200},"classes":[]},{"id":9485,"url":"https:\/\/anythingtechnicallc.com\/index.php\/de\/product\/alienware-pro-wireless-gaming-maus-2-4ghz-gaming-wireless-usb-wired-konnektivitaet-einstellbare-dpi-optische-sensor-technologie-6-programmierbare-tasten-650-ips-sensor-max-speed-dark-side-of-t\/","url_meta":{"origin":9961,"position":2},"title":"Alienware Pro Wireless Gaming Maus &#8211; 2.4GHz Gaming Wireless\/USB Wired Konnektivit\u00e4t, einstellbare DPI, optische Sensor Technologie, 6 programmierbare Tasten, 650 IPS Sensor Max Speed &#8211; Dark Side of the Moon","date":"March 21, 2026","format":false,"excerpt":"Blitzschnelle Reaktionszeiten: 4KHz kabellos - 0,25ms Reaktionszeit\/8KHz kabelgebunden - 0,125ms Reaktionszeit. Holen Sie sich den Vorteil, wenn eine Millisekunde den Unterschied zwischen Platz 1 und Platz 2 ausmacht, und nutzen Sie die hohe Abfragerate zur Minimierung der Eingabeverz\u00f6gerung f\u00fcr eine reaktionsschnelle und nahtlose Verbindung zwischen Ihrem Gehirn, der Maus und\u2026","rel":"","context":"Similar post","img":{"alt_text":"","src":"https:\/\/i0.wp.com\/anythingtechnicallc.com\/wp-content\/uploads\/2025\/08\/61W9cp4RMgL._AC_SL1500_.jpg?fit=694%2C1200&ssl=1&resize=350%2C200","width":350,"height":200},"classes":[]},{"id":9916,"url":"https:\/\/anythingtechnicallc.com\/index.php\/de\/product\/bose-quietcomfort-noise-cancelling-earbuds-bluetooth-wireless-earphones-triple-black-erneuert\/","url_meta":{"origin":9961,"position":3},"title":"Bose QuietComfort Noise Cancelling Earbuds-Bluetooth Wireless Earphones, Triple Black (Erneuert)","date":"April 15, 2026","format":false,"excerpt":"Besserer Klang beginnt mit besserer Stille. Deshalb hat Bose die QuietComfort Earbuds mit der effektivsten Ger\u00e4uschunterdr\u00fcckung der Welt und High-Fidelity-Audio entwickelt. Denn wenn Sie Ablenkungen ausschalten, steigt die Musik und damit auch die Leidenschaft. Backen. Programmieren. Klettern. Und alles andere, was Sie ausmacht - Sie selbst. Unsere steuerbare Ger\u00e4uschunterdr\u00fcckung erm\u00f6glicht\u2026","rel":"","context":"Similar post","img":{"alt_text":"","src":"https:\/\/i0.wp.com\/anythingtechnicallc.com\/wp-content\/uploads\/2026\/04\/Bose-QuietComfort-Noise-Cancelling-Earbuds-Bluetooth-Wireless-Earphones-Triple-Black-Renewed.jpg?fit=900%2C1200&ssl=1&resize=350%2C200","width":350,"height":200},"classes":[]},{"id":9952,"url":"https:\/\/anythingtechnicallc.com\/index.php\/de\/product\/dymo-etikettendrucker-labelwriter-450-turbo-thermodirekt-etikettendrucker-schneller-druck-ideal-fuer-etikettierung-ablage-versand-postversand-barcodes-und-mehr-organisation-zu-hause-und-im-bu\/","url_meta":{"origin":9961,"position":4},"title":"DYMO Etikettendrucker | LabelWriter 450 Turbo Thermodirekt-Etikettendrucker, schneller Druck, ideal f\u00fcr Etikettierung, Ablage, Versand, Postversand, Barcodes und mehr, Organisation zu Hause und im B\u00fcro (erneuert)","date":"April 15, 2026","format":false,"excerpt":"TURBO-ETIKETTIERUNG UND DRUCK: Erstellen und drucken Sie bis zu 71 4-zeilige Adress-, Versand-, Aktenordner- und Barcode-Etiketten, Namensschilder und mehr pro Minute. ELIMINIEREN SIE DEN ABFALL UND DEN \u00c4RGER MIT BOGENETIKETTEN: Der DYMO LabelWriter 450 Turbo druckt problemlos pr\u00e4zise Mengen. NIEMALS WIEDER TINTE KAUFEN: Durch die Thermodirektdrucktechnologie entfallen die Kosten f\u00fcr\u2026","rel":"","context":"Similar post","img":{"alt_text":"","src":"https:\/\/i0.wp.com\/anythingtechnicallc.com\/wp-content\/uploads\/2026\/04\/DYMO-Label-Printer-LabelWriter-450-Turbo.jpg?fit=1080%2C993&ssl=1&resize=350%2C200","width":350,"height":200},"classes":[]},{"id":9955,"url":"https:\/\/anythingtechnicallc.com\/index.php\/de\/product\/zebra-gx420d-thermo-etiketten-barcodedrucker-gx42-202410-000-erneuert\/","url_meta":{"origin":9961,"position":5},"title":"Zebra GX420D Thermo-Etiketten-Barcodedrucker GX42-202410-000 (Erneuert)","date":"April 15, 2026","format":false,"excerpt":"EINFACH ZU BENUTZEN: Der Drucker wird \u00fcber einen USB-Anschluss, einen seriellen Anschluss oder einen Ethernet-Anschluss angeschlossen und ist mit Thermodirekt-Etikettenrollen mit einem Kern von 1 Zoll, einem maximalen Durchmesser von 5 Zoll und einer maximalen Medienbreite von 4,25 Zoll kompatibel. KEINE TINKE ODER TONER: Das Ger\u00e4t druckt mit Thermodirekt-Technologie, wodurch\u2026","rel":"","context":"Similar post","img":{"alt_text":"","src":"https:\/\/i0.wp.com\/anythingtechnicallc.com\/wp-content\/uploads\/2026\/04\/Zebra-GX420D-Thermal-Label-Barcode-Printer-GX42-202410-000-Renewed.jpg?fit=900%2C1200&ssl=1&resize=350%2C200","width":350,"height":200},"classes":[]}],"pll_sync_post":[],"lang":"de","translations":{"de":9961,"en":9820},"_links":{"self":[{"href":"https:\/\/anythingtechnicallc.com\/index.php\/wp-json\/wp\/v2\/product\/9961","targetHints":{"allow":["GET"]}}],"collection":[{"href":"https:\/\/anythingtechnicallc.com\/index.php\/wp-json\/wp\/v2\/product"}],"about":[{"href":"https:\/\/anythingtechnicallc.com\/index.php\/wp-json\/wp\/v2\/types\/product"}],"replies":[{"embeddable":true,"href":"https:\/\/anythingtechnicallc.com\/index.php\/wp-json\/wp\/v2\/comments?post=9961"}],"wp:featuredmedia":[{"embeddable":true,"href":"https:\/\/anythingtechnicallc.com\/index.php\/wp-json\/wp\/v2\/media\/9960"}],"wp:attachment":[{"href":"https:\/\/anythingtechnicallc.com\/index.php\/wp-json\/wp\/v2\/media?parent=9961"}],"wp:term":[{"taxonomy":"product_brand","embeddable":true,"href":"https:\/\/anythingtechnicallc.com\/index.php\/wp-json\/wp\/v2\/product_brand?post=9961"},{"taxonomy":"product_cat","embeddable":true,"href":"https:\/\/anythingtechnicallc.com\/index.php\/wp-json\/wp\/v2\/product_cat?post=9961"},{"taxonomy":"product_tag","embeddable":true,"href":"https:\/\/anythingtechnicallc.com\/index.php\/wp-json\/wp\/v2\/product_tag?post=9961"}],"curies":[{"name":"wp","href":"https:\/\/api.w.org\/{rel}","templated":true}]}}